NOAA-Style Climate Reports
Select a Year or Month report
2024: jan feb maa apr mei jun jul aug sep okt nov dec
2023: jan feb maa apr mei jun jul aug sep okt nov dec
2022: jan feb maa apr mei jun jul aug sep okt nov dec
2021: jan feb maa apr mei jun jul aug sep okt nov dec
2020: jan feb maa apr mei jun jul aug sep okt nov dec
2019: jan feb maa apr mei jun jul aug sep okt nov dec
2018: jan feb maa apr mei jun jul aug sep okt nov dec
2017: jan feb maa apr mei jun jul aug sep okt nov dec
2016: jan feb maa apr mei jun jul aug sep okt nov dec
2015: jan feb maa apr mei jun jul aug sep okt nov dec
2014: jan feb maa apr mei jun jul aug sep okt nov dec
2013: jan feb maa apr mei jun jul aug sep okt nov dec
2012: jan feb maa apr mei jun jul aug sep okt nov dec
2011: jan feb maa apr mei jun jul aug sep okt nov dec
2010: jan feb maa apr mei jun jul aug sep okt nov dec
2024: jan feb maa apr mei jun jul aug sep okt nov dec
2023: jan feb maa apr mei jun jul aug sep okt nov dec
2022: jan feb maa apr mei jun jul aug sep okt nov dec
2021: jan feb maa apr mei jun jul aug sep okt nov dec
2020: jan feb maa apr mei jun jul aug sep okt nov dec
2019: jan feb maa apr mei jun jul aug sep okt nov dec
2018: jan feb maa apr mei jun jul aug sep okt nov dec
2017: jan feb maa apr mei jun jul aug sep okt nov dec
2016: jan feb maa apr mei jun jul aug sep okt nov dec
2015: jan feb maa apr mei jun jul aug sep okt nov dec
2014: jan feb maa apr mei jun jul aug sep okt nov dec
2013: jan feb maa apr mei jun jul aug sep okt nov dec
2012: jan feb maa apr mei jun jul aug sep okt nov dec
2011: jan feb maa apr mei jun jul aug sep okt nov dec
2010: jan feb maa apr mei jun jul aug sep okt nov dec
Rapport voor 2023 augustus
Daily noaa report MONTHLY CLIMATOLOGICAL SUMMARY for AUG. 2023 NAME: Ekeren CITY: Antwerp STATE: Belgium ELEV: 14 LAT: 51:17:80 LONG: -4:25:20 TEMPERATURE ( °C), RAIN (mm), WIND SPEED (kmh) HEAT COOL AVG MEAN DEG DEG WIND DOM DAY TEMP HIGH TIME LOW TIME DAYS DAYS RAIN SPEED HIGH TIME DIR -------------------------------------------------------------------------------------------------------- 10 21.7 25.8 18:08 17.7 00:00 00.0 03.4 00.0 00.2 09.3 18:54 SSE 11 21.1 27.7 13:54 14.8 05:11 00.0 02.8 00.2 00.4 24.1 12:49 SSW 12 21.0 24.8 16:44 17.5 10:13 00.0 02.7 06.4 01.3 33.3 17:43 SSW 13 19.9 24.7 14:36 16.5 23:52 00.0 01.6 00.0 01.1 29.6 12:41 SSW 14 20.9 27.6 17:55 14.2 06:20 00.0 02.6 00.0 00.5 22.2 18:13 SW 15 20.8 25.5 13:57 16.9 05:34 00.0 02.5 00.0 00.6 22.2 11:11 W 16 19.9 24.8 14:05 15.8 06:57 00.0 01.6 00.0 00.1 16.6 14:56 N 17 18.9 20.8 12:28 16.3 06:10 00.0 00.6 00.0 00.1 18.5 12:30 NNE 18 21.6 27.2 18:00 18.1 08:13 00.0 03.3 00.0 00.1 14.8 15:47 ESE 19 23.6 26.0 17:23 19.2 23:42 00.0 05.3 00.0 00.4 18.5 16:40 SW 20 21.8 28.3 15:34 15.9 07:28 00.0 03.5 00.0 00.2 18.5 18:16 NNW 21 21.5 26.4 15:28 16.9 07:07 00.0 03.2 00.0 00.2 16.6 16:12 NNW 22 20.5 24.8 18:39 16.3 07:18 00.0 02.2 00.0 00.1 14.8 16:57 WNW 23 20.5 27.3 16:17 13.9 07:08 00.0 02.2 00.0 00.1 12.9 17:04 NNW 24 20.7 24.0 13:42 17.0 07:14 00.0 02.4 05.2 00.0 14.8 16:40 SSE 25 19.9 23.6 14:07 17.5 00:00 00.0 01.6 00.4 00.0 18.5 23:59 WSW 26 17.0 21.2 14:08 13.9 07:08 01.3 00.0 04.2 05.5 33.3 11:42 SSW 27 16.7 19.6 12:54 14.9 08:01 01.6 00.0 01.4 04.2 27.8 11:35 SSW 28 16.8 20.3 15:41 14.0 00:00 01.5 00.0 06.6 00.2 18.5 13:59 WNW 29 15.6 20.8 13:36 11.9 04:55 02.7 00.0 00.2 00.2 18.5 14:24 WNW 30 15.1 20.0 15:57 10.9 03:18 03.2 00.0 07.0 02.4 29.6 17:08 WSW 31 16.0 20.1 16:54 12.6 03:58 02.3 00.0 00.0 05.8 33.3 12:08 SSW -------------------------------------------------------------------------------------------------------- 19.6 (19.9) 28.3 day 20 10.9 day 30 012.6 041.6 096.4 01.1 33.3 day 26 SW Min < 30: 22 Max Rain: 7.0 ON 30-08-23 Days of Rain: 9 (> .2mm) 5 (> 2mm) 0 (> 20mm)