SiteLock Weer in Ekeren en de Haven van Antwerpen - NOAA-Style Climate Reports

NOAA-Style Climate Reports

Select a Year or Month report
2018: jan feb maa apr mei jun jul aug sep okt nov dec
2017: jan feb maa apr mei jun jul aug sep okt nov dec
2016: jan feb maa apr mei jun jul aug sep okt nov dec
2015: jan feb maa apr mei jun jul aug sep okt nov dec
2014: jan feb maa apr mei jun jul aug sep okt nov dec
2013: jan feb maa apr mei jun jul aug sep okt nov dec
2012: jan feb maa apr mei jun jul aug sep okt nov dec
2011: jan feb maa apr mei jun jul aug sep okt nov dec
2010: jan feb maa apr mei jun jul aug sep okt nov dec
2009: jan feb maa apr mei jun jul aug sep okt nov dec
2008: jan feb maa apr mei jun jul aug sep okt nov dec
2007: jan feb maa apr mei jun jul aug sep okt nov dec
2006: jan feb maa apr mei jun jul aug sep okt nov dec
2005: jan feb maa apr mei jun jul aug sep okt nov dec

Rapport voor het 2018 juni
                   Monthly Climatological Summary for jun 2018

Name: Weather in Ekeren and Port of Antwerp   City: Antwerp, Belgium   State: 
Elevation: 4 m  Lat: N 51 16 50   Lon: E 004 25 15

                  Temperature (°C), Rain (mm), Wind Speed (km/h)

                                      Heat  Cool        Avg
    Mean                              Deg   Deg         Wind                 Dom
Day Temp  High   Time   Low    Time   Days  Days  Rain  Speed High   Time    Dir
----------------------------------------------------------------------------------
01  18,2  20,8   00:00  16,2   21:25   0,6   0,5   5,6   1,8  19,3   18:03   WNW
02  17,6  19,9   15:45  15,7   06:25   1,0   0,3   1,0   4,5  22,5   08:11   SSW
03  20,0  26,6   17:08  14,4   06:13   1,0   2,8   0,0   2,3  17,7   18:48   NNW
04  19,8  25,4   16:08  15,2   04:22   0,9   2,3   0,0   3,4  20,9   17:34     N
05  17,6  22,0   17:39  14,7   23:58   1,2   0,6   0,0   2,7  17,7   10:11     N
06  21,1  30,2   16:32  12,3   05:56   1,9   4,7   0,0   2,4  17,7   18:11   NNE
07  21,1  27,6   18:20  18,4   23:49   0,0   2,8   4,8   2,8  17,7   09:03   WNW
08  18,9  23,4   17:30  16,5   05:43   0,5   1,1   1,4   2,9  19,3   18:22   NNW
09  20,9  27,7   15:52  15,8   05:59   0,7   3,2   0,0   3,1  19,3   18:06     N
10  20,8  26,8   16:58  16,0   06:23   0,4   2,9   0,0   3,4  20,9   17:00     N
11  19,7  26,3   16:28  13,9   06:34   1,1   2,5   0,0   3,2  22,5   13:43   NNE
12  16,1  20,2   15:16  13,4   06:06   2,4   0,2   0,0   4,2  24,1   15:21     N
13  15,7  21,1   18:56  11,4   03:29   2,8   0,2   0,0   3,4  20,9   13:30     N
14  16,1  20,2   12:28  10,6   04:22   2,5   0,3   0,0   6,6  35,4   12:34     S
15  19,2  25,3   14:38  13,2   06:15   1,3   2,2   0,0   2,8  22,5   20:27    SW
16  18,5  23,7   14:08  15,1   07:19   0,9   1,1   0,0   5,5  30,6   14:56   SSW
17  16,6  18,2   15:36  14,6   06:32   1,7   0,0   0,0   7,5  32,2   05:01   SSW
18  17,9  20,8   19:25  15,8   00:46   0,8   0,5   0,0   7,7  29,0   14:38   SSW
----------------------------------------------------------------------------------
    18,7  30,2     6    10,6    14    21,7  28,2  12,8   3,9  35,4    14       W

Max >=  27,0  3
Max <=   0,0  0
Min <=   0,0  0
Min <= -18,0  0
Max Rain: 5,6 on day 1
Days of Rain: 4 (>= 0,2 mm)  2 (>= 2,0 mm)  0 (>= 20,0 mm)
Heat Base: 18,3  Cool Base: 18,3  Method: Integration