NOAA-Style Climate Reports
Select a Year or Month report
2024: jan feb maa apr mei jun jul aug sep okt nov dec
2023: jan feb maa apr mei jun jul aug sep okt nov dec
2022: jan feb maa apr mei jun jul aug sep okt nov dec
2021: jan feb maa apr mei jun jul aug sep okt nov dec
2020: jan feb maa apr mei jun jul aug sep okt nov dec
2019: jan feb maa apr mei jun jul aug sep okt nov dec
2018: jan feb maa apr mei jun jul aug sep okt nov dec
2017: jan feb maa apr mei jun jul aug sep okt nov dec
2016: jan feb maa apr mei jun jul aug sep okt nov dec
2015: jan feb maa apr mei jun jul aug sep okt nov dec
2014: jan feb maa apr mei jun jul aug sep okt nov dec
2013: jan feb maa apr mei jun jul aug sep okt nov dec
2012: jan feb maa apr mei jun jul aug sep okt nov dec
2011: jan feb maa apr mei jun jul aug sep okt nov dec
2010: jan feb maa apr mei jun jul aug sep okt nov dec
2024: jan feb maa apr mei jun jul aug sep okt nov dec
2023: jan feb maa apr mei jun jul aug sep okt nov dec
2022: jan feb maa apr mei jun jul aug sep okt nov dec
2021: jan feb maa apr mei jun jul aug sep okt nov dec
2020: jan feb maa apr mei jun jul aug sep okt nov dec
2019: jan feb maa apr mei jun jul aug sep okt nov dec
2018: jan feb maa apr mei jun jul aug sep okt nov dec
2017: jan feb maa apr mei jun jul aug sep okt nov dec
2016: jan feb maa apr mei jun jul aug sep okt nov dec
2015: jan feb maa apr mei jun jul aug sep okt nov dec
2014: jan feb maa apr mei jun jul aug sep okt nov dec
2013: jan feb maa apr mei jun jul aug sep okt nov dec
2012: jan feb maa apr mei jun jul aug sep okt nov dec
2011: jan feb maa apr mei jun jul aug sep okt nov dec
2010: jan feb maa apr mei jun jul aug sep okt nov dec
Rapport voor 2023 juli
Daily noaa report MONTHLY CLIMATOLOGICAL SUMMARY for JUL. 2023 NAME: Ekeren CITY: Antwerp STATE: Belgium ELEV: 14 LAT: 51:17:80 LONG: -4:25:20 TEMPERATURE ( °C), RAIN (mm), WIND SPEED (kmh) HEAT COOL AVG MEAN DEG DEG WIND DOM DAY TEMP HIGH TIME LOW TIME DAYS DAYS RAIN SPEED HIGH TIME DIR -------------------------------------------------------------------------------------------------------- 12 20.4 23.4 14:02 16.6 07:03 00.0 02.1 05.6 06.3 33.3 07:01 SSW 13 18.0 22.9 12:52 15.4 06:02 00.3 00.0 05.2 04.5 31.4 12:40 SSW 14 20.6 26.5 18:45 15.4 05:59 00.0 02.3 00.0 00.5 27.8 16:13 S 15 22.5 26.9 16:26 19.2 00:00 00.0 04.2 01.0 03.7 46.3 15:38 SSW 16 19.3 22.4 17:28 16.9 07:23 00.0 01.0 00.0 05.9 42.5 14:34 SSW 17 18.4 22.2 13:57 15.2 06:44 00.0 00.1 04.0 04.2 29.6 13:12 SSW 18 19.4 25.8 17:12 14.1 02:54 00.0 01.1 00.0 00.4 22.2 13:20 SW 19 19.1 22.0 15:22 15.9 02:34 00.0 00.8 00.4 00.5 25.9 15:06 WNW 20 18.1 22.1 14:37 14.3 06:01 00.2 00.0 00.0 00.2 16.6 16:26 NW 21 16.9 21.6 15:43 11.7 06:20 01.4 00.0 01.4 00.5 29.6 15:52 S 22 17.9 22.7 14:43 14.9 06:36 00.4 00.0 00.6 01.9 33.3 16:40 SSW 23 18.0 22.7 16:34 15.5 09:27 00.3 00.0 08.4 09.1 38.9 15:06 S 24 17.8 21.0 14:04 14.0 00:00 00.5 00.0 05.0 06.3 27.8 17:28 SW 25 16.6 20.7 14:25 13.4 06:38 01.7 00.0 00.0 01.1 24.1 16:17 NNW 26 18.2 22.6 16:12 13.6 06:50 00.1 00.0 00.0 00.6 33.3 11:22 WSW 27 17.3 18.8 16:02 14.7 04:47 01.0 00.0 12.2 07.7 40.7 17:29 SSW 28 20.2 24.1 17:48 17.7 00:00 00.0 01.9 00.0 05.2 31.4 01:12 SSW 29 19.8 23.1 15:38 17.2 07:19 00.0 01.5 06.0 02.0 31.4 18:15 SSW 30 17.9 22.8 15:39 15.4 06:10 00.4 00.0 09.2 07.7 40.7 16:42 SSW 31 17.6 19.4 15:00 16.4 07:25 00.7 00.0 16.2 11.4 46.3 16:28 SSW -------------------------------------------------------------------------------------------------------- 18.7 (19.0) 26.9 day 15 11.7 day 21 006.9 015.1 092.0 04.0 46.3 day 15 SSW Min < 30: 20 Max Rain: 16.2 ON 31-07-23 Days of Rain: 13 (> .2mm) 9 (> 2mm) 0 (> 20mm)