NOAA-Style Climate Reports
Select a Year or Month report
2024: jan feb maa apr mei jun jul aug sep okt nov dec
2023: jan feb maa apr mei jun jul aug sep okt nov dec
2022: jan feb maa apr mei jun jul aug sep okt nov dec
2021: jan feb maa apr mei jun jul aug sep okt nov dec
2020: jan feb maa apr mei jun jul aug sep okt nov dec
2019: jan feb maa apr mei jun jul aug sep okt nov dec
2018: jan feb maa apr mei jun jul aug sep okt nov dec
2017: jan feb maa apr mei jun jul aug sep okt nov dec
2016: jan feb maa apr mei jun jul aug sep okt nov dec
2015: jan feb maa apr mei jun jul aug sep okt nov dec
2014: jan feb maa apr mei jun jul aug sep okt nov dec
2013: jan feb maa apr mei jun jul aug sep okt nov dec
2012: jan feb maa apr mei jun jul aug sep okt nov dec
2011: jan feb maa apr mei jun jul aug sep okt nov dec
2010: jan feb maa apr mei jun jul aug sep okt nov dec
2024: jan feb maa apr mei jun jul aug sep okt nov dec
2023: jan feb maa apr mei jun jul aug sep okt nov dec
2022: jan feb maa apr mei jun jul aug sep okt nov dec
2021: jan feb maa apr mei jun jul aug sep okt nov dec
2020: jan feb maa apr mei jun jul aug sep okt nov dec
2019: jan feb maa apr mei jun jul aug sep okt nov dec
2018: jan feb maa apr mei jun jul aug sep okt nov dec
2017: jan feb maa apr mei jun jul aug sep okt nov dec
2016: jan feb maa apr mei jun jul aug sep okt nov dec
2015: jan feb maa apr mei jun jul aug sep okt nov dec
2014: jan feb maa apr mei jun jul aug sep okt nov dec
2013: jan feb maa apr mei jun jul aug sep okt nov dec
2012: jan feb maa apr mei jun jul aug sep okt nov dec
2011: jan feb maa apr mei jun jul aug sep okt nov dec
2010: jan feb maa apr mei jun jul aug sep okt nov dec
Rapport voor 2023 mei
Daily noaa report MONTHLY CLIMATOLOGICAL SUMMARY for MAY. 2023 NAME: Ekeren CITY: Antwerp STATE: Belgium ELEV: 14 LAT: 51:17:80 LONG: -4:25:20 TEMPERATURE ( °C), RAIN (mm), WIND SPEED (kmh) HEAT COOL AVG MEAN DEG DEG WIND DOM DAY TEMP HIGH TIME LOW TIME DAYS DAYS RAIN SPEED HIGH TIME DIR -------------------------------------------------------------------------------------------------------- 11 15.2 17.4 19:01 13.3 22:44 03.1 00.0 00.0 02.2 18.5 19:00 N 12 15.1 21.3 16:40 11.1 06:40 03.2 00.0 04.8 03.1 22.2 08:20 NNE 13 17.1 23.9 14:57 12.9 06:58 01.2 00.0 01.2 03.9 24.1 14:23 N 14 14.0 20.2 15:33 10.6 23:57 04.3 00.0 00.0 04.5 25.9 17:27 NNW 15 11.2 13.3 10:46 09.5 00:00 07.1 00.0 03.2 04.4 25.9 22:27 NNW 16 11.0 16.5 16:10 05.2 06:16 07.3 00.0 00.0 02.8 31.4 17:23 NNW 17 12.1 17.8 15:52 06.6 05:00 06.2 00.0 00.0 00.8 29.6 13:29 N 18 11.2 17.8 16:00 05.3 06:27 07.1 00.0 00.0 00.3 22.2 17:04 NNE 19 14.0 21.0 16:24 06.9 06:38 04.3 00.0 00.0 00.3 22.2 19:43 N 20 16.3 22.3 15:58 09.8 06:22 02.0 00.0 00.0 00.4 37.0 11:48 NNE 21 17.1 23.1 15:59 11.4 06:05 01.2 00.0 00.0 00.3 22.2 12:52 NNE 22 15.1 19.9 19:48 12.7 07:25 03.2 00.0 00.0 03.9 22.2 23:41 NW 23 14.2 17.8 16:47 09.5 00:00 04.1 00.0 00.0 04.4 27.8 18:18 N 24 12.4 17.4 14:27 05.8 05:33 05.9 00.0 00.0 00.1 16.6 17:10 N 25 13.9 20.1 15:32 08.2 05:51 04.4 00.0 00.0 00.3 18.5 18:08 NNE 26 14.3 21.1 17:07 07.9 06:14 04.0 00.0 00.0 00.3 25.9 13:13 NNE 27 16.1 24.2 17:21 07.9 06:14 02.2 00.0 00.0 00.1 12.9 14:08 NE 28 17.9 25.5 15:41 11.3 06:23 00.4 00.0 00.0 00.5 25.9 22:08 NNE 29 14.7 20.2 17:02 09.6 06:15 03.6 00.0 00.0 00.6 29.6 13:33 NNE 30 14.3 21.5 16:33 08.6 06:10 04.0 00.0 00.0 00.4 22.2 19:28 NNE 31 18.1 26.7 16:56 10.3 06:05 00.2 00.0 00.0 00.3 27.8 14:03 NNE -------------------------------------------------------------------------------------------------------- 14.5 (14.8) 26.7 day 31 05.2 day 16 079.0 000.0 052.2 01.6 37.0 day 15 N Min < 30: 21 Max Rain: 4.8 ON 12-05-23 Days of Rain: 3 (> .2mm) 2 (> 2mm) 0 (> 20mm)