NOAA-Style Climate Reports
Select a Year or Month report
2024: jan feb maa apr mei jun jul aug sep okt nov dec
2023: jan feb maa apr mei jun jul aug sep okt nov dec
2022: jan feb maa apr mei jun jul aug sep okt nov dec
2021: jan feb maa apr mei jun jul aug sep okt nov dec
2020: jan feb maa apr mei jun jul aug sep okt nov dec
2019: jan feb maa apr mei jun jul aug sep okt nov dec
2018: jan feb maa apr mei jun jul aug sep okt nov dec
2017: jan feb maa apr mei jun jul aug sep okt nov dec
2016: jan feb maa apr mei jun jul aug sep okt nov dec
2015: jan feb maa apr mei jun jul aug sep okt nov dec
2014: jan feb maa apr mei jun jul aug sep okt nov dec
2013: jan feb maa apr mei jun jul aug sep okt nov dec
2012: jan feb maa apr mei jun jul aug sep okt nov dec
2011: jan feb maa apr mei jun jul aug sep okt nov dec
2010: jan feb maa apr mei jun jul aug sep okt nov dec
2024: jan feb maa apr mei jun jul aug sep okt nov dec
2023: jan feb maa apr mei jun jul aug sep okt nov dec
2022: jan feb maa apr mei jun jul aug sep okt nov dec
2021: jan feb maa apr mei jun jul aug sep okt nov dec
2020: jan feb maa apr mei jun jul aug sep okt nov dec
2019: jan feb maa apr mei jun jul aug sep okt nov dec
2018: jan feb maa apr mei jun jul aug sep okt nov dec
2017: jan feb maa apr mei jun jul aug sep okt nov dec
2016: jan feb maa apr mei jun jul aug sep okt nov dec
2015: jan feb maa apr mei jun jul aug sep okt nov dec
2014: jan feb maa apr mei jun jul aug sep okt nov dec
2013: jan feb maa apr mei jun jul aug sep okt nov dec
2012: jan feb maa apr mei jun jul aug sep okt nov dec
2011: jan feb maa apr mei jun jul aug sep okt nov dec
2010: jan feb maa apr mei jun jul aug sep okt nov dec
Rapport voor 2023 april
Daily noaa report MONTHLY CLIMATOLOGICAL SUMMARY for APR. 2023 NAME: Ekeren CITY: Antwerp STATE: Belgium ELEV: 14 LAT: 51:17:80 LONG: -4:25:20 TEMPERATURE ( °C), RAIN (mm), WIND SPEED (kmh) HEAT COOL AVG MEAN DEG DEG WIND DOM DAY TEMP HIGH TIME LOW TIME DAYS DAYS RAIN SPEED HIGH TIME DIR -------------------------------------------------------------------------------------------------------- 13 10.1 12.5 19:00 08.6 00:00 08.2 00.0 00.0 00.9 22.2 20:53 SSW 14 10.1 15.4 14:42 03.6 07:23 08.2 00.0 00.0 00.6 31.4 12:58 SSE 15 11.1 16.5 15:03 06.9 23:45 07.2 00.0 00.2 00.7 29.6 11:59 NE 16 09.0 10.6 17:46 07.2 00:04 09.3 00.0 00.6 02.9 22.2 01:03 NNW 17 10.9 15.8 18:40 08.1 07:52 07.4 00.0 00.0 01.4 22.2 22:39 NNE 18 10.3 15.4 16:13 05.4 07:13 08.0 00.0 00.0 00.3 22.2 11:20 NE 19 12.4 17.0 16:42 08.0 03:44 05.9 00.0 00.0 00.5 35.1 15:46 NE 20 08.4 11.4 14:47 05.1 05:44 09.9 00.0 01.0 00.1 24.1 14:56 NE 21 11.2 18.1 16:20 06.3 06:50 07.1 00.0 00.6 00.3 27.8 20:11 E 22 09.2 13.8 11:34 06.3 06:57 09.1 00.0 03.4 00.0 09.3 22:22 WSW 23 11.4 15.9 13:16 07.9 06:40 06.9 00.0 02.6 03.3 44.4 21:20 S 24 09.6 12.6 16:23 07.7 00:00 08.7 00.0 08.4 07.6 38.9 09:07 W 25 08.3 11.9 16:00 04.7 23:46 10.0 00.0 00.2 01.4 31.4 16:39 NNW 26 06.8 12.0 17:13 01.1 05:59 11.5 00.0 00.0 00.3 14.8 17:12 NNW 27 09.5 15.7 16:26 02.4 07:04 08.8 00.0 00.0 00.3 18.5 17:27 ESE 28 12.2 15.5 17:46 09.4 07:27 06.1 00.0 02.6 01.1 35.1 12:57 SW 29 11.6 15.9 17:01 08.7 23:59 06.7 00.0 00.0 03.3 22.2 18:36 NNW 30 13.3 20.4 17:12 05.6 06:44 05.0 00.0 00.0 00.0 12.9 16:27 NE -------------------------------------------------------------------------------------------------------- 10.3 (10.5) 20.4 day 30 01.1 day 26 144.1 000.0 065.8 01.4 44.4 day 23 N Min < 30: 18 Max Rain: 8.4 ON 24-04-23 Days of Rain: 9 (> .2mm) 4 (> 2mm) 0 (> 20mm)