NOAA-Style Climate Reports
Select a Year or Month report
2024: jan feb maa apr mei jun jul aug sep okt nov dec
2023: jan feb maa apr mei jun jul aug sep okt nov dec
2022: jan feb maa apr mei jun jul aug sep okt nov dec
2021: jan feb maa apr mei jun jul aug sep okt nov dec
2020: jan feb maa apr mei jun jul aug sep okt nov dec
2019: jan feb maa apr mei jun jul aug sep okt nov dec
2018: jan feb maa apr mei jun jul aug sep okt nov dec
2017: jan feb maa apr mei jun jul aug sep okt nov dec
2016: jan feb maa apr mei jun jul aug sep okt nov dec
2015: jan feb maa apr mei jun jul aug sep okt nov dec
2014: jan feb maa apr mei jun jul aug sep okt nov dec
2013: jan feb maa apr mei jun jul aug sep okt nov dec
2012: jan feb maa apr mei jun jul aug sep okt nov dec
2011: jan feb maa apr mei jun jul aug sep okt nov dec
2010: jan feb maa apr mei jun jul aug sep okt nov dec
2024: jan feb maa apr mei jun jul aug sep okt nov dec
2023: jan feb maa apr mei jun jul aug sep okt nov dec
2022: jan feb maa apr mei jun jul aug sep okt nov dec
2021: jan feb maa apr mei jun jul aug sep okt nov dec
2020: jan feb maa apr mei jun jul aug sep okt nov dec
2019: jan feb maa apr mei jun jul aug sep okt nov dec
2018: jan feb maa apr mei jun jul aug sep okt nov dec
2017: jan feb maa apr mei jun jul aug sep okt nov dec
2016: jan feb maa apr mei jun jul aug sep okt nov dec
2015: jan feb maa apr mei jun jul aug sep okt nov dec
2014: jan feb maa apr mei jun jul aug sep okt nov dec
2013: jan feb maa apr mei jun jul aug sep okt nov dec
2012: jan feb maa apr mei jun jul aug sep okt nov dec
2011: jan feb maa apr mei jun jul aug sep okt nov dec
2010: jan feb maa apr mei jun jul aug sep okt nov dec
Rapport voor 2023 february
Daily noaa report MONTHLY CLIMATOLOGICAL SUMMARY for FEB. 2023 NAME: Ekeren CITY: Antwerp STATE: Belgium ELEV: 14 LAT: 51:17:80 LONG: -4:25:20 TEMPERATURE ( °C), RAIN (mm), WIND SPEED (kmh) HEAT COOL AVG MEAN DEG DEG WIND DOM DAY TEMP HIGH TIME LOW TIME DAYS DAYS RAIN SPEED HIGH TIME DIR -------------------------------------------------------------------------------------------------------- 01 08.0 09.7 12:17 06.3 08:19 10.3 00.0 00.0 07.7 46.3 12:34 SW 02 09.4 10.3 18:12 08.6 08:13 08.9 00.0 00.0 06.9 31.4 22:57 SW 03 10.3 11.1 14:23 09.4 00:56 08.0 00.0 00.4 08.3 46.3 08:46 SW 04 08.7 09.7 15:41 07.9 05:56 09.6 00.0 01.8 00.9 12.9 22:28 NNW 05 07.4 09.2 15:32 04.2 00:00 10.9 00.0 01.2 07.0 38.9 13:04 N 06 04.1 09.1 15:11 00.6 09:00 14.2 00.0 00.0 00.7 16.6 15:42 NNE 07 01.5 06.9 15:05 -01.3 00:00 16.8 00.0 00.2 00.4 14.8 15:56 E 08 01.4 09.4 15:03 -03.7 08:10 16.9 00.0 00.2 01.2 14.8 15:13 SE 09 03.3 06.6 15:32 -02.0 02:43 15.0 00.0 00.0 04.6 22.2 08:24 SSW 10 04.8 07.6 15:50 01.0 02:53 13.5 00.0 00.0 05.5 29.6 23:35 SSW 11 07.8 09.6 15:08 06.4 06:25 10.5 00.0 00.0 03.1 22.2 01:27 SW 12 07.8 09.2 15:51 06.4 09:21 10.5 00.0 00.0 00.0 03.7 11:32 WNW 13 07.0 13.1 15:08 02.3 07:05 11.3 00.0 00.0 00.5 14.8 14:00 ESE 14 05.9 13.6 15:14 00.6 05:19 12.4 00.0 00.0 00.4 12.9 11:36 S 15 06.4 12.2 15:48 00.4 06:52 11.9 00.0 00.2 03.6 27.8 21:21 SSW 16 08.7 12.7 15:24 05.7 03:44 09.6 00.0 00.0 07.4 35.1 18:54 SSW 17 11.9 12.7 15:37 11.3 20:48 06.4 00.0 00.0 09.6 51.8 14:01 SW 18 11.3 12.9 15:27 09.9 07:48 07.0 00.0 01.2 10.4 46.3 12:16 SW 19 09.5 11.4 01:18 06.7 23:57 08.8 00.0 00.0 06.6 40.7 01:04 WSW 20 08.5 10.1 17:18 06.4 02:10 09.8 00.0 00.0 09.0 31.4 11:30 SSW 21 07.5 08.4 00:32 05.9 00:00 10.8 00.0 00.0 04.5 18.5 00:58 SSW 22 07.2 10.8 15:07 04.0 08:43 11.1 00.0 00.2 02.3 18.5 16:17 S 23 08.2 10.7 14:03 05.2 00:00 10.1 00.0 01.2 02.1 22.2 20:55 NNW 24 05.6 07.5 16:38 04.2 07:57 12.7 00.0 01.2 04.3 29.6 12:25 WNW 25 04.7 08.6 13:13 00.0 00:00 13.6 00.0 00.8 05.4 35.1 14:29 N 26 02.5 06.4 15:23 -00.9 08:32 15.8 00.0 00.0 03.3 27.8 13:38 NNE 27 02.3 07.7 14:51 -01.7 08:10 16.0 00.0 00.0 00.2 22.2 13:38 NE 28 02.7 06.9 15:06 -00.6 03:48 15.6 00.0 00.0 00.2 18.5 17:09 ENE -------------------------------------------------------------------------------------------------------- 06.6 (6.7) 13.6 day 14 -03.7 day 08 328.0 000.0 008.8 04.1 51.8 day 01 SW Min < 30: 28 Max Rain: 1.8 ON 4-02-23 Days of Rain: 11 (> .2mm) 0 (> 2mm) 0 (> 20mm)