NOAA-Style Climate Reports
Select a Year or Month report
2024: jan feb maa apr mei jun jul aug sep okt nov dec
2023: jan feb maa apr mei jun jul aug sep okt nov dec
2022: jan feb maa apr mei jun jul aug sep okt nov dec
2021: jan feb maa apr mei jun jul aug sep okt nov dec
2020: jan feb maa apr mei jun jul aug sep okt nov dec
2019: jan feb maa apr mei jun jul aug sep okt nov dec
2018: jan feb maa apr mei jun jul aug sep okt nov dec
2017: jan feb maa apr mei jun jul aug sep okt nov dec
2016: jan feb maa apr mei jun jul aug sep okt nov dec
2015: jan feb maa apr mei jun jul aug sep okt nov dec
2014: jan feb maa apr mei jun jul aug sep okt nov dec
2013: jan feb maa apr mei jun jul aug sep okt nov dec
2012: jan feb maa apr mei jun jul aug sep okt nov dec
2011: jan feb maa apr mei jun jul aug sep okt nov dec
2010: jan feb maa apr mei jun jul aug sep okt nov dec
2024: jan feb maa apr mei jun jul aug sep okt nov dec
2023: jan feb maa apr mei jun jul aug sep okt nov dec
2022: jan feb maa apr mei jun jul aug sep okt nov dec
2021: jan feb maa apr mei jun jul aug sep okt nov dec
2020: jan feb maa apr mei jun jul aug sep okt nov dec
2019: jan feb maa apr mei jun jul aug sep okt nov dec
2018: jan feb maa apr mei jun jul aug sep okt nov dec
2017: jan feb maa apr mei jun jul aug sep okt nov dec
2016: jan feb maa apr mei jun jul aug sep okt nov dec
2015: jan feb maa apr mei jun jul aug sep okt nov dec
2014: jan feb maa apr mei jun jul aug sep okt nov dec
2013: jan feb maa apr mei jun jul aug sep okt nov dec
2012: jan feb maa apr mei jun jul aug sep okt nov dec
2011: jan feb maa apr mei jun jul aug sep okt nov dec
2010: jan feb maa apr mei jun jul aug sep okt nov dec
Rapport voor 2022 juni
Daily noaa report MONTHLY CLIMATOLOGICAL SUMMARY for JUN. 2022 NAME: Ekeren CITY: Antwerp STATE: Belgium ELEV: 14 LAT: 51:17:80 LONG: -4:25:20 TEMPERATURE ( °C), RAIN (mm), WIND SPEED (kmh) HEAT COOL AVG MEAN DEG DEG WIND DOM DAY TEMP HIGH TIME LOW TIME DAYS DAYS RAIN SPEED HIGH TIME DIR -------------------------------------------------------------------------------------------------------- 15 22.0 27.3 18:33 11.2 06:01 00.0 03.7 00.0 02.7 18.5 19:57 NNE 16 20.5 26.8 16:00 13.3 06:16 00.0 02.2 00.0 01.8 16.6 13:39 NNE 17 24.1 30.8 18:14 15.9 04:26 00.0 05.8 00.0 04.9 27.8 16:44 S 18 26.0 32.7 15:49 19.4 00:00 00.0 07.7 00.0 02.0 22.2 23:58 NW 19 16.1 19.4 00:03 13.4 09:33 02.2 00.0 03.2 05.3 29.6 04:37 N 20 16.5 21.8 16:21 12.6 05:32 01.8 00.0 00.0 04.3 33.3 15:31 N 21 16.0 22.2 17:38 09.7 05:44 02.3 00.0 00.0 01.0 16.6 15:30 NNE 22 20.2 28.3 18:11 12.1 05:49 00.0 01.9 00.0 02.2 22.2 14:07 NNE 23 23.7 30.6 15:19 16.4 06:14 00.0 05.4 00.0 03.7 24.1 17:41 S 24 20.5 24.4 15:47 17.8 23:28 00.0 02.2 13.0 03.7 22.2 14:42 SSW 25 18.5 22.4 13:41 15.3 00:00 00.0 00.2 04.2 04.9 27.8 09:27 SSW 26 18.1 22.8 14:58 14.6 06:16 00.2 00.0 00.2 05.1 22.2 17:37 S 28 17.0 20.6 21:02 15.0 06:05 01.3 00.0 00.0 00.0 07.4 21:01 SE 29 21.7 28.6 17:08 13.7 05:52 00.0 03.4 00.0 02.9 24.1 15:53 S 30 17.4 22.0 11:40 13.7 18:54 00.9 00.0 09.8 00.8 25.9 16:49 W -------------------------------------------------------------------------------------------------------- 19.9 (19.8) 32.7 day 18 09.7 day 21 008.7 032.4 062.6 03.0 33.3 day 23 SSW Max > 30: 3 Min < 30: 15 Max Rain: 13.0 ON 24-06-22 Days of Rain: 5 (> .2mm) 4 (> 2mm) 0 (> 20mm)