NOAA-Style Climate Reports
Select a Year or Month report
2024: jan feb maa apr mei jun jul aug sep okt nov dec
2023: jan feb maa apr mei jun jul aug sep okt nov dec
2022: jan feb maa apr mei jun jul aug sep okt nov dec
2021: jan feb maa apr mei jun jul aug sep okt nov dec
2020: jan feb maa apr mei jun jul aug sep okt nov dec
2019: jan feb maa apr mei jun jul aug sep okt nov dec
2018: jan feb maa apr mei jun jul aug sep okt nov dec
2017: jan feb maa apr mei jun jul aug sep okt nov dec
2016: jan feb maa apr mei jun jul aug sep okt nov dec
2015: jan feb maa apr mei jun jul aug sep okt nov dec
2014: jan feb maa apr mei jun jul aug sep okt nov dec
2013: jan feb maa apr mei jun jul aug sep okt nov dec
2012: jan feb maa apr mei jun jul aug sep okt nov dec
2011: jan feb maa apr mei jun jul aug sep okt nov dec
2010: jan feb maa apr mei jun jul aug sep okt nov dec
2024: jan feb maa apr mei jun jul aug sep okt nov dec
2023: jan feb maa apr mei jun jul aug sep okt nov dec
2022: jan feb maa apr mei jun jul aug sep okt nov dec
2021: jan feb maa apr mei jun jul aug sep okt nov dec
2020: jan feb maa apr mei jun jul aug sep okt nov dec
2019: jan feb maa apr mei jun jul aug sep okt nov dec
2018: jan feb maa apr mei jun jul aug sep okt nov dec
2017: jan feb maa apr mei jun jul aug sep okt nov dec
2016: jan feb maa apr mei jun jul aug sep okt nov dec
2015: jan feb maa apr mei jun jul aug sep okt nov dec
2014: jan feb maa apr mei jun jul aug sep okt nov dec
2013: jan feb maa apr mei jun jul aug sep okt nov dec
2012: jan feb maa apr mei jun jul aug sep okt nov dec
2011: jan feb maa apr mei jun jul aug sep okt nov dec
2010: jan feb maa apr mei jun jul aug sep okt nov dec
Rapport voor 2022 mei
Daily noaa report MONTHLY CLIMATOLOGICAL SUMMARY for MAY. 2022 NAME: Ekeren CITY: Antwerp STATE: Belgium ELEV: 14 LAT: 51:17:80 LONG: -4:25:20 TEMPERATURE ( °C), RAIN (mm), WIND SPEED (kmh) HEAT COOL AVG MEAN DEG DEG WIND DOM DAY TEMP HIGH TIME LOW TIME DAYS DAYS RAIN SPEED HIGH TIME DIR -------------------------------------------------------------------------------------------------------- 05 15.2 18.8 17:03 10.9 00:00 03.1 00.0 00.0 02.8 22.2 18:38 NNW 06 15.1 22.1 16:43 09.9 04:32 03.2 00.0 00.0 01.4 22.2 17:48 WNW 07 16.3 21.4 15:56 12.3 02:50 02.0 00.0 00.0 02.3 25.9 18:03 NNW 08 15.0 20.8 16:13 10.0 06:17 03.3 00.0 00.0 02.6 22.2 15:41 NNE 09 16.5 24.7 18:06 07.1 06:39 01.8 00.0 00.0 01.9 22.2 20:20 SSW 10 18.9 25.3 15:23 12.8 03:40 00.0 00.6 00.0 04.2 38.9 13:34 SSW 11 18.8 23.6 17:17 15.2 07:48 00.0 00.5 00.0 04.0 40.7 12:42 SSW 12 16.0 20.6 15:37 12.5 07:38 02.3 00.0 00.0 02.7 31.4 12:13 SW 13 15.5 20.8 18:17 11.0 06:28 02.8 00.0 00.0 02.4 31.4 15:20 SSW 14 16.6 23.2 17:22 10.5 06:35 01.7 00.0 00.0 01.2 18.5 17:38 SW 15 20.1 28.3 17:58 10.7 06:30 00.0 01.8 00.0 01.2 22.2 11:39 ESE 16 20.2 23.8 10:16 16.2 05:17 00.0 01.9 02.0 03.6 33.3 12:42 SSW 17 20.6 28.5 16:54 15.0 04:38 00.0 02.3 00.2 02.4 27.8 15:50 SSW 18 21.1 26.4 17:50 16.0 02:34 00.0 02.8 00.0 02.3 18.5 13:43 NW 19 19.0 25.6 12:06 13.8 00:00 00.0 00.7 14.6 02.6 38.9 12:45 WSW 20 14.8 19.9 12:49 11.6 05:49 03.5 00.0 06.0 03.1 42.5 16:10 WSW 21 15.3 20.8 15:54 11.8 00:00 03.0 00.0 00.0 05.0 25.9 04:24 SSW 22 17.1 24.3 16:24 08.7 06:35 01.2 00.0 00.0 01.2 18.5 15:31 SE 23 16.9 23.1 11:42 14.3 19:57 01.4 00.0 17.2 02.4 27.8 17:20 SSW 24 13.9 17.7 12:42 11.3 16:08 04.4 00.0 06.4 06.9 37.0 10:01 SSW 25 14.7 18.7 13:25 10.6 06:16 03.6 00.0 00.0 10.1 42.5 18:59 SSW 26 16.8 20.9 16:49 13.9 07:17 01.5 00.0 00.0 10.5 42.5 21:19 SSW 27 15.7 17.9 14:21 13.4 23:10 02.6 00.0 01.8 07.5 37.0 00:32 WNW 28 14.0 17.6 15:38 10.1 00:00 04.3 00.0 00.0 04.6 37.0 16:31 NNW 29 10.8 14.7 18:02 08.2 00:00 07.5 00.0 05.4 02.7 25.9 17:08 NNW 30 11.3 15.1 13:02 06.4 05:55 07.0 00.0 00.0 00.8 16.6 11:50 NW 31 13.0 19.1 15:38 08.3 05:34 05.3 00.0 01.0 00.7 27.8 17:20 WNW -------------------------------------------------------------------------------------------------------- 16.3 (16.6) 28.5 day 17 06.4 day 30 065.4 010.5 054.6 03.4 42.6 day 25 SW Min < 30: 27 Max Rain: 17.2 ON 23-05-22 Days of Rain: 9 (> .2mm) 5 (> 2mm) 0 (> 20mm)