NOAA-Style Climate Reports
Select a Year or Month report
2024: jan feb maa apr mei jun jul aug sep okt nov dec
2023: jan feb maa apr mei jun jul aug sep okt nov dec
2022: jan feb maa apr mei jun jul aug sep okt nov dec
2021: jan feb maa apr mei jun jul aug sep okt nov dec
2020: jan feb maa apr mei jun jul aug sep okt nov dec
2019: jan feb maa apr mei jun jul aug sep okt nov dec
2018: jan feb maa apr mei jun jul aug sep okt nov dec
2017: jan feb maa apr mei jun jul aug sep okt nov dec
2016: jan feb maa apr mei jun jul aug sep okt nov dec
2015: jan feb maa apr mei jun jul aug sep okt nov dec
2014: jan feb maa apr mei jun jul aug sep okt nov dec
2013: jan feb maa apr mei jun jul aug sep okt nov dec
2012: jan feb maa apr mei jun jul aug sep okt nov dec
2011: jan feb maa apr mei jun jul aug sep okt nov dec
2010: jan feb maa apr mei jun jul aug sep okt nov dec
2024: jan feb maa apr mei jun jul aug sep okt nov dec
2023: jan feb maa apr mei jun jul aug sep okt nov dec
2022: jan feb maa apr mei jun jul aug sep okt nov dec
2021: jan feb maa apr mei jun jul aug sep okt nov dec
2020: jan feb maa apr mei jun jul aug sep okt nov dec
2019: jan feb maa apr mei jun jul aug sep okt nov dec
2018: jan feb maa apr mei jun jul aug sep okt nov dec
2017: jan feb maa apr mei jun jul aug sep okt nov dec
2016: jan feb maa apr mei jun jul aug sep okt nov dec
2015: jan feb maa apr mei jun jul aug sep okt nov dec
2014: jan feb maa apr mei jun jul aug sep okt nov dec
2013: jan feb maa apr mei jun jul aug sep okt nov dec
2012: jan feb maa apr mei jun jul aug sep okt nov dec
2011: jan feb maa apr mei jun jul aug sep okt nov dec
2010: jan feb maa apr mei jun jul aug sep okt nov dec
Rapport voor 2022 february
Daily noaa report MONTHLY CLIMATOLOGICAL SUMMARY for FEB. 2022 NAME: Ekeren CITY: Antwerp STATE: Belgium ELEV: 14 LAT: 51:17:80 LONG: -4:25:20 TEMPERATURE ( °C), RAIN (mm), WIND SPEED (kmh) HEAT COOL AVG MEAN DEG DEG WIND DOM DAY TEMP HIGH TIME LOW TIME DAYS DAYS RAIN SPEED HIGH TIME DIR -------------------------------------------------------------------------------------------------------- 01 07.9 10.9 18:11 04.4 03:26 10.4 00.0 01.0 07.9 35.1 13:19 WSW 02 09.3 10.1 11:39 08.7 08:02 09.0 00.0 00.8 04.8 31.4 08:14 W 03 08.1 09.3 00:02 07.2 17:39 10.2 00.0 00.2 09.3 29.6 11:21 SSW 04 07.2 09.3 13:42 04.7 23:23 11.1 00.0 01.6 11.0 57.4 12:29 SSW 05 06.3 09.1 14:22 03.6 08:41 12.0 00.0 00.2 10.2 44.4 22:03 SSW 06 07.9 10.6 12:39 05.0 20:43 10.4 00.0 19.2 13.7 55.5 17:45 SW 07 06.6 09.0 15:03 04.9 01:01 11.7 00.0 00.4 06.9 40.7 01:15 WSW 08 09.9 11.8 15:36 07.1 01:05 08.4 00.0 01.0 05.3 31.4 11:31 SSW 09 09.9 11.6 16:23 08.8 08:17 08.4 00.0 00.2 04.2 24.1 08:14 SSW 10 07.8 09.7 00:10 05.3 00:00 10.5 00.0 01.6 01.4 20.4 20:33 WSW 11 05.3 08.4 13:12 -00.3 00:00 13.0 00.0 00.4 01.8 27.8 03:34 NW 12 03.5 08.3 14:02 -00.7 05:19 14.8 00.0 00.2 01.8 27.8 22:24 SSW 13 06.5 12.3 00:00 02.1 07:03 11.8 00.0 00.0 07.4 50.0 22:48 S 14 10.4 12.4 01:24 07.1 23:14 07.9 00.0 01.0 07.5 61.0 03:38 SSW 15 08.1 10.2 16:07 06.6 09:35 10.2 00.0 04.0 07.6 44.4 20:46 SSW 16 11.8 14.3 15:18 09.1 00:02 06.5 00.0 02.4 14.4 57.4 22:27 SSW 17 10.9 13.8 00:04 08.8 23:12 07.4 00.0 00.8 07.2 62.9 02:30 SW 18 09.7 12.8 12:11 06.8 00:00 08.6 00.0 01.2 13.9 70.3 17:13 SSW 19 06.8 09.6 14:04 04.5 07:47 11.5 00.0 05.8 10.5 59.2 19:09 SSW 20 08.8 11.5 19:08 05.4 02:18 09.5 00.0 15.2 13.2 59.2 22:17 SSW 21 07.1 09.7 14:39 05.0 08:17 11.2 00.0 06.2 10.1 64.8 11:26 WSW 22 08.2 12.1 17:12 05.2 06:04 10.1 00.0 03.0 03.5 31.4 12:39 SW 23 08.4 12.3 15:08 03.8 07:14 09.9 00.0 00.0 02.9 35.1 16:19 SSW 24 07.1 11.3 12:19 03.4 21:15 11.2 00.0 06.4 05.2 35.1 11:07 SSW 25 05.6 09.1 13:09 02.0 23:24 12.7 00.0 00.6 01.7 37.0 11:07 WSW 26 03.8 09.2 15:07 -01.1 06:22 14.5 00.0 00.0 00.2 14.8 14:14 S 27 05.5 11.5 15:03 00.6 07:15 12.8 00.0 00.0 00.9 24.1 15:05 SE 28 05.2 11.7 14:28 -00.1 08:06 13.1 00.0 00.0 00.2 20.4 14:15 SE -------------------------------------------------------------------------------------------------------- 07.6 (7.7) 14.3 day 16 -01.1 day 26 298.9 000.0 000.6 06.6 70.3 day 18 SSW Min < 30: 28 Max Rain: 19.2 ON 6-02-22 Days of Rain: 23 (> .2mm) 8 (> 2mm) 0 (> 20mm)