NOAA-Style Climate Reports
Select a Year or Month report
2024: jan feb maa apr mei jun jul aug sep okt nov dec
2023: jan feb maa apr mei jun jul aug sep okt nov dec
2022: jan feb maa apr mei jun jul aug sep okt nov dec
2021: jan feb maa apr mei jun jul aug sep okt nov dec
2020: jan feb maa apr mei jun jul aug sep okt nov dec
2019: jan feb maa apr mei jun jul aug sep okt nov dec
2018: jan feb maa apr mei jun jul aug sep okt nov dec
2017: jan feb maa apr mei jun jul aug sep okt nov dec
2016: jan feb maa apr mei jun jul aug sep okt nov dec
2015: jan feb maa apr mei jun jul aug sep okt nov dec
2014: jan feb maa apr mei jun jul aug sep okt nov dec
2013: jan feb maa apr mei jun jul aug sep okt nov dec
2012: jan feb maa apr mei jun jul aug sep okt nov dec
2011: jan feb maa apr mei jun jul aug sep okt nov dec
2010: jan feb maa apr mei jun jul aug sep okt nov dec
2024: jan feb maa apr mei jun jul aug sep okt nov dec
2023: jan feb maa apr mei jun jul aug sep okt nov dec
2022: jan feb maa apr mei jun jul aug sep okt nov dec
2021: jan feb maa apr mei jun jul aug sep okt nov dec
2020: jan feb maa apr mei jun jul aug sep okt nov dec
2019: jan feb maa apr mei jun jul aug sep okt nov dec
2018: jan feb maa apr mei jun jul aug sep okt nov dec
2017: jan feb maa apr mei jun jul aug sep okt nov dec
2016: jan feb maa apr mei jun jul aug sep okt nov dec
2015: jan feb maa apr mei jun jul aug sep okt nov dec
2014: jan feb maa apr mei jun jul aug sep okt nov dec
2013: jan feb maa apr mei jun jul aug sep okt nov dec
2012: jan feb maa apr mei jun jul aug sep okt nov dec
2011: jan feb maa apr mei jun jul aug sep okt nov dec
2010: jan feb maa apr mei jun jul aug sep okt nov dec
Rapport voor 2021 september
Daily noaa report MONTHLY CLIMATOLOGICAL SUMMARY for SEP. 2021 NAME: Ekeren CITY: Antwerp STATE: Belgium ELEV: 14 LAT: 51:17:80 LONG: -4:25:20 TEMPERATURE ( °C), RAIN (mm), WIND SPEED (kmh) HEAT COOL AVG MEAN DEG DEG WIND DOM DAY TEMP HIGH TIME LOW TIME DAYS DAYS RAIN SPEED HIGH TIME DIR -------------------------------------------------------------------------------------------------------- 01 17.0 18.9 16:18 15.2 07:08 01.3 00.0 00.0 01.1 09.3 14:00 N 02 17.9 22.8 16:12 14.8 00:00 00.4 00.0 00.0 01.2 14.8 13:06 NNE 03 18.0 25.7 15:20 11.8 07:20 00.3 00.0 00.0 01.3 14.8 22:04 NNE 04 16.6 21.5 17:16 13.0 07:08 01.7 00.0 00.0 01.1 16.6 15:07 NE 05 18.2 26.1 17:01 12.1 07:12 00.1 00.0 00.0 00.6 12.9 14:22 NNE 06 18.4 26.0 16:12 11.6 07:16 00.0 00.1 00.0 00.4 09.3 13:01 NNE 07 20.0 28.1 16:07 12.7 07:15 00.0 01.7 00.0 00.9 14.8 16:00 NE 08 21.2 29.1 16:12 14.4 07:19 00.0 02.9 00.0 01.3 18.5 14:21 ESE 09 20.5 26.5 15:17 15.2 07:00 00.0 02.2 00.6 03.1 25.9 14:13 SSW 10 20.0 23.5 16:15 17.7 09:00 00.0 01.7 00.0 05.9 18.5 15:02 S 11 19.9 26.5 15:36 16.9 06:41 00.0 01.6 01.8 05.2 25.9 14:02 SSW 12 16.9 22.2 14:22 13.7 07:26 01.4 00.0 00.0 04.5 16.6 19:03 SW 13 15.7 21.8 15:41 10.2 07:36 02.6 00.0 00.0 00.8 16.6 13:10 NNE 14 17.7 24.1 15:31 12.1 07:21 00.6 00.0 04.6 01.1 16.6 11:21 ESE 15 18.0 20.0 13:24 13.3 00:00 00.3 00.0 00.2 03.1 20.4 18:22 NW 16 16.9 22.3 16:19 12.2 02:22 01.4 00.0 00.0 02.8 18.5 16:40 NW 17 16.1 21.8 16:46 11.7 07:06 02.2 00.0 00.0 01.9 18.5 12:09 WNW 18 16.8 23.6 14:27 11.5 07:28 01.5 00.0 00.0 01.0 16.6 15:31 NE 19 16.4 22.7 15:23 11.8 07:38 01.9 00.0 00.0 00.5 09.3 16:30 SE 20 14.1 19.3 15:20 10.3 00:00 04.2 00.0 00.0 01.3 20.4 15:21 ENE 21 12.8 19.7 15:19 07.2 08:02 05.5 00.0 00.0 00.7 11.1 15:03 ENE 22 13.7 21.1 16:13 07.4 07:27 04.6 00.0 00.0 02.1 14.8 17:19 S 23 15.8 20.8 16:10 10.3 01:23 02.5 00.0 00.0 05.5 25.9 10:19 SSW 24 18.3 22.6 15:03 15.5 03:08 00.0 00.0 00.0 07.4 24.1 14:19 SSW 25 17.8 23.8 16:17 14.7 23:02 00.5 00.0 00.0 04.1 18.5 02:07 S 26 18.2 22.8 14:22 15.0 02:11 00.1 00.0 00.4 04.2 25.9 15:16 S 27 16.7 19.7 13:16 13.9 00:00 01.6 00.0 02.6 07.0 37.0 14:22 SSW 28 14.9 19.3 17:11 10.0 06:27 03.4 00.0 00.0 06.3 24.1 15:21 S 29 13.1 15.7 15:20 09.8 20:23 05.2 00.0 07.2 08.2 33.3 15:08 SSW 30 12.1 15.2 17:07 09.2 09:05 06.2 00.0 00.0 09.6 37.0 16:12 S -------------------------------------------------------------------------------------------------------- 17.0 (17.5) 29.1 day 08 07.2 day 21 049.4 010.2 000.0 03.1 37.0 day 30 SSW Min < 30: 30 Max Rain: 7.2 ON 29-09-21 Days of Rain: 7 (> .2mm) 3 (> 2mm) 0 (> 20mm)