NOAA-Style Climate Reports
Select a Year or Month report
2024: jan feb maa apr mei jun jul aug sep okt nov dec
2023: jan feb maa apr mei jun jul aug sep okt nov dec
2022: jan feb maa apr mei jun jul aug sep okt nov dec
2021: jan feb maa apr mei jun jul aug sep okt nov dec
2020: jan feb maa apr mei jun jul aug sep okt nov dec
2019: jan feb maa apr mei jun jul aug sep okt nov dec
2018: jan feb maa apr mei jun jul aug sep okt nov dec
2017: jan feb maa apr mei jun jul aug sep okt nov dec
2016: jan feb maa apr mei jun jul aug sep okt nov dec
2015: jan feb maa apr mei jun jul aug sep okt nov dec
2014: jan feb maa apr mei jun jul aug sep okt nov dec
2013: jan feb maa apr mei jun jul aug sep okt nov dec
2012: jan feb maa apr mei jun jul aug sep okt nov dec
2011: jan feb maa apr mei jun jul aug sep okt nov dec
2010: jan feb maa apr mei jun jul aug sep okt nov dec
2024: jan feb maa apr mei jun jul aug sep okt nov dec
2023: jan feb maa apr mei jun jul aug sep okt nov dec
2022: jan feb maa apr mei jun jul aug sep okt nov dec
2021: jan feb maa apr mei jun jul aug sep okt nov dec
2020: jan feb maa apr mei jun jul aug sep okt nov dec
2019: jan feb maa apr mei jun jul aug sep okt nov dec
2018: jan feb maa apr mei jun jul aug sep okt nov dec
2017: jan feb maa apr mei jun jul aug sep okt nov dec
2016: jan feb maa apr mei jun jul aug sep okt nov dec
2015: jan feb maa apr mei jun jul aug sep okt nov dec
2014: jan feb maa apr mei jun jul aug sep okt nov dec
2013: jan feb maa apr mei jun jul aug sep okt nov dec
2012: jan feb maa apr mei jun jul aug sep okt nov dec
2011: jan feb maa apr mei jun jul aug sep okt nov dec
2010: jan feb maa apr mei jun jul aug sep okt nov dec
Rapport voor 2020 oktober
Daily noaa report Monthly Climatological Summary for okt 2020 Name: Weather in Ekeren and Port of Antwerp City: Ekeren, Antwerp State: Belgium Elevation: 11 m Lat: N 51° 28' 04" Lon: E 004° 04' 01" Temperature (°C), Rain (mm), Wind Speed (km/h) Heat Cool Avg Mean Deg Deg Wind Dom Day Temp High Time Low Time Days Days Rain Speed High Time Dir ---------------------------------------------------------------------------------- 01 14,5 16,0 00:00 11,5 23:56 3,8 0,0 4,0 4,3 27,4 14:34 S 02 11,9 15,1 16:45 8,7 04:19 6,4 0,0 1,0 1,3 17,7 11:30 ESE 03 12,9 14,4 00:37 9,8 21:57 5,4 0,0 3,2 2,9 22,5 11:20 S 04 12,1 14,7 17:29 9,8 01:22 6,2 0,0 2,0 9,0 46,7 12:07 S 05 12,6 15,2 14:36 10,2 08:14 5,7 0,0 8,0 9,1 53,1 17:32 S 06 14,0 17,2 13:46 11,7 09:01 4,3 0,0 3,4 9,7 38,6 12:16 SSW 07 13,2 15,8 15:51 11,7 08:08 5,1 0,0 6,8 6,4 33,8 12:14 SW 08 14,3 17,5 13:36 11,6 01:15 4,0 0,0 2,8 9,8 45,1 13:40 SSW 09 13,1 15,7 14:52 10,9 23:59 5,2 0,0 0,2 2,6 24,1 22:08 SW 10 10,3 13,3 16:16 8,4 07:37 8,0 0,0 9,0 5,6 37,0 19:37 SSW 11 10,3 15,1 15:14 5,8 05:36 8,0 0,0 0,0 2,6 24,1 15:00 NW 12 11,9 15,8 16:12 9,8 09:09 6,4 0,0 0,6 1,5 17,7 13:39 WSW 13 11,1 13,8 13:00 8,7 23:55 7,1 0,0 0,0 1,3 24,1 12:30 SSE 14 9,0 12,9 15:01 5,2 07:10 9,3 0,0 0,0 1,9 19,3 13:21 NNE 15 9,7 13,1 14:30 7,8 08:30 8,0 0,0 0,0 2,2 22,5 13:00 N 16 9,1 12,4 14:30 5,2 00:00 9,1 0,0 0,0 1,6 16,1 12:00 N 17 7,9 13,3 13:25 2,9 04:30 10,2 0,0 0,0 1,3 12,9 14:21 WSW 18 10,4 13,4 16:30 8,3 03:38 8,0 0,0 0,2 2,4 14,5 08:22 WSW 20 12,9 16,0 17:00 8,8 07:00 10,7 0,0 0,0 8,7 29,0 13:18 S 21 16,3 21,2 16:29 13,0 10:30 2,6 0,7 8,4 12,7 61,0 15:39 S 22 15,6 17,6 13:07 13,2 08:14 2,1 0,0 0,0 7,4 26,0 01:40 SSW 23 15,8 18,0 16:05 0,0 11:58 1,2 0,0 0,0 6,6 26,0 17:19 SSW 24 14,4 16,4 23:24 12,4 09:14 3,9 0,0 0,0 11,1 47,0 23:44 S 25 12,5 16,3 00:00 10,9 23:56 3,2 0,0 0,8 9,7 48,0 00:57 S 26 11,2 13,7 14:50 9,7 03:35 7,1 0,0 0,2 10,1 34,0 10:26 SSW 27 10,6 12,7 23:30 8,5 07:10 7,7 0,0 2,2 11,8 42,0 16:58 S 28 11,7 13,6 14:31 10,2 07:27 6,6 0,0 4,4 9,5 40,0 16:57 SSW 29 11,5 13,9 23:58 9,2 07:16 6,8 0,0 2,4 8,3 32,0 16:46 SSW 30 14,7 16,8 12:35 13,4 09:24 3,6 0,0 0,2 9,1 35,0 13:24 SSW 31 14,2 16,8 13:24 11,3 08:01 4,1 0,0 1,6 7,7 39,0 11:13 S ---------------------------------------------------------------------------------- 12,3 21,2 21 0,0 23 179,8 0,7 61,4 5,6 61,0 21 SSW Max > 27,0 0 Max < 0,0 0 Min < 0,0 1 Min < -18,0 0 Max Rain: 9,0 on day 10 Days of Rain: 20 (> 0,2 mm) 12 (> 2,0 mm) 0 (> 20,0 mm) Heat Base: 18,3 Cool Base: 18,3 Method: Integration