NOAA-Style Climate Reports
Select a Year or Month report
2024: jan feb maa apr mei jun jul aug sep okt nov dec
2023: jan feb maa apr mei jun jul aug sep okt nov dec
2022: jan feb maa apr mei jun jul aug sep okt nov dec
2021: jan feb maa apr mei jun jul aug sep okt nov dec
2020: jan feb maa apr mei jun jul aug sep okt nov dec
2019: jan feb maa apr mei jun jul aug sep okt nov dec
2018: jan feb maa apr mei jun jul aug sep okt nov dec
2017: jan feb maa apr mei jun jul aug sep okt nov dec
2016: jan feb maa apr mei jun jul aug sep okt nov dec
2015: jan feb maa apr mei jun jul aug sep okt nov dec
2014: jan feb maa apr mei jun jul aug sep okt nov dec
2013: jan feb maa apr mei jun jul aug sep okt nov dec
2012: jan feb maa apr mei jun jul aug sep okt nov dec
2011: jan feb maa apr mei jun jul aug sep okt nov dec
2010: jan feb maa apr mei jun jul aug sep okt nov dec
2024: jan feb maa apr mei jun jul aug sep okt nov dec
2023: jan feb maa apr mei jun jul aug sep okt nov dec
2022: jan feb maa apr mei jun jul aug sep okt nov dec
2021: jan feb maa apr mei jun jul aug sep okt nov dec
2020: jan feb maa apr mei jun jul aug sep okt nov dec
2019: jan feb maa apr mei jun jul aug sep okt nov dec
2018: jan feb maa apr mei jun jul aug sep okt nov dec
2017: jan feb maa apr mei jun jul aug sep okt nov dec
2016: jan feb maa apr mei jun jul aug sep okt nov dec
2015: jan feb maa apr mei jun jul aug sep okt nov dec
2014: jan feb maa apr mei jun jul aug sep okt nov dec
2013: jan feb maa apr mei jun jul aug sep okt nov dec
2012: jan feb maa apr mei jun jul aug sep okt nov dec
2011: jan feb maa apr mei jun jul aug sep okt nov dec
2010: jan feb maa apr mei jun jul aug sep okt nov dec
Rapport voor 2020 juni
Daily NOAA report MONTHLY CLIMATOLOGICAL SUMMARY for JUN. 2020 NAME: CITY: STATE: ELEV: LAT: LONG: TEMPERATURE ( °C), RAIN (mm), WIND SPEED (kmh) HEAT COOL AVG MEAN DEG DEG WIND DOM DAY TEMP HIGH TIME LOW TIME DAYS DAYS RAIN SPEED HIGH TIME DIR ---------------------------------------------------------------------------------------------------------------------------------------------------------- 01 20.6 29.8 16:06 11.4 06:34 00.0 01.7 00.0 02.4 25.9 16:55 ENE 02 17.6 22.7 15:14 13.2 06:58 01.3 00.0 00.0 03.8 27.8 18:39 NNW 03 14.0 15.9 13:03 11.5 22:28 04.9 00.0 00.0 06.0 29.6 16:59 NW 04 11.6 14.8 14:07 09.5 23:00 07.3 00.0 00.0 06.6 42.6 09:27 NNW 05 12.5 17.4 15:36 09.2 04:30 06.4 00.0 00.0 10.5 46.3 14:40 SSW 06 14.3 19.3 14:36 10.8 07:08 04.6 00.0 00.0 07.1 31.5 01:59 SSW 07 14.0 17.3 12:11 12.4 06:59 04.9 00.0 00.0 02.9 27.8 19:21 SW 08 14.3 17.6 16:51 11.6 06:29 04.6 00.0 00.0 03.9 18.5 17:33 NNW 09 14.2 19.0 13:21 09.7 05:46 04.7 00.0 00.0 01.2 13.0 23:17 N 10 17.0 22.3 18:46 13.6 06:47 01.9 00.0 00.0 01.2 18.5 12:06 N 11 18.9 25.4 14:00 13.6 02:19 00.0 00.0 00.0 02.0 27.8 21:25 NNE 12 20.6 28.2 17:36 14.8 07:00 00.0 01.7 00.0 01.6 18.5 16:40 SSE 13 20.7 25.3 14:57 17.9 03:15 00.0 01.8 00.0 03.8 18.5 17:54 SSE 14 21.2 28.0 16:49 15.7 06:03 00.0 02.3 00.0 02.9 18.5 18:46 WNW 15 20.1 26.5 14:05 15.1 06:23 00.0 01.2 00.0 02.8 18.5 19:25 SSW 16 19.2 28.7 15:05 15.2 06:12 00.0 00.3 00.0 01.8 24.1 16:35 SSW 17 19.0 25.2 15:55 15.3 06:05 00.0 00.1 00.0 05.4 25.9 16:28 ESE 18 18.2 23.7 15:54 13.5 05:18 00.7 00.0 00.6 04.7 27.8 15:36 SSW 19 18.6 23.2 14:52 14.1 06:10 00.3 00.0 00.0 02.8 18.5 12:30 SW 20 19.1 25.5 13:46 13.3 06:21 00.0 00.2 00.0 05.3 35.2 14:05 WSW 21 18.5 23.7 17:53 13.2 06:02 00.4 00.0 00.0 03.7 18.5 16:43 SSW 22 21.5 30.4 17:20 11.9 06:20 00.0 02.6 00.2 01.3 16.7 16:03 W 23 25.0 33.6 16:37 15.9 06:27 00.0 06.1 00.0 01.6 18.5 16:43 ESE 24 25.4 32.7 16:59 16.8 05:49 00.0 06.5 00.0 01.9 22.2 16:21 SE 25 25.7 32.2 14:20 19.1 06:21 00.0 06.8 00.0 03.3 22.2 18:48 ESE 26 21.9 26.2 12:38 19.0 23:00 00.0 03.0 00.0 07.2 46.3 19:10 S 27 19.2 23.1 17:42 16.3 06:59 00.0 00.3 00.0 08.9 37.0 10:50 SSW 28 17.3 20.4 17:41 14.4 06:06 01.6 00.0 00.0 10.3 44.4 16:08 SSW 29 23.4 27.1 15:53 14.4 08:00 00.0 04.5 00.0 03.1 24.1 12:13 SSW ---------------------------------------------------------------------------------------------------------------------------------------------------------- 18.7 (19.1) 33.6 day 24 09.2 day 06 043.7 039.1 079.2 04.1 46.3 day 27 SSW Max > 30: 3 Min < 30: 29 Max Rain: 0.6 ON 18-06-20 Days of Rain: 1 (> .2mm) 0 (> 2mm) 0 (> 20mm)