NOAA-Style Climate Reports
Select a Year or Month report
2024: jan feb maa apr mei jun jul aug sep okt nov dec
2023: jan feb maa apr mei jun jul aug sep okt nov dec
2022: jan feb maa apr mei jun jul aug sep okt nov dec
2021: jan feb maa apr mei jun jul aug sep okt nov dec
2020: jan feb maa apr mei jun jul aug sep okt nov dec
2019: jan feb maa apr mei jun jul aug sep okt nov dec
2018: jan feb maa apr mei jun jul aug sep okt nov dec
2017: jan feb maa apr mei jun jul aug sep okt nov dec
2016: jan feb maa apr mei jun jul aug sep okt nov dec
2015: jan feb maa apr mei jun jul aug sep okt nov dec
2014: jan feb maa apr mei jun jul aug sep okt nov dec
2013: jan feb maa apr mei jun jul aug sep okt nov dec
2012: jan feb maa apr mei jun jul aug sep okt nov dec
2011: jan feb maa apr mei jun jul aug sep okt nov dec
2010: jan feb maa apr mei jun jul aug sep okt nov dec
2024: jan feb maa apr mei jun jul aug sep okt nov dec
2023: jan feb maa apr mei jun jul aug sep okt nov dec
2022: jan feb maa apr mei jun jul aug sep okt nov dec
2021: jan feb maa apr mei jun jul aug sep okt nov dec
2020: jan feb maa apr mei jun jul aug sep okt nov dec
2019: jan feb maa apr mei jun jul aug sep okt nov dec
2018: jan feb maa apr mei jun jul aug sep okt nov dec
2017: jan feb maa apr mei jun jul aug sep okt nov dec
2016: jan feb maa apr mei jun jul aug sep okt nov dec
2015: jan feb maa apr mei jun jul aug sep okt nov dec
2014: jan feb maa apr mei jun jul aug sep okt nov dec
2013: jan feb maa apr mei jun jul aug sep okt nov dec
2012: jan feb maa apr mei jun jul aug sep okt nov dec
2011: jan feb maa apr mei jun jul aug sep okt nov dec
2010: jan feb maa apr mei jun jul aug sep okt nov dec
Rapport voor 2019 oktober
Daily NOAA report MONTHLY CLIMATOLOGICAL SUMMARY for OCT. 2019 NAME: CITY: STATE: ELEV: LAT: LONG: TEMPERATURE ( °C), RAIN (mm), WIND SPEED (kmh) HEAT COOL AVG MEAN DEG DEG WIND DOM DAY TEMP HIGH TIME LOW TIME DAYS DAYS RAIN SPEED HIGH TIME DIR ---------------------------------------------------------------------------------------------------------------------------------------------------------- 01 14.2 18.9 16:23 09.6 08:39 04.7 00.0 02.0 06.2 37.0 13:51 SSW 16 11.9 13.4 20:01 10.7 23:00 07.0 00.0 00.4 05.6 21:42 17 12.7 18.9 15:37 07.4 08:08 06.2 00.0 00.0 02.0 22.2 18:47 NNE 18 13.5 18.8 16:03 09.3 01:14 05.4 00.0 00.0 01.3 16.7 15:37 N 19 13.7 22.1 15:38 06.8 08:15 05.2 00.0 00.0 01.3 18.5 17:49 N 20 16.6 26.7 17:00 08.0 07:35 02.3 00.0 00.0 02.1 18.5 16:59 ENE 21 19.4 26.8 15:43 14.0 08:12 00.0 00.5 00.0 04.2 27.8 19:05 SE 22 17.6 21.7 15:29 15.2 22:57 01.3 00.0 00.0 05.7 25.9 13:57 S 23 13.6 18.7 15:28 09.8 06:45 05.3 00.0 00.0 03.5 37.0 19:15 SSW 24 14.0 16.3 14:54 11.7 09:30 04.9 00.0 00.2 10.0 46.3 17:09 SSW 25 17.1 20.1 15:40 14.8 07:17 01.8 00.0 00.0 12.7 53.7 14:34 S 26 11.2 18.3 23:01 06.8 23:00 07.7 00.0 00.0 04.3 38.9 00:04 S 27 07.9 14.8 14:12 03.2 09:16 11.0 00.0 00.2 00.5 14.8 15:44 NW 28 08.2 13.5 13:55 04.6 22:13 10.7 00.0 00.0 00.9 18.5 12:13 NW 29 05.7 12.1 14:30 02.8 04:28 13.2 00.0 00.0 01.0 16.7 16:31 NNE 30 04.9 11.3 13:43 00.6 08:20 14.0 00.0 00.0 00.7 14.8 12:05 ENE ---------------------------------------------------------------------------------------------------------------------------------------------------------- 13.6 (13.4) 26.8 day 22 00.6 day 31 121.5 000.5 000.0 05.1 53.7 day 26 S Min < 30: 23 Max Rain: 2.0 ON 1-10-19 Days of Rain: 1 (> .2mm) 0 (> 2mm) 0 (> 20mm)