NOAA-Style Climate Reports
Select a Year or Month report
2024: jan feb maa apr mei jun jul aug sep okt nov dec
2023: jan feb maa apr mei jun jul aug sep okt nov dec
2022: jan feb maa apr mei jun jul aug sep okt nov dec
2021: jan feb maa apr mei jun jul aug sep okt nov dec
2020: jan feb maa apr mei jun jul aug sep okt nov dec
2019: jan feb maa apr mei jun jul aug sep okt nov dec
2018: jan feb maa apr mei jun jul aug sep okt nov dec
2017: jan feb maa apr mei jun jul aug sep okt nov dec
2016: jan feb maa apr mei jun jul aug sep okt nov dec
2015: jan feb maa apr mei jun jul aug sep okt nov dec
2014: jan feb maa apr mei jun jul aug sep okt nov dec
2013: jan feb maa apr mei jun jul aug sep okt nov dec
2012: jan feb maa apr mei jun jul aug sep okt nov dec
2011: jan feb maa apr mei jun jul aug sep okt nov dec
2010: jan feb maa apr mei jun jul aug sep okt nov dec
2024: jan feb maa apr mei jun jul aug sep okt nov dec
2023: jan feb maa apr mei jun jul aug sep okt nov dec
2022: jan feb maa apr mei jun jul aug sep okt nov dec
2021: jan feb maa apr mei jun jul aug sep okt nov dec
2020: jan feb maa apr mei jun jul aug sep okt nov dec
2019: jan feb maa apr mei jun jul aug sep okt nov dec
2018: jan feb maa apr mei jun jul aug sep okt nov dec
2017: jan feb maa apr mei jun jul aug sep okt nov dec
2016: jan feb maa apr mei jun jul aug sep okt nov dec
2015: jan feb maa apr mei jun jul aug sep okt nov dec
2014: jan feb maa apr mei jun jul aug sep okt nov dec
2013: jan feb maa apr mei jun jul aug sep okt nov dec
2012: jan feb maa apr mei jun jul aug sep okt nov dec
2011: jan feb maa apr mei jun jul aug sep okt nov dec
2010: jan feb maa apr mei jun jul aug sep okt nov dec
Rapport voor 2019 maart
Daily NOAA report MONTHLY CLIMATOLOGICAL SUMMARY for MAR. 2019 NAME: CITY: STATE: ELEV: LAT: LONG: TEMPERATURE ( °C), RAIN (mm), WIND SPEED (kmh) HEAT COOL AVG MEAN DEG DEG WIND DOM DAY TEMP HIGH TIME LOW TIME DAYS DAYS RAIN SPEED HIGH TIME DIR ---------------------------------------------------------------------------------------------------------------------------------------------------------- 01 08.3 11.1 17:38 06.6 11:17 10.6 00.0 00.4 05.4 38.9 20:24 WSW 02 11.8 13.3 23:00 10.1 23:01 07.1 00.0 00.0 13.8 53.7 20:03 SSW 03 09.9 13.4 01:07 05.8 10:35 09.0 00.0 00.0 13.5 55.5 05:15 SSW 04 08.2 12.1 15:13 04.9 08:17 10.7 00.0 00.0 09.5 42.6 00:50 SSW 05 10.8 12.9 14:22 08.7 00:19 08.1 00.0 00.0 09.5 42.6 16:46 SSW 06 10.0 11.8 23:24 08.1 08:38 08.9 00.0 00.2 12.0 50.0 19:18 S 07 08.6 10.8 16:45 06.7 07:27 10.3 00.0 00.0 06.7 44.4 00:05 SSW 08 10.4 13.3 16:04 08.2 02:10 08.5 00.0 00.0 10.0 48.1 14:49 SW 09 08.6 11.9 10:28 06.3 06:47 10.3 00.0 00.0 08.8 74.0 13:38 SSW 10 06.5 08.8 14:47 04.1 06:27 12.4 00.0 00.0 07.4 50.0 09:08 SSW 11 07.8 10.9 16:10 05.2 20:24 11.1 00.0 00.0 13.8 55.5 16:51 WSW 12 07.5 10.4 16:02 05.3 00:45 11.4 00.0 00.0 11.2 55.5 14:35 SSW 13 09.2 13.2 15:19 06.8 07:07 09.7 00.0 00.0 09.4 53.7 13:06 SSW 14 10.8 13.6 15:04 07.5 06:14 08.1 00.0 00.0 09.1 51.8 14:30 SW 15 11.1 12.2 19:35 08.7 04:26 07.8 00.0 00.0 10.7 51.8 13:03 SW 16 08.4 12.0 23:33 04.3 23:00 10.5 00.0 00.6 09.7 44.4 03:02 SSW 17 06.4 10.8 14:07 02.5 23:00 12.5 00.0 00.0 04.9 25.9 11:04 SW 18 06.3 13.8 14:41 -00.3 07:01 12.6 00.0 00.2 02.5 18.5 14:31 WNW 19 10.4 13.9 15:57 07.8 06:57 08.5 00.0 00.0 03.4 16.7 14:54 SW 20 10.1 15.3 15:41 05.5 07:27 08.8 00.0 00.0 01.8 14.8 16:07 SW 21 10.3 20.1 15:38 04.9 03:22 08.6 00.0 00.0 02.2 18.5 19:57 NNW 22 09.3 10.8 11:14 08.1 23:00 09.6 00.0 00.0 02.6 16.7 00:22 N 23 07.3 12.3 15:02 03.3 07:23 11.6 00.0 00.0 03.5 18.5 17:55 WNW 24 08.4 10.5 13:40 06.4 09:35 10.5 00.0 00.0 09.6 44.4 09:17 N 25 08.6 12.6 14:42 05.8 06:20 10.3 00.0 00.0 04.1 18.5 17:41 NNW 26 10.8 19.3 14:36 03.8 05:13 08.1 00.0 00.0 02.1 18.5 15:46 NNW 27 09.3 13.2 15:02 05.5 01:54 09.6 00.0 00.0 05.7 31.5 16:26 S 30 09.9 19.6 16:03 05.9 07:00 09.0 00.0 03.1 22.2 17:33 ---------------------------------------------------------------------------------------------------------------------------------------------------------- 09.4 (9.5) 21.3 day 26 -00.3 day 19 296.0 000.0 000.0 06.8 74.0 day 10 SSW Min < 30: 31 Max Rain: 0.6 ON 16-03-19 Days of Rain: 2 (> .2mm) 0 (> 2mm) 0 (> 20mm)