NOAA-Style Climate Reports
Select a Year or Month report
2024: jan feb maa apr mei jun jul aug sep okt nov dec
2023: jan feb maa apr mei jun jul aug sep okt nov dec
2022: jan feb maa apr mei jun jul aug sep okt nov dec
2021: jan feb maa apr mei jun jul aug sep okt nov dec
2020: jan feb maa apr mei jun jul aug sep okt nov dec
2019: jan feb maa apr mei jun jul aug sep okt nov dec
2018: jan feb maa apr mei jun jul aug sep okt nov dec
2017: jan feb maa apr mei jun jul aug sep okt nov dec
2016: jan feb maa apr mei jun jul aug sep okt nov dec
2015: jan feb maa apr mei jun jul aug sep okt nov dec
2014: jan feb maa apr mei jun jul aug sep okt nov dec
2013: jan feb maa apr mei jun jul aug sep okt nov dec
2012: jan feb maa apr mei jun jul aug sep okt nov dec
2011: jan feb maa apr mei jun jul aug sep okt nov dec
2010: jan feb maa apr mei jun jul aug sep okt nov dec
2024: jan feb maa apr mei jun jul aug sep okt nov dec
2023: jan feb maa apr mei jun jul aug sep okt nov dec
2022: jan feb maa apr mei jun jul aug sep okt nov dec
2021: jan feb maa apr mei jun jul aug sep okt nov dec
2020: jan feb maa apr mei jun jul aug sep okt nov dec
2019: jan feb maa apr mei jun jul aug sep okt nov dec
2018: jan feb maa apr mei jun jul aug sep okt nov dec
2017: jan feb maa apr mei jun jul aug sep okt nov dec
2016: jan feb maa apr mei jun jul aug sep okt nov dec
2015: jan feb maa apr mei jun jul aug sep okt nov dec
2014: jan feb maa apr mei jun jul aug sep okt nov dec
2013: jan feb maa apr mei jun jul aug sep okt nov dec
2012: jan feb maa apr mei jun jul aug sep okt nov dec
2011: jan feb maa apr mei jun jul aug sep okt nov dec
2010: jan feb maa apr mei jun jul aug sep okt nov dec
Rapport voor 2019 february
Daily NOAA report MONTHLY CLIMATOLOGICAL SUMMARY for FEB. 2019 NAME: CITY: STATE: ELEV: LAT: LONG: TEMPERATURE ( °C), RAIN (mm), WIND SPEED (kmh) HEAT COOL AVG MEAN DEG DEG WIND DOM DAY TEMP HIGH TIME LOW TIME DAYS DAYS RAIN SPEED HIGH TIME DIR ---------------------------------------------------------------------------------------------------------------------------------------------------------- 01 02.6 05.7 16:15 -00.8 00:00 16.3 00.0 00.0 02.6 18.5 01:53 ESE 02 03.4 07.1 14:36 -00.3 08:50 15.5 00.0 00.2 01.9 18.5 12:46 N 03 02.8 04.3 13:36 01.6 04:58 16.1 00.0 00.2 11.8 44.4 11:56 NW 04 04.5 06.8 13:52 03.2 23:25 14.4 00.0 00.0 06.0 24.1 00:33 S 05 05.4 07.7 23:00 03.6 07:04 13.5 00.0 00.0 08.2 25.9 06:24 SSW 06 08.8 10.3 14:25 06.8 23:00 10.1 00.0 00.0 11.4 46.3 14:35 S 07 08.3 10.4 18:11 06.0 00:59 10.6 00.0 00.0 14.5 55.5 18:07 SSW 08 09.1 11.0 13:33 07.5 09:09 09.8 00.0 00.0 13.3 51.8 13:33 S 09 07.9 10.3 08:52 05.1 18:54 11.0 00.0 00.2 10.5 50.0 17:21 SSW 10 05.8 09.1 14:09 01.9 23:00 13.1 00.0 00.2 04.2 31.5 23:50 SSW 11 04.5 09.5 15:19 -00.3 04:37 14.4 00.0 00.4 04.2 18.5 22:36 WNW 12 05.9 09.1 16:26 04.3 08:09 13.0 00.0 00.0 05.9 18.5 16:55 SSW 13 06.1 15.1 15:19 00.2 07:12 12.8 00.0 00.0 01.3 13.0 16:12 SSW 14 07.5 18.3 15:15 -00.5 07:59 11.4 00.0 00.0 01.4 16.7 14:07 SSE 15 08.0 15.2 15:07 01.3 07:58 10.9 00.0 00.0 02.8 16.7 14:46 SSE 16 09.1 17.5 15:17 03.0 07:37 09.8 00.0 00.0 04.7 24.1 16:23 SSW 17 09.1 15.5 15:12 02.1 08:18 09.8 00.0 00.0 03.2 18.5 20:27 S 18 08.9 11.5 12:57 06.4 08:37 10.0 00.0 00.0 05.4 25.9 13:18 SSW 19 08.2 12.3 14:59 04.5 06:33 10.7 00.0 00.0 05.7 18.5 17:03 SW 20 09.6 14.3 14:51 06.0 05:18 09.3 00.0 00.0 04.4 18.5 16:45 SSW 21 09.5 14.1 13:55 06.8 07:37 09.4 00.0 00.0 01.4 13.0 20:13 SW 22 09.1 16.0 15:19 03.9 07:58 09.8 00.0 00.0 01.9 18.5 13:53 NNW 23 08.8 17.8 14:25 00.7 08:08 10.1 00.0 00.0 01.5 14.8 12:06 SE 24 11.0 20.8 15:08 03.4 08:11 07.9 00.0 00.0 01.1 13.0 13:43 SE 25 10.6 21.3 15:23 02.0 08:07 08.3 00.0 00.0 00.9 13.0 14:21 E 26 10.8 19.3 14:36 03.8 05:13 08.1 00.0 00.0 02.1 18.5 15:46 ENE 27 09.3 13.2 15:02 05.5 01:54 09.6 00.0 00.0 05.7 31.5 16:26 S ---------------------------------------------------------------------------------------------------------------------------------------------------------- 07.6 (8.0) 21.3 day 26 -00.8 day 01 305.6 000.0 000.0 05.1 55.5 day 08 SSW Min < 30: 27 Max Rain: 0.4 ON 11-02-19 Days of Rain: 1 (> .2mm) 0 (> 2mm) 0 (> 20mm)