NOAA-Style Climate Reports
Select a Year or Month report
2024: jan feb maa apr mei jun jul aug sep okt nov dec
2023: jan feb maa apr mei jun jul aug sep okt nov dec
2022: jan feb maa apr mei jun jul aug sep okt nov dec
2021: jan feb maa apr mei jun jul aug sep okt nov dec
2020: jan feb maa apr mei jun jul aug sep okt nov dec
2019: jan feb maa apr mei jun jul aug sep okt nov dec
2018: jan feb maa apr mei jun jul aug sep okt nov dec
2017: jan feb maa apr mei jun jul aug sep okt nov dec
2016: jan feb maa apr mei jun jul aug sep okt nov dec
2015: jan feb maa apr mei jun jul aug sep okt nov dec
2014: jan feb maa apr mei jun jul aug sep okt nov dec
2013: jan feb maa apr mei jun jul aug sep okt nov dec
2012: jan feb maa apr mei jun jul aug sep okt nov dec
2011: jan feb maa apr mei jun jul aug sep okt nov dec
2010: jan feb maa apr mei jun jul aug sep okt nov dec
2024: jan feb maa apr mei jun jul aug sep okt nov dec
2023: jan feb maa apr mei jun jul aug sep okt nov dec
2022: jan feb maa apr mei jun jul aug sep okt nov dec
2021: jan feb maa apr mei jun jul aug sep okt nov dec
2020: jan feb maa apr mei jun jul aug sep okt nov dec
2019: jan feb maa apr mei jun jul aug sep okt nov dec
2018: jan feb maa apr mei jun jul aug sep okt nov dec
2017: jan feb maa apr mei jun jul aug sep okt nov dec
2016: jan feb maa apr mei jun jul aug sep okt nov dec
2015: jan feb maa apr mei jun jul aug sep okt nov dec
2014: jan feb maa apr mei jun jul aug sep okt nov dec
2013: jan feb maa apr mei jun jul aug sep okt nov dec
2012: jan feb maa apr mei jun jul aug sep okt nov dec
2011: jan feb maa apr mei jun jul aug sep okt nov dec
2010: jan feb maa apr mei jun jul aug sep okt nov dec
Rapport voor 2019 januari
Daily NOAA report MONTHLY CLIMATOLOGICAL SUMMARY for JAN. 2019 NAME: CITY: STATE: ELEV: LAT: LONG: TEMPERATURE ( °C), RAIN (mm), WIND SPEED (kmh) HEAT COOL AVG MEAN DEG DEG WIND DOM DAY TEMP HIGH TIME LOW TIME DAYS DAYS RAIN SPEED HIGH TIME DIR ---------------------------------------------------------------------------------------------------------------------------------------------------------- 01 06.9 09.1 14:38 04.8 04:44 12.0 00.0 00.0 04.8 29.6 14:12 WNW 02 04.8 07.1 14:57 02.4 21:57 14.1 00.0 00.0 01.6 13.0 15:04 NNW 03 04.5 06.3 23:00 02.9 23:01 14.4 00.0 00.0 02.4 24.1 13:55 NNW 04 06.6 07.2 10:59 05.5 22:59 12.3 00.0 00.0 04.8 33.3 09:08 NW 05 05.8 06.6 15:23 04.8 02:28 13.1 00.0 00.0 01.8 24.1 00:17 NNW 06 07.0 09.7 23:00 02.8 04:24 11.9 00.0 00.0 04.1 35.1 20:37 WNW 07 07.6 10.3 00:20 05.4 22:12 11.3 00.0 00.0 09.4 46.3 13:29 SW 08 05.0 07.4 14:47 03.3 23:00 13.9 00.0 00.0 06.1 31.5 01:35 NNW 09 02.9 05.4 15:49 00.1 04:06 16.0 00.0 00.4 01.9 14.8 21:45 N 10 06.1 08.6 15:30 03.3 00:13 12.8 00.0 00.0 04.6 25.9 17:01 WNW 11 07.7 08.9 16:29 06.6 00:00 11.2 00.0 00.6 06.3 31.5 14:22 NW 12 09.4 10.3 18:25 08.1 01:43 09.5 00.0 00.0 07.7 42.6 20:11 SW 13 06.9 09.2 23:07 04.9 18:40 12.0 00.0 00.0 06.0 31.5 14:27 WSW 14 06.5 08.1 17:11 04.6 00:32 12.4 00.0 00.0 06.8 27.8 22:45 NNW 15 06.6 07.6 23:18 05.9 16:23 12.3 00.0 00.0 10.9 40.7 12:35 SSW 16 04.7 06.4 00:42 02.5 15:16 14.2 00.0 00.0 06.1 42.6 12:47 SSW 17 00.7 02.7 23:04 -01.6 08:59 18.2 00.0 00.0 01.6 14.8 17:05 W 18 00.3 04.1 14:58 -02.2 08:15 18.6 00.0 00.0 02.7 18.5 16:00 ESE 19 -01.2 05.0 14:46 -04.7 09:17 20.1 00.0 00.0 01.2 13.0 16:01 SE 20 -01.7 04.6 15:25 -06.4 09:03 20.6 00.0 00.0 01.2 13.0 14:24 ENE 21 -00.8 00.3 20:06 -02.3 06:46 19.7 00.0 00.0 07.3 40.7 09:40 SSW 22 -00.1 01.2 14:56 -01.4 09:10 19.0 00.0 00.0 03.3 18.5 14:19 S 23 00.6 02.7 16:24 -00.6 06:40 18.3 00.0 00.0 01.9 14.8 14:52 NNE 24 01.2 05.8 23:00 -01.7 01:34 17.7 00.0 00.0 05.8 29.6 17:58 SW 25 07.4 08.6 16:24 05.8 23:01 11.5 00.0 00.0 08.1 33.3 20:47 SSW 26 06.5 08.3 03:17 04.2 23:00 12.4 00.0 00.0 10.0 38.9 22:47 SSW 27 04.3 07.3 12:41 02.6 22:11 14.6 00.0 00.2 08.8 55.5 00:03 SW 28 02.8 05.7 15:31 00.7 09:01 16.1 00.0 00.0 05.9 25.9 10:47 NW 29 01.2 02.9 16:26 00.4 09:54 17.7 00.0 00.0 02.6 16.7 16:20 S 30 -00.8 00.7 23:01 -01.6 21:02 19.7 00.0 00.0 03.8 16.7 22:13 SW ---------------------------------------------------------------------------------------------------------------------------------------------------------- 04.0 (4.1) 10.3 day 08 -06.4 day 21 447.9 000.0 000.0 05.0 55.5 day 16 WSW Min < 30: 30 Min < -5: 1 Max Rain: 0.6 ON 11-01-19 Days of Rain: 2 (> .2mm) 0 (> 2mm) 0 (> 20mm)