NOAA-Style Climate Reports
Select a Year or Month report
2024: jan feb maa apr mei jun jul aug sep okt nov dec
2023: jan feb maa apr mei jun jul aug sep okt nov dec
2022: jan feb maa apr mei jun jul aug sep okt nov dec
2021: jan feb maa apr mei jun jul aug sep okt nov dec
2020: jan feb maa apr mei jun jul aug sep okt nov dec
2019: jan feb maa apr mei jun jul aug sep okt nov dec
2018: jan feb maa apr mei jun jul aug sep okt nov dec
2017: jan feb maa apr mei jun jul aug sep okt nov dec
2016: jan feb maa apr mei jun jul aug sep okt nov dec
2015: jan feb maa apr mei jun jul aug sep okt nov dec
2014: jan feb maa apr mei jun jul aug sep okt nov dec
2013: jan feb maa apr mei jun jul aug sep okt nov dec
2012: jan feb maa apr mei jun jul aug sep okt nov dec
2011: jan feb maa apr mei jun jul aug sep okt nov dec
2010: jan feb maa apr mei jun jul aug sep okt nov dec
2024: jan feb maa apr mei jun jul aug sep okt nov dec
2023: jan feb maa apr mei jun jul aug sep okt nov dec
2022: jan feb maa apr mei jun jul aug sep okt nov dec
2021: jan feb maa apr mei jun jul aug sep okt nov dec
2020: jan feb maa apr mei jun jul aug sep okt nov dec
2019: jan feb maa apr mei jun jul aug sep okt nov dec
2018: jan feb maa apr mei jun jul aug sep okt nov dec
2017: jan feb maa apr mei jun jul aug sep okt nov dec
2016: jan feb maa apr mei jun jul aug sep okt nov dec
2015: jan feb maa apr mei jun jul aug sep okt nov dec
2014: jan feb maa apr mei jun jul aug sep okt nov dec
2013: jan feb maa apr mei jun jul aug sep okt nov dec
2012: jan feb maa apr mei jun jul aug sep okt nov dec
2011: jan feb maa apr mei jun jul aug sep okt nov dec
2010: jan feb maa apr mei jun jul aug sep okt nov dec
Rapport voor 2017 november
Daily noaa report MONTHLY CLIMATOLOGICAL SUMMARY for NOV. 2017 NAME: Ekeren CITY: Antwerp STATE: Belgium ELEV: 14 LAT: 51:17:80 LONG: -4:25:20 TEMPERATURE ( °C), RAIN (mm), WIND SPEED (kmh) HEAT COOL AVG MEAN DEG DEG WIND DOM DAY TEMP HIGH TIME LOW TIME DAYS DAYS RAIN SPEED HIGH TIME DIR -------------------------------------------------------------------------------------------------------- 12 06.0 07.8 13:00 05.3 14:00 12.3 00.0 08.0 06.8 46.3 15:00 NNW 13 06.8 10.4 15:00 02.8 00:00 11.5 00.0 02.4 02.9 24.1 06:00 NNW 14 07.2 09.7 16:30 02.7 01:30 11.1 00.0 00.0 06.3 31.4 13:00 SSW 15 09.1 10.0 16:06 08.4 06:00 09.2 00.0 01.6 04.7 18.5 05:30 S 16 09.6 10.8 16:34 08.7 07:37 08.7 00.0 01.0 06.1 24.1 12:41 SSW 17 06.6 10.7 13:30 01.9 00:00 11.7 00.0 00.2 00.2 09.3 14:30 NNW 18 07.2 09.7 16:14 01.9 00:25 11.1 00.0 03.4 06.1 31.4 12:19 SSW 19 07.1 09.2 14:02 04.6 23:42 11.2 00.0 03.2 03.7 27.8 13:33 WNW 20 07.5 12.7 00:00 04.8 09:06 10.8 00.0 03.6 08.4 33.3 21:54 SSW 21 11.8 12.8 03:11 10.8 20:25 06.5 00.0 02.4 10.1 37.0 20:16 SSW 22 12.0 14.2 15:01 10.9 10:14 06.3 00.0 00.0 14.7 50.0 23:15 S 23 12.9 15.9 13:27 09.8 20:43 05.4 00.0 01.4 15.7 55.5 09:36 SSW 24 08.4 10.3 13:06 05.6 00:00 09.9 00.0 10.8 02.1 20.4 12:35 WSW 25 04.8 08.3 12:34 02.2 08:17 13.5 00.0 01.8 03.0 22.2 15:40 SSW 26 05.2 08.3 14:07 03.4 08:41 13.1 00.0 05.4 07.3 27.8 19:16 SSW 27 06.9 09.4 18:12 04.1 04:23 11.4 00.0 09.0 12.0 37.0 13:29 SSW 28 05.6 07.3 11:29 02.1 23:24 12.7 00.0 00.6 04.3 22.2 08:33 SSW 29 03.8 06.6 13:38 02.4 22:41 14.5 00.0 00.6 02.6 20.4 07:20 S -------------------------------------------------------------------------------------------------------- 07.7 (7.7) 15.9 day 23 01.9 day 18 190.9 000.0 073.2 06.5 55.5 day 23 SSW Min < 30: 18 Max Rain: 10.8 ON 24-11-17 Days of Rain: 16 (> .2mm) 9 (> 2mm) 0 (> 20mm)