NOAA-Style Climate Reports
Select a Year or Month report
2024: jan feb maa apr mei jun jul aug sep okt nov dec
2023: jan feb maa apr mei jun jul aug sep okt nov dec
2022: jan feb maa apr mei jun jul aug sep okt nov dec
2021: jan feb maa apr mei jun jul aug sep okt nov dec
2020: jan feb maa apr mei jun jul aug sep okt nov dec
2019: jan feb maa apr mei jun jul aug sep okt nov dec
2018: jan feb maa apr mei jun jul aug sep okt nov dec
2017: jan feb maa apr mei jun jul aug sep okt nov dec
2016: jan feb maa apr mei jun jul aug sep okt nov dec
2015: jan feb maa apr mei jun jul aug sep okt nov dec
2014: jan feb maa apr mei jun jul aug sep okt nov dec
2013: jan feb maa apr mei jun jul aug sep okt nov dec
2012: jan feb maa apr mei jun jul aug sep okt nov dec
2011: jan feb maa apr mei jun jul aug sep okt nov dec
2010: jan feb maa apr mei jun jul aug sep okt nov dec
2024: jan feb maa apr mei jun jul aug sep okt nov dec
2023: jan feb maa apr mei jun jul aug sep okt nov dec
2022: jan feb maa apr mei jun jul aug sep okt nov dec
2021: jan feb maa apr mei jun jul aug sep okt nov dec
2020: jan feb maa apr mei jun jul aug sep okt nov dec
2019: jan feb maa apr mei jun jul aug sep okt nov dec
2018: jan feb maa apr mei jun jul aug sep okt nov dec
2017: jan feb maa apr mei jun jul aug sep okt nov dec
2016: jan feb maa apr mei jun jul aug sep okt nov dec
2015: jan feb maa apr mei jun jul aug sep okt nov dec
2014: jan feb maa apr mei jun jul aug sep okt nov dec
2013: jan feb maa apr mei jun jul aug sep okt nov dec
2012: jan feb maa apr mei jun jul aug sep okt nov dec
2011: jan feb maa apr mei jun jul aug sep okt nov dec
2010: jan feb maa apr mei jun jul aug sep okt nov dec
Rapport voor 2017 september
Daily noaa report MONTHLY CLIMATOLOGICAL SUMMARY for SEP. 2017 NAME: Ekeren CITY: Antwerp STATE: Belgium ELEV: 14 LAT: 51:17:80 LONG: -4:25:20 TEMPERATURE ( °C), RAIN (mm), WIND SPEED (kmh) HEAT COOL AVG MEAN DEG DEG WIND DOM DAY TEMP HIGH TIME LOW TIME DAYS DAYS RAIN SPEED HIGH TIME DIR -------------------------------------------------------------------------------------------------------- 01 16.8 20.1 17:59 12.9 00:00 01.5 00.0 02.8 00.4 12.9 16:00 NNE 02 15.8 21.3 17:14 11.9 04:31 02.5 00.0 00.0 01.9 20.4 15:13 NNE 03 15.2 21.6 16:39 08.7 07:59 03.1 00.0 00.0 02.5 22.2 17:51 S 04 15.5 21.9 13:34 11.1 04:16 02.8 00.0 00.0 02.3 24.1 14:33 S 05 19.9 24.4 17:00 16.6 00:22 00.0 01.6 00.0 04.7 22.2 17:21 S 06 17.4 19.7 01:20 15.8 08:28 00.9 00.0 02.6 07.2 35.1 01:21 SW 07 16.7 19.8 16:35 14.9 08:30 01.6 00.0 00.2 06.9 27.8 13:47 SSW 08 15.9 17.1 16:42 14.9 05:26 02.4 00.0 03.6 13.7 46.3 17:10 SSW 09 14.6 18.4 15:39 12.0 00:00 03.7 00.0 14.0 04.8 25.9 13:29 SSW 10 14.1 17.9 17:30 11.0 08:00 04.2 00.0 00.2 10.1 57.4 23:18 S 11 15.1 17.3 14:19 13.4 07:27 03.2 00.0 05.0 16.6 57.4 16:54 SSW 12 15.2 20.0 16:07 12.6 07:51 03.1 00.0 02.0 09.4 35.1 00:31 SSW 13 16.1 19.5 16:01 12.7 03:45 02.2 00.0 03.8 16.4 62.9 04:58 SSW 14 12.4 15.0 12:16 11.2 10:01 05.9 00.0 21.6 08.8 44.4 16:38 SSW 15 12.9 16.7 16:34 10.7 08:08 05.4 00.0 01.8 04.5 24.1 13:29 SW 16 11.6 15.2 14:37 09.6 08:06 06.7 00.0 01.6 03.1 16.6 11:12 SSW 17 12.3 18.8 14:36 06.6 08:07 06.0 00.0 00.2 01.6 16.6 13:24 SSE 18 13.1 16.7 17:17 10.5 05:24 05.2 00.0 10.0 04.6 20.4 22:23 SSW 19 14.0 18.4 14:16 11.3 08:38 04.3 00.0 00.4 02.5 20.4 17:17 NW 20 14.7 19.4 15:23 10.7 08:07 03.6 00.0 00.0 05.2 24.1 17:26 SSW 21 15.1 21.6 16:20 09.5 07:40 03.2 00.0 00.0 02.8 22.2 15:35 SSE 22 13.6 18.5 14:40 09.2 06:31 04.7 00.0 00.0 01.8 22.2 18:00 N 23 13.1 21.1 16:32 06.3 08:02 05.2 00.0 00.0 01.2 22.2 18:30 SW 24 13.9 23.0 16:11 07.7 06:04 04.4 00.0 00.0 01.0 18.5 16:17 SE -------------------------------------------------------------------------------------------------------- 14.8 (15.3) 24.4 day 05 06.3 day 23 085.7 001.6 113.4 05.6 62.9 day 10 SSW Min < 30: 24 Max Rain: 21.6 ON 14-09-17 Days of Rain: 15 (> .2mm) 8 (> 2mm) 1 (> 20mm)