NOAA-Style Climate Reports
Select a Year or Month report
2024: jan feb maa apr mei jun jul aug sep okt nov dec
2023: jan feb maa apr mei jun jul aug sep okt nov dec
2022: jan feb maa apr mei jun jul aug sep okt nov dec
2021: jan feb maa apr mei jun jul aug sep okt nov dec
2020: jan feb maa apr mei jun jul aug sep okt nov dec
2019: jan feb maa apr mei jun jul aug sep okt nov dec
2018: jan feb maa apr mei jun jul aug sep okt nov dec
2017: jan feb maa apr mei jun jul aug sep okt nov dec
2016: jan feb maa apr mei jun jul aug sep okt nov dec
2015: jan feb maa apr mei jun jul aug sep okt nov dec
2014: jan feb maa apr mei jun jul aug sep okt nov dec
2013: jan feb maa apr mei jun jul aug sep okt nov dec
2012: jan feb maa apr mei jun jul aug sep okt nov dec
2011: jan feb maa apr mei jun jul aug sep okt nov dec
2010: jan feb maa apr mei jun jul aug sep okt nov dec
2024: jan feb maa apr mei jun jul aug sep okt nov dec
2023: jan feb maa apr mei jun jul aug sep okt nov dec
2022: jan feb maa apr mei jun jul aug sep okt nov dec
2021: jan feb maa apr mei jun jul aug sep okt nov dec
2020: jan feb maa apr mei jun jul aug sep okt nov dec
2019: jan feb maa apr mei jun jul aug sep okt nov dec
2018: jan feb maa apr mei jun jul aug sep okt nov dec
2017: jan feb maa apr mei jun jul aug sep okt nov dec
2016: jan feb maa apr mei jun jul aug sep okt nov dec
2015: jan feb maa apr mei jun jul aug sep okt nov dec
2014: jan feb maa apr mei jun jul aug sep okt nov dec
2013: jan feb maa apr mei jun jul aug sep okt nov dec
2012: jan feb maa apr mei jun jul aug sep okt nov dec
2011: jan feb maa apr mei jun jul aug sep okt nov dec
2010: jan feb maa apr mei jun jul aug sep okt nov dec
Rapport voor 2017 juni
Daily noaa report MONTHLY CLIMATOLOGICAL SUMMARY for JUN. 2017 NAME: Ekeren CITY: Antwerp STATE: Belgium ELEV: 14 LAT: 51:17:80 LONG: -4:25:20 TEMPERATURE ( °C), RAIN (mm), WIND SPEED (kmh) HEAT COOL AVG MEAN DEG DEG WIND DOM DAY TEMP HIGH TIME LOW TIME DAYS DAYS RAIN SPEED HIGH TIME DIR -------------------------------------------------------------------------------------------------------- 01 20.0 28.9 17:22 11.3 06:38 00.0 01.7 00.0 01.9 18.5 19:56 NNE 02 21.9 28.1 16:12 14.6 06:16 00.0 03.6 00.0 02.5 20.4 17:21 N 03 20.6 24.3 13:35 17.2 00:00 00.0 02.3 00.0 04.2 27.8 16:36 NW 04 17.4 20.3 17:18 13.4 06:41 00.9 00.0 00.0 05.3 29.6 15:32 WNW 05 18.2 23.1 16:44 12.6 06:03 00.1 00.0 00.0 07.4 37.0 15:05 S 06 16.1 19.1 00:01 13.4 13:16 02.2 00.0 06.0 14.0 55.5 12:00 SSW 07 16.0 20.2 17:07 13.2 07:31 02.3 00.0 00.0 13.2 44.4 09:35 SSW 08 18.9 24.8 18:09 13.2 03:43 00.0 00.6 00.6 09.8 38.9 14:29 SSW 09 18.1 21.4 18:22 14.9 10:14 00.2 00.0 10.6 07.0 44.4 06:30 SW 10 19.7 26.8 18:08 12.5 06:15 00.0 01.4 00.0 07.2 25.9 19:03 SSW 11 22.2 28.3 18:08 17.3 03:20 00.0 03.9 00.0 06.5 29.6 16:28 SSW 12 17.0 19.2 00:02 14.2 07:04 01.3 00.0 00.0 07.6 31.4 02:06 SW 13 18.5 23.3 15:07 13.8 06:37 00.0 00.2 00.0 04.1 20.4 18:39 W 14 20.6 28.8 17:23 11.7 06:16 00.0 02.3 00.0 01.7 20.4 12:57 E 15 21.9 27.4 12:02 15.1 06:32 00.0 03.6 00.0 05.5 33.3 23:46 WSW 16 17.8 20.0 15:11 15.6 00:00 00.5 00.0 00.0 05.7 29.6 15:23 WNW 17 20.3 26.1 17:08 13.8 01:38 00.0 02.0 00.0 04.1 22.2 14:43 NW 18 23.4 31.0 17:27 14.7 06:30 00.0 05.1 00.0 01.5 18.5 15:26 E 19 25.7 33.9 18:25 17.2 06:34 00.0 07.4 00.0 02.2 18.5 12:50 ENE 20 25.7 33.3 15:38 19.1 06:27 00.0 07.4 00.0 02.7 20.4 20:26 NNE 21 25.8 34.6 16:53 16.8 07:30 00.0 07.5 00.0 02.1 20.4 15:25 ESE 22 26.1 34.5 14:00 20.2 23:57 00.0 07.8 00.2 05.8 35.1 17:56 SW 23 19.5 23.1 12:31 17.2 09:00 00.0 01.2 00.0 05.5 24.1 12:26 SSW 24 19.5 26.1 17:00 15.3 06:30 00.0 01.2 00.0 09.7 37.0 03:30 SSW 25 19.3 22.2 14:43 17.6 07:21 00.0 01.0 00.0 08.4 29.6 17:29 SW -------------------------------------------------------------------------------------------------------- 20.4 (20.5) 34.6 day 21 11.3 day 01 007.6 060.3 017.4 05.8 55.5 day 06 SW Max > 30: 5 Min < 30: 25 Max Rain: 10.6 ON 9-06-17 Days of Rain: 4 (> .2mm) 2 (> 2mm) 0 (> 20mm)