NOAA-Style Climate Reports
Select a Year or Month report
2024: jan feb maa apr mei jun jul aug sep okt nov dec
2023: jan feb maa apr mei jun jul aug sep okt nov dec
2022: jan feb maa apr mei jun jul aug sep okt nov dec
2021: jan feb maa apr mei jun jul aug sep okt nov dec
2020: jan feb maa apr mei jun jul aug sep okt nov dec
2019: jan feb maa apr mei jun jul aug sep okt nov dec
2018: jan feb maa apr mei jun jul aug sep okt nov dec
2017: jan feb maa apr mei jun jul aug sep okt nov dec
2016: jan feb maa apr mei jun jul aug sep okt nov dec
2015: jan feb maa apr mei jun jul aug sep okt nov dec
2014: jan feb maa apr mei jun jul aug sep okt nov dec
2013: jan feb maa apr mei jun jul aug sep okt nov dec
2012: jan feb maa apr mei jun jul aug sep okt nov dec
2011: jan feb maa apr mei jun jul aug sep okt nov dec
2010: jan feb maa apr mei jun jul aug sep okt nov dec
2024: jan feb maa apr mei jun jul aug sep okt nov dec
2023: jan feb maa apr mei jun jul aug sep okt nov dec
2022: jan feb maa apr mei jun jul aug sep okt nov dec
2021: jan feb maa apr mei jun jul aug sep okt nov dec
2020: jan feb maa apr mei jun jul aug sep okt nov dec
2019: jan feb maa apr mei jun jul aug sep okt nov dec
2018: jan feb maa apr mei jun jul aug sep okt nov dec
2017: jan feb maa apr mei jun jul aug sep okt nov dec
2016: jan feb maa apr mei jun jul aug sep okt nov dec
2015: jan feb maa apr mei jun jul aug sep okt nov dec
2014: jan feb maa apr mei jun jul aug sep okt nov dec
2013: jan feb maa apr mei jun jul aug sep okt nov dec
2012: jan feb maa apr mei jun jul aug sep okt nov dec
2011: jan feb maa apr mei jun jul aug sep okt nov dec
2010: jan feb maa apr mei jun jul aug sep okt nov dec
Rapport voor 2015 augustus
Daily noaa report MONTHLY CLIMATOLOGICAL SUMMARY for AUG. 2015 NAME: Ekeren CITY: Antwerp STATE: Belgium ELEV: 14 LAT: 51:17:80 LONG: -4:25:20 TEMPERATURE ( °C), RAIN (mm), WIND SPEED (kmh) HEAT COOL AVG MEAN DEG DEG WIND DOM DAY TEMP HIGH TIME LOW TIME DAYS DAYS RAIN SPEED HIGH TIME DIR -------------------------------------------------------------------------------------------------------- 01 17.9 25.3 14:39 10.2 07:19 00.4 00.0 00.0 02.4 22.2 17:17 N 02 20.2 29.2 17:28 10.7 06:45 00.0 01.9 00.0 01.9 20.4 13:59 ESE 03 23.6 32.5 15:44 14.6 06:50 00.0 05.3 00.0 04.7 27.8 15:57 S 04 19.3 23.1 18:23 16.5 11:15 00.0 01.0 03.2 05.1 27.8 19:07 WSW 05 21.5 29.2 19:34 14.1 07:19 00.0 03.2 00.0 03.8 24.1 13:30 SSE 06 22.2 29.4 13:47 15.8 07:10 00.0 03.9 00.0 03.7 24.1 14:03 WSW 07 21.2 30.0 16:29 15.1 06:23 00.0 02.9 00.0 03.3 22.2 17:11 NNW 08 21.4 27.2 17:27 17.5 07:26 00.0 03.1 00.0 03.3 18.5 19:52 N 09 19.6 25.8 12:51 13.4 07:17 00.0 01.3 00.0 01.1 14.8 18:42 NNE 10 21.4 26.9 15:24 16.9 06:34 00.0 03.1 00.0 02.7 20.4 17:56 NW 11 20.8 26.2 15:27 16.8 07:12 00.0 02.5 00.0 02.8 20.4 19:32 NNW 12 22.8 29.5 16:01 18.9 07:47 00.0 04.5 00.0 03.1 20.4 19:32 NNE 13 23.3 33.7 17:02 16.4 07:22 00.0 05.0 23.6 03.3 37.0 20:28 ENE 14 21.4 25.9 16:22 19.3 07:58 00.0 03.1 12.2 04.4 33.3 16:46 S 15 18.0 20.3 12:07 16.1 00:00 00.3 00.0 02.4 03.9 31.4 17:46 NNW 16 17.1 22.0 13:33 13.2 07:20 01.2 00.0 00.0 04.1 27.8 15:02 N 17 15.5 17.9 15:02 13.2 00:00 02.8 00.0 02.8 04.5 25.9 17:31 NNW 18 15.2 19.2 15:40 12.7 07:04 03.1 00.0 01.0 07.7 35.1 12:43 SSW 19 18.8 23.9 18:11 14.5 07:36 00.0 00.5 00.0 05.5 25.9 14:06 S 20 19.1 25.7 15:51 12.9 05:53 00.0 00.8 00.0 03.5 25.9 14:46 S 21 22.2 30.3 17:07 15.7 06:26 00.0 03.9 00.0 02.0 20.4 13:16 SSE 22 22.8 30.5 17:28 15.8 07:33 00.0 04.5 00.0 02.3 20.4 19:01 ESE 23 20.7 29.5 14:46 16.1 06:56 00.0 02.4 04.2 03.3 27.8 16:32 SE 24 17.7 22.9 15:40 14.3 05:47 00.6 00.0 05.8 06.3 53.6 20:28 S 25 17.1 20.6 13:54 15.0 05:14 01.2 00.0 06.2 13.2 55.5 21:20 SSW 26 21.1 26.7 16:07 17.3 00:01 00.0 02.8 05.8 11.5 44.4 12:31 S 27 16.8 19.9 02:30 14.6 00:00 01.5 00.0 04.8 10.5 33.3 15:54 S 28 17.1 22.3 16:25 13.3 07:18 01.2 00.0 00.2 06.3 27.8 16:10 SSW 29 19.2 27.3 17:16 11.2 07:24 00.0 00.9 00.0 01.2 14.8 16:09 ESE 30 22.9 30.4 16:18 17.2 06:36 00.0 04.6 01.0 02.6 18.5 23:34 NE 31 22.2 30.4 14:25 18.4 22:59 00.0 03.9 13.0 04.1 46.3 15:53 SSW -------------------------------------------------------------------------------------------------------- 20.0 (20.7) 33.7 day 13 10.2 day 01 012.2 065.1 086.2 04.5 55.5 day 31 S Max > 30: 7 Min < 30: 31 Max Rain: 23.6 ON 13-08-15 Days of Rain: 14 (> .2mm) 11 (> 2mm) 1 (> 20mm)