NOAA-Style Climate Reports
Select a Year or Month report
2024: jan feb maa apr mei jun jul aug sep okt nov dec
2023: jan feb maa apr mei jun jul aug sep okt nov dec
2022: jan feb maa apr mei jun jul aug sep okt nov dec
2021: jan feb maa apr mei jun jul aug sep okt nov dec
2020: jan feb maa apr mei jun jul aug sep okt nov dec
2019: jan feb maa apr mei jun jul aug sep okt nov dec
2018: jan feb maa apr mei jun jul aug sep okt nov dec
2017: jan feb maa apr mei jun jul aug sep okt nov dec
2016: jan feb maa apr mei jun jul aug sep okt nov dec
2015: jan feb maa apr mei jun jul aug sep okt nov dec
2014: jan feb maa apr mei jun jul aug sep okt nov dec
2013: jan feb maa apr mei jun jul aug sep okt nov dec
2012: jan feb maa apr mei jun jul aug sep okt nov dec
2011: jan feb maa apr mei jun jul aug sep okt nov dec
2010: jan feb maa apr mei jun jul aug sep okt nov dec
2024: jan feb maa apr mei jun jul aug sep okt nov dec
2023: jan feb maa apr mei jun jul aug sep okt nov dec
2022: jan feb maa apr mei jun jul aug sep okt nov dec
2021: jan feb maa apr mei jun jul aug sep okt nov dec
2020: jan feb maa apr mei jun jul aug sep okt nov dec
2019: jan feb maa apr mei jun jul aug sep okt nov dec
2018: jan feb maa apr mei jun jul aug sep okt nov dec
2017: jan feb maa apr mei jun jul aug sep okt nov dec
2016: jan feb maa apr mei jun jul aug sep okt nov dec
2015: jan feb maa apr mei jun jul aug sep okt nov dec
2014: jan feb maa apr mei jun jul aug sep okt nov dec
2013: jan feb maa apr mei jun jul aug sep okt nov dec
2012: jan feb maa apr mei jun jul aug sep okt nov dec
2011: jan feb maa apr mei jun jul aug sep okt nov dec
2010: jan feb maa apr mei jun jul aug sep okt nov dec
Rapport voor 2015 juli
Daily noaa report MONTHLY CLIMATOLOGICAL SUMMARY for JUL. 2015 NAME: Ekeren CITY: Antwerp STATE: Belgium ELEV: 14 LAT: 51:17:80 LONG: -4:25:20 TEMPERATURE ( °C), RAIN (mm), WIND SPEED (kmh) HEAT COOL AVG MEAN DEG DEG WIND DOM DAY TEMP HIGH TIME LOW TIME DAYS DAYS RAIN SPEED HIGH TIME DIR -------------------------------------------------------------------------------------------------------- 01 27.9 37.3 17:30 17.5 06:42 00.0 09.6 00.0 02.9 24.1 14:11 SE 02 25.9 30.4 12:47 23.1 06:40 00.0 07.6 00.0 04.5 27.8 17:29 NW 03 26.1 34.7 17:37 18.9 07:03 00.0 07.8 00.0 03.2 22.2 19:03 NNW 04 27.2 34.7 12:48 21.7 00:00 00.0 08.9 00.0 04.4 22.2 12:50 S 05 21.7 29.0 12:30 18.2 06:46 00.0 03.4 00.0 04.4 44.4 15:11 W 06 20.7 26.7 18:00 14.9 07:21 00.0 02.4 00.0 06.7 31.4 16:13 SSW 07 20.7 25.4 12:35 15.4 06:26 00.0 02.4 00.0 06.1 33.3 23:53 SSW 08 16.8 20.4 17:10 14.5 06:07 01.5 00.0 01.6 12.1 44.4 02:03 SSW 09 16.0 19.8 14:51 12.2 00:00 02.3 00.0 00.2 05.8 31.4 17:06 NNW 10 18.2 27.0 18:22 08.7 06:08 00.1 00.0 00.0 03.0 20.4 13:48 SSE 11 21.8 30.4 14:09 14.7 07:02 00.0 03.5 00.0 04.6 29.6 15:16 W 12 17.7 20.8 15:40 15.4 04:55 00.6 00.0 00.4 08.1 35.1 16:22 SSW 13 17.6 18.5 20:53 16.5 08:34 00.7 00.0 03.0 08.1 35.1 20:52 SSW 14 18.4 20.5 15:25 17.1 07:12 00.0 00.1 01.2 06.1 25.9 14:24 SW 15 18.8 21.1 17:43 16.8 06:39 00.0 00.5 00.4 05.2 22.2 15:02 SSW 16 21.4 29.7 16:47 14.8 05:45 00.0 03.1 00.4 02.0 16.6 17:44 NE 17 23.6 28.4 17:48 19.7 00:00 00.0 05.3 00.0 08.4 42.5 07:02 SSW 18 19.7 25.3 17:14 15.7 07:25 00.0 01.4 00.4 06.2 35.1 13:40 SSW 19 18.3 23.4 19:17 15.6 06:26 00.0 00.0 00.2 03.2 29.6 16:08 SW 20 19.6 24.4 19:49 14.7 06:04 00.0 01.3 00.0 04.4 24.1 19:24 S 21 22.3 25.4 18:46 18.6 07:45 00.0 04.0 00.0 07.9 33.3 17:02 SSW 22 20.6 25.5 14:17 17.3 06:48 00.0 02.3 00.0 05.6 29.6 00:04 WSW 23 19.2 24.2 14:22 15.4 06:28 00.0 00.9 00.0 03.8 27.8 00:14 WNW 24 22.7 25.6 16:27 17.2 16:01 00.0 04.4 00.0 02.4 18.5 21:27 E 25 16.4 19.8 00:01 14.0 13:41 01.9 00.0 02.2 09.3 46.3 17:43 WSW 26 15.5 21.2 12:37 11.7 03:40 02.8 00.0 03.8 07.0 33.3 13:53 S 27 17.1 20.9 18:55 14.5 00:01 01.2 00.0 01.6 14.2 48.1 17:56 SSW 28 17.0 20.0 13:47 14.7 06:26 01.3 00.0 00.0 12.6 46.3 15:58 SSW 29 15.5 20.1 17:09 12.5 05:42 02.8 00.0 00.0 08.8 35.1 12:24 SW 30 14.9 18.9 15:20 12.7 00:00 03.4 00.0 00.2 04.3 22.2 11:51 WNW 31 15.5 22.6 16:41 08.0 06:28 02.8 00.0 00.0 01.7 20.4 14:35 NNE -------------------------------------------------------------------------------------------------------- 19.8 (20.2) 37.3 day 01 08.0 day 31 021.3 068.9 015.6 06.0 48.1 day 28 SSW Max > 30: 5 Min < 30: 31 Max Rain: 3.8 ON 26-07-15 Days of Rain: 13 (> .2mm) 3 (> 2mm) 0 (> 20mm)