NOAA-Style Climate Reports
Select a Year or Month report
2024: jan feb maa apr mei jun jul aug sep okt nov dec
2023: jan feb maa apr mei jun jul aug sep okt nov dec
2022: jan feb maa apr mei jun jul aug sep okt nov dec
2021: jan feb maa apr mei jun jul aug sep okt nov dec
2020: jan feb maa apr mei jun jul aug sep okt nov dec
2019: jan feb maa apr mei jun jul aug sep okt nov dec
2018: jan feb maa apr mei jun jul aug sep okt nov dec
2017: jan feb maa apr mei jun jul aug sep okt nov dec
2016: jan feb maa apr mei jun jul aug sep okt nov dec
2015: jan feb maa apr mei jun jul aug sep okt nov dec
2014: jan feb maa apr mei jun jul aug sep okt nov dec
2013: jan feb maa apr mei jun jul aug sep okt nov dec
2012: jan feb maa apr mei jun jul aug sep okt nov dec
2011: jan feb maa apr mei jun jul aug sep okt nov dec
2010: jan feb maa apr mei jun jul aug sep okt nov dec
2024: jan feb maa apr mei jun jul aug sep okt nov dec
2023: jan feb maa apr mei jun jul aug sep okt nov dec
2022: jan feb maa apr mei jun jul aug sep okt nov dec
2021: jan feb maa apr mei jun jul aug sep okt nov dec
2020: jan feb maa apr mei jun jul aug sep okt nov dec
2019: jan feb maa apr mei jun jul aug sep okt nov dec
2018: jan feb maa apr mei jun jul aug sep okt nov dec
2017: jan feb maa apr mei jun jul aug sep okt nov dec
2016: jan feb maa apr mei jun jul aug sep okt nov dec
2015: jan feb maa apr mei jun jul aug sep okt nov dec
2014: jan feb maa apr mei jun jul aug sep okt nov dec
2013: jan feb maa apr mei jun jul aug sep okt nov dec
2012: jan feb maa apr mei jun jul aug sep okt nov dec
2011: jan feb maa apr mei jun jul aug sep okt nov dec
2010: jan feb maa apr mei jun jul aug sep okt nov dec
Rapport voor 2015 april
Daily noaa report MONTHLY CLIMATOLOGICAL SUMMARY for APR. 2015 NAME: Ekeren CITY: Antwerp STATE: Belgium ELEV: 14 LAT: 51:17:80 LONG: -4:25:20 TEMPERATURE ( °C), RAIN (mm), WIND SPEED (kmh) HEAT COOL AVG MEAN DEG DEG WIND DOM DAY TEMP HIGH TIME LOW TIME DAYS DAYS RAIN SPEED HIGH TIME DIR ---------------------------------------------------------------------------------------------------------------------------------------------------------- 01 07.8 10.8 16:45 05.4 09:34 10.5 00.0 01.8 13.0 59.2 16:05 W 02 07.1 09.1 16:04 04.8 23:43 11.2 00.0 03.8 09.1 46.3 11:07 NW 03 06.1 09.6 13:29 01.9 04:57 12.2 00.0 00.0 03.3 22.2 15:21 SSE 04 06.4 10.0 17:09 03.5 00:00 11.9 00.0 01.2 05.0 31.4 18:46 NNE 05 06.3 12.5 17:48 00.2 06:43 12.0 00.0 00.0 03.2 24.1 20:07 NNE 06 06.6 12.1 17:47 02.3 04:17 11.7 00.0 00.0 01.4 11.1 18:32 E 07 08.1 14.6 16:11 01.3 07:41 10.2 00.0 00.0 02.4 20.4 14:17 NNW 08 09.7 15.5 15:08 03.6 08:04 08.6 00.0 00.0 02.1 18.5 16:43 NE 09 11.4 19.4 16:53 04.4 07:44 06.9 00.0 00.0 02.5 16.6 16:38 NNW 10 13.9 22.8 16:11 04.4 07:58 04.4 00.0 00.0 02.0 20.4 15:51 SSW 11 12.0 15.6 01:43 06.9 22:51 06.3 00.0 02.2 08.0 38.9 16:05 SSW 12 11.4 17.6 17:20 06.0 07:36 06.9 00.0 00.0 09.0 44.4 18:00 SSW 13 10.7 14.6 16:58 06.4 07:38 07.6 00.0 00.0 04.6 31.4 00:16 NW 14 20.7 23.2 15:02 16.9 15:01 00.0 02.4 00.0 07.9 20.4 15:03 NNW 15 17.9 23.8 18:04 09.9 07:02 00.4 00.0 00.0 04.6 22.2 18:06 N 16 12.9 18.7 15:59 07.2 07:15 05.4 00.0 00.0 04.2 22.2 20:15 NE 17 10.2 15.0 14:42 06.7 05:34 08.1 00.0 00.0 06.7 29.6 12:04 NE 18 09.4 16.2 16:12 03.4 07:24 08.9 00.0 00.0 04.8 31.4 14:17 NE 19 09.4 15.9 18:10 03.1 07:15 08.9 00.0 00.0 03.5 20.4 00:13 NNE 20 12.6 20.5 15:31 05.5 06:29 05.7 00.0 00.0 03.8 20.4 18:24 NNE 21 12.1 20.9 15:08 05.4 07:00 06.2 00.0 00.0 04.4 24.1 17:14 NNE 22 09.2 15.2 18:00 04.8 06:25 09.1 00.0 00.0 04.4 20.4 15:16 NNE 23 10.5 17.2 18:01 03.7 06:21 07.8 00.0 00.0 03.0 20.4 17:27 N ---------------------------------------------------------------------------------------------------------------------------------------------------------- 10.5 (10.6) 23.8 day 15 00.2 day 05 180.7 002.4 009.0 04.9 59.2 day 01 N Min < 30: 23 Max Rain: 3.8 ON 2-04-15 Days of Rain: 4 (> .2mm) 2 (> 2mm) 0 (> 20mm)