NOAA-Style Climate Reports
Select a Year or Month report
2024: jan feb maa apr mei jun jul aug sep okt nov dec
2023: jan feb maa apr mei jun jul aug sep okt nov dec
2022: jan feb maa apr mei jun jul aug sep okt nov dec
2021: jan feb maa apr mei jun jul aug sep okt nov dec
2020: jan feb maa apr mei jun jul aug sep okt nov dec
2019: jan feb maa apr mei jun jul aug sep okt nov dec
2018: jan feb maa apr mei jun jul aug sep okt nov dec
2017: jan feb maa apr mei jun jul aug sep okt nov dec
2016: jan feb maa apr mei jun jul aug sep okt nov dec
2015: jan feb maa apr mei jun jul aug sep okt nov dec
2014: jan feb maa apr mei jun jul aug sep okt nov dec
2013: jan feb maa apr mei jun jul aug sep okt nov dec
2012: jan feb maa apr mei jun jul aug sep okt nov dec
2011: jan feb maa apr mei jun jul aug sep okt nov dec
2010: jan feb maa apr mei jun jul aug sep okt nov dec
2024: jan feb maa apr mei jun jul aug sep okt nov dec
2023: jan feb maa apr mei jun jul aug sep okt nov dec
2022: jan feb maa apr mei jun jul aug sep okt nov dec
2021: jan feb maa apr mei jun jul aug sep okt nov dec
2020: jan feb maa apr mei jun jul aug sep okt nov dec
2019: jan feb maa apr mei jun jul aug sep okt nov dec
2018: jan feb maa apr mei jun jul aug sep okt nov dec
2017: jan feb maa apr mei jun jul aug sep okt nov dec
2016: jan feb maa apr mei jun jul aug sep okt nov dec
2015: jan feb maa apr mei jun jul aug sep okt nov dec
2014: jan feb maa apr mei jun jul aug sep okt nov dec
2013: jan feb maa apr mei jun jul aug sep okt nov dec
2012: jan feb maa apr mei jun jul aug sep okt nov dec
2011: jan feb maa apr mei jun jul aug sep okt nov dec
2010: jan feb maa apr mei jun jul aug sep okt nov dec
Rapport voor 2014 december
Daily noaa report MONTHLY CLIMATOLOGICAL SUMMARY for DEC. 2014 NAME: CITY: STATE: ELEV: LAT: LONG: TEMPERATURE ( °C), RAIN (mm), WIND SPEED (kmh) HEAT COOL AVG MEAN DEG DEG WIND DOM DAY TEMP HIGH TIME LOW TIME DAYS DAYS RAIN SPEED HIGH TIME DIR ---------------------------------------------------------------------------------------------------------------------------------------------------------- 01 02.8 03.3 00:28 02.3 13:29 15.5 00.0 00.0 02.5 20.4 06:38 NE 02 01.8 02.4 00:06 01.4 23:11 16.5 00.0 00.0 03.0 18.5 16:23 NNE 03 00.4 01.6 02:39 -01.4 23:16 17.9 00.0 00.4 03.3 24.1 06:25 NE 04 00.5 02.2 00:00 -01.3 00:43 17.8 00.0 00.0 00.8 14.8 00:35 E 05 04.0 05.7 21:11 01.9 04:24 14.3 00.0 01.4 03.9 24.1 17:46 N 06 05.9 09.8 14:28 00.8 00:00 12.4 00.0 00.4 01.1 16.6 12:45 NNW 07 04.0 06.4 21:06 00.5 00:40 14.3 00.0 01.6 08.3 38.9 15:22 NNW 08 03.7 05.2 00:04 02.2 09:36 14.6 00.0 04.4 05.5 29.6 22:24 NNW 09 05.0 08.1 14:09 01.7 09:19 13.3 00.0 01.4 06.2 44.4 22:34 NNW 10 07.0 09.8 12:44 05.1 00:21 11.3 00.0 02.4 12.1 50.0 04:45 NW 11 07.0 08.4 12:14 05.4 00:07 11.3 00.0 02.8 12.3 51.8 14:31 NW 12 08.9 10.3 15:29 06.7 23:15 09.4 00.0 05.0 15.3 62.9 08:13 NNW 13 05.6 06.8 00:28 03.8 22:28 12.7 00.0 00.0 03.8 20.4 19:25 N 14 03.3 06.5 14:47 00.9 09:46 15.0 00.0 00.0 07.8 31.4 23:23 N 15 05.7 06.9 15:39 02.8 00:01 12.6 00.0 02.6 11.0 42.5 06:15 N 16 06.9 08.3 14:11 04.8 23:59 11.4 00.0 00.2 05.3 27.8 15:28 NW 17 08.4 11.5 21:10 04.6 01:17 09.9 00.0 03.6 09.6 44.4 07:32 NNW 18 12.2 13.4 15:42 10.9 03:18 06.1 00.0 00.8 10.4 50.0 15:47 NW 19 10.0 12.8 04:36 06.6 00:00 08.3 00.0 07.2 10.8 48.1 04:25 NW 20 07.5 09.6 14:47 05.9 06:37 10.8 00.0 00.2 08.6 46.3 14:31 NW 21 07.2 08.9 23:01 05.1 06:14 11.1 00.0 01.0 09.1 42.5 23:31 NNW 22 11.0 13.2 18:16 08.7 00:53 07.3 00.0 00.0 15.0 57.4 21:31 NW 23 11.6 12.7 12:58 10.3 00:00 06.7 00.0 00.0 12.6 44.4 11:05 NW 24 08.9 10.3 00:02 06.6 23:39 09.4 00.0 03.8 11.1 50.0 07:15 NW 25 06.2 08.4 13:44 04.6 23:48 12.1 00.0 01.0 05.0 31.4 13:41 WNW 26 04.4 06.2 14:16 02.8 08:20 13.9 00.0 00.2 03.4 29.6 23:49 NW 27 01.0 04.2 00:11 -01.1 00:00 17.3 00.0 23.0 06.2 38.9 01:40 ENE 28 -02.7 00.2 15:26 -04.4 09:30 21.0 00.0 02.2 00.0 00.0 00:00 NNE 29 02.9 05.9 13:48 -01.4 00:01 15.4 00.0 07.2 01.1 22.2 09:00 NW 30 04.6 06.6 13:34 01.7 00:01 13.7 00.0 00.2 01.7 20.4 17:22 WNW 31 04.6 07.8 13:31 02.4 02:59 13.7 00.0 00.0 02.4 20.4 13:34 N ---------------------------------------------------------------------------------------------------------------------------------------------------------- 05.5 (5.4) 13.4 day 18 -04.4 day 28 397.1 000.0 073.0 06.7 62.9 day 12 NNW Min < 30: 31 Max Rain: 23.0 ON 27-12-15 Days of Rain: 23 (> .2mm) 11 (> 2mm) 1 (> 20mm)