NOAA-Style Climate Reports
Select a Year or Month report
2024: jan feb maa apr mei jun jul aug sep okt nov dec
2023: jan feb maa apr mei jun jul aug sep okt nov dec
2022: jan feb maa apr mei jun jul aug sep okt nov dec
2021: jan feb maa apr mei jun jul aug sep okt nov dec
2020: jan feb maa apr mei jun jul aug sep okt nov dec
2019: jan feb maa apr mei jun jul aug sep okt nov dec
2018: jan feb maa apr mei jun jul aug sep okt nov dec
2017: jan feb maa apr mei jun jul aug sep okt nov dec
2016: jan feb maa apr mei jun jul aug sep okt nov dec
2015: jan feb maa apr mei jun jul aug sep okt nov dec
2014: jan feb maa apr mei jun jul aug sep okt nov dec
2013: jan feb maa apr mei jun jul aug sep okt nov dec
2012: jan feb maa apr mei jun jul aug sep okt nov dec
2011: jan feb maa apr mei jun jul aug sep okt nov dec
2010: jan feb maa apr mei jun jul aug sep okt nov dec
2024: jan feb maa apr mei jun jul aug sep okt nov dec
2023: jan feb maa apr mei jun jul aug sep okt nov dec
2022: jan feb maa apr mei jun jul aug sep okt nov dec
2021: jan feb maa apr mei jun jul aug sep okt nov dec
2020: jan feb maa apr mei jun jul aug sep okt nov dec
2019: jan feb maa apr mei jun jul aug sep okt nov dec
2018: jan feb maa apr mei jun jul aug sep okt nov dec
2017: jan feb maa apr mei jun jul aug sep okt nov dec
2016: jan feb maa apr mei jun jul aug sep okt nov dec
2015: jan feb maa apr mei jun jul aug sep okt nov dec
2014: jan feb maa apr mei jun jul aug sep okt nov dec
2013: jan feb maa apr mei jun jul aug sep okt nov dec
2012: jan feb maa apr mei jun jul aug sep okt nov dec
2011: jan feb maa apr mei jun jul aug sep okt nov dec
2010: jan feb maa apr mei jun jul aug sep okt nov dec
Rapport voor 2014 february
Daily noaa report MONTHLY CLIMATOLOGICAL SUMMARY for FEB. 2014 NAME: Ekeren CITY: Antwerp STATE: ELEV: 40 LAT: 051:16:50 LONG: -004:25:14 TEMPERATURE ( °C), RAIN (mm), WIND SPEED (kmh) HEAT COOL AVG MEAN DEG DEG WIND DOM DAY TEMP HIGH TIME LOW TIME DAYS DAYS RAIN SPEED HIGH TIME DIR ---------------------------------------------------------------------------------------------------------------------------------------------------------- 01 07.3 08.9 15:16 06.1 00:00 11.0 00.0 07.6 14.0 46.3 08:53 N 02 06.0 08.5 15:11 03.5 23:57 12.3 00.0 00.0 11.1 40.7 13:51 N 03 04.7 09.9 15:00 01.0 07:07 13.6 00.0 00.2 03.0 20.4 12:01 SE 04 06.7 10.3 14:11 03.2 03:37 11.6 00.0 00.0 09.4 37.0 14:44 NE 05 08.0 10.8 12:44 04.7 01:58 10.3 00.0 01.4 14.8 59.2 18:18 NE 06 07.9 09.9 12:16 05.5 17:54 10.4 00.0 06.4 13.6 48.1 06:29 N 07 08.7 12.1 07:42 06.1 22:54 09.6 00.0 04.6 13.3 57.4 12:02 NNW 08 08.0 09.6 16:57 05.8 01:01 10.3 00.0 04.0 18.8 53.6 09:48 N 09 06.5 08.2 15:32 04.8 00:00 11.8 00.0 01.2 18.5 61.0 10:10 NNW 10 05.9 08.1 15:58 04.1 01:06 12.4 00.0 00.0 02.5 20.4 09:53 ESE 11 06.5 08.9 14:12 04.4 08:47 11.8 00.0 02.8 12.7 53.6 17:52 NNW 12 07.0 09.6 14:42 04.2 09:02 11.3 00.0 04.8 18.5 61.0 18:23 N 13 05.5 07.5 00:35 04.2 13:42 12.8 00.0 06.8 09.3 42.5 03:37 NNW 14 05.8 13.7 00:00 03.4 07:12 12.5 00.0 06.4 11.3 59.2 23:17 NE 15 10.9 14.3 00:45 07.4 00:00 07.4 00.0 00.6 21.5 74.0 01:22 NW 16 07.5 10.8 15:07 04.7 23:20 10.8 00.0 00.2 08.9 35.1 00:41 NW 17 07.4 11.6 15:15 03.6 03:17 10.9 00.0 00.0 05.6 27.8 14:55 N 18 06.6 08.9 12:54 04.4 04:35 11.7 00.0 00.8 04.8 25.9 23:23 NNE 19 08.4 10.3 13:06 06.8 03:37 09.9 00.0 00.0 06.5 25.9 11:33 NNW 20 09.2 10.8 16:29 07.8 03:19 09.1 00.0 03.0 11.4 48.1 12:09 N 21 07.9 10.3 14:32 06.0 00:00 10.4 00.0 01.4 09.6 37.0 17:45 NNW 22 07.4 10.6 16:30 05.4 06:55 10.9 00.0 00.2 11.4 37.0 09:17 N 23 08.5 12.9 15:22 04.0 07:33 09.8 00.0 00.0 09.9 38.9 11:22 N 24 09.1 13.9 15:20 04.4 07:21 09.2 00.0 00.0 06.6 40.7 17:06 NE 25 09.5 12.5 15:29 07.0 00:03 08.8 00.0 02.4 09.5 53.6 13:22 NNE 26 07.9 11.2 14:06 05.7 07:46 10.4 00.0 00.2 06.5 25.9 13:13 N 27 05.8 07.8 11:23 03.7 07:17 12.5 00.0 01.8 09.7 53.6 12:54 N 28 05.9 08.0 13:19 04.5 07:51 12.4 00.0 03.4 04.3 20.4 12:32 E ---------------------------------------------------------------------------------------------------------------------------------------------------------- 07.4 (7.6) 14.3 day 15 01.0 day 03 305.8 000.0 060.2 10.6 74.0 day 12 N Min < 30: 28 Max Rain: 7.6 ON 1-02-14 Days of Rain: 21 (> .2mm) 11 (> 2mm) 0 (> 20mm)