NOAA-Style Climate Reports
Select a Year or Month report
2024: jan feb maa apr mei jun jul aug sep okt nov dec
2023: jan feb maa apr mei jun jul aug sep okt nov dec
2022: jan feb maa apr mei jun jul aug sep okt nov dec
2021: jan feb maa apr mei jun jul aug sep okt nov dec
2020: jan feb maa apr mei jun jul aug sep okt nov dec
2019: jan feb maa apr mei jun jul aug sep okt nov dec
2018: jan feb maa apr mei jun jul aug sep okt nov dec
2017: jan feb maa apr mei jun jul aug sep okt nov dec
2016: jan feb maa apr mei jun jul aug sep okt nov dec
2015: jan feb maa apr mei jun jul aug sep okt nov dec
2014: jan feb maa apr mei jun jul aug sep okt nov dec
2013: jan feb maa apr mei jun jul aug sep okt nov dec
2012: jan feb maa apr mei jun jul aug sep okt nov dec
2011: jan feb maa apr mei jun jul aug sep okt nov dec
2010: jan feb maa apr mei jun jul aug sep okt nov dec
2024: jan feb maa apr mei jun jul aug sep okt nov dec
2023: jan feb maa apr mei jun jul aug sep okt nov dec
2022: jan feb maa apr mei jun jul aug sep okt nov dec
2021: jan feb maa apr mei jun jul aug sep okt nov dec
2020: jan feb maa apr mei jun jul aug sep okt nov dec
2019: jan feb maa apr mei jun jul aug sep okt nov dec
2018: jan feb maa apr mei jun jul aug sep okt nov dec
2017: jan feb maa apr mei jun jul aug sep okt nov dec
2016: jan feb maa apr mei jun jul aug sep okt nov dec
2015: jan feb maa apr mei jun jul aug sep okt nov dec
2014: jan feb maa apr mei jun jul aug sep okt nov dec
2013: jan feb maa apr mei jun jul aug sep okt nov dec
2012: jan feb maa apr mei jun jul aug sep okt nov dec
2011: jan feb maa apr mei jun jul aug sep okt nov dec
2010: jan feb maa apr mei jun jul aug sep okt nov dec
Rapport voor 2013 juli
Daily noaa report MONTHLY CLIMATOLOGICAL SUMMARY for JUL. 2013 NAME: Ekeren CITY: Antwerp STATE: ELEV: 40 LAT: 051:16:50 LONG: -004:25:14 TEMPERATURE ( °C), RAIN (mm), WIND SPEED (kmh) HEAT COOL AVG MEAN DEG DEG WIND DOM DAY TEMP HIGH TIME LOW TIME DAYS DAYS RAIN SPEED HIGH TIME DIR ---------------------------------------------------------------------------------------------------------------------------------------------------------- 01 16.5 20.0 16:45 13.8 07:04 01.8 00.0 00.0 05.3 24.1 16:53 SW 02 17.2 22.7 19:35 10.8 04:57 01.1 00.0 01.6 03.7 25.9 22:55 SSW 03 16.8 18.6 16:34 15.1 08:49 01.5 00.0 05.0 04.3 27.8 10:53 SW 04 17.9 21.7 12:56 15.6 06:38 00.4 00.0 00.0 07.3 31.4 14:31 SSW 05 18.2 23.0 18:54 15.7 23:58 00.1 00.0 00.0 02.4 14.8 03:09 W 06 20.7 28.1 16:18 13.5 05:57 00.0 02.4 00.0 00.9 14.8 16:25 NNE 07 21.9 29.0 15:59 15.2 06:07 00.0 03.6 00.0 02.1 20.4 18:43 NNE 08 21.6 28.6 16:52 15.4 06:36 00.0 03.3 00.0 03.2 29.6 16:13 NNE 09 20.6 27.4 16:15 14.2 06:29 00.0 02.3 00.0 02.6 18.5 17:55 NNE 10 18.5 23.7 17:00 13.9 06:00 00.0 00.2 00.0 03.9 27.8 18:13 NNE 11 16.9 21.9 16:54 14.3 06:10 01.4 00.0 00.0 03.0 22.2 00:24 NNE 12 15.1 19.1 15:43 10.1 06:09 03.2 00.0 00.0 02.1 16.6 20:24 NNW 13 17.6 24.4 15:37 11.7 03:16 00.7 00.0 00.0 02.5 20.4 18:43 NNW 14 19.2 25.9 16:35 12.3 06:20 00.0 00.9 00.0 01.1 12.9 18:44 N 15 21.3 27.3 16:32 14.8 06:23 00.0 03.0 00.0 02.7 20.4 16:46 NNW 16 21.1 27.8 15:10 14.0 06:27 00.0 02.8 00.0 01.6 16.6 20:06 N 17 22.3 29.0 16:43 16.9 06:24 00.0 04.0 00.0 01.5 18.5 18:35 N 18 23.6 30.3 16:28 17.9 06:44 00.0 05.3 00.0 02.8 22.2 19:19 NNE 19 22.4 29.8 16:25 16.1 06:35 00.0 04.1 00.0 03.2 29.6 19:50 NE 20 19.1 22.7 18:36 14.9 05:59 00.0 00.8 00.0 01.4 20.4 10:00 NE 21 23.6 32.9 17:24 14.9 06:10 00.0 05.3 00.0 01.3 14.8 15:02 E 22 26.2 33.7 14:45 18.6 06:09 00.0 07.9 00.0 02.2 18.5 17:29 NW 23 25.7 32.6 15:22 18.9 06:20 00.0 07.4 00.0 02.2 24.1 16:31 NNW 24 23.2 28.3 16:51 19.4 23:57 00.0 04.9 00.0 03.7 20.4 14:48 W 25 22.8 30.2 14:43 16.4 04:58 00.0 04.5 00.0 02.7 25.9 14:19 WNW 26 22.9 28.7 15:47 19.5 03:12 00.0 04.6 00.8 02.2 22.2 11:21 WSW 27 21.5 25.7 19:01 18.7 11:14 00.0 03.2 32.6 01.7 55.5 10:06 WSW 28 20.7 25.1 17:55 17.6 07:22 00.0 02.4 05.4 06.5 27.8 08:12 SSW 29 21.0 24.7 14:46 16.8 02:00 00.0 02.7 00.2 06.1 29.6 18:18 SSW 30 18.4 21.1 12:48 16.1 06:52 00.0 00.1 03.2 10.4 38.9 11:57 SSW 31 20.8 24.6 17:05 17.7 07:39 00.0 02.5 00.2 07.0 29.6 14:55 SW ---------------------------------------------------------------------------------------------------------------------------------------------------------- 20.5 (20.8) 33.7 day 22 10.1 day 12 010.2 078.1 049.6 03.3 55.5 day 27 WNW Max > 30: 5 Min < 30: 31 Max Rain: 32.6 ON 27-07-13 Days of Rain: 8 (> .2mm) 4 (> 2mm) 1 (> 20mm)