NOAA-Style Climate Reports
Select a Year or Month report
2024: jan feb maa apr mei jun jul aug sep okt nov dec
2023: jan feb maa apr mei jun jul aug sep okt nov dec
2022: jan feb maa apr mei jun jul aug sep okt nov dec
2021: jan feb maa apr mei jun jul aug sep okt nov dec
2020: jan feb maa apr mei jun jul aug sep okt nov dec
2019: jan feb maa apr mei jun jul aug sep okt nov dec
2018: jan feb maa apr mei jun jul aug sep okt nov dec
2017: jan feb maa apr mei jun jul aug sep okt nov dec
2016: jan feb maa apr mei jun jul aug sep okt nov dec
2015: jan feb maa apr mei jun jul aug sep okt nov dec
2014: jan feb maa apr mei jun jul aug sep okt nov dec
2013: jan feb maa apr mei jun jul aug sep okt nov dec
2012: jan feb maa apr mei jun jul aug sep okt nov dec
2011: jan feb maa apr mei jun jul aug sep okt nov dec
2010: jan feb maa apr mei jun jul aug sep okt nov dec
2024: jan feb maa apr mei jun jul aug sep okt nov dec
2023: jan feb maa apr mei jun jul aug sep okt nov dec
2022: jan feb maa apr mei jun jul aug sep okt nov dec
2021: jan feb maa apr mei jun jul aug sep okt nov dec
2020: jan feb maa apr mei jun jul aug sep okt nov dec
2019: jan feb maa apr mei jun jul aug sep okt nov dec
2018: jan feb maa apr mei jun jul aug sep okt nov dec
2017: jan feb maa apr mei jun jul aug sep okt nov dec
2016: jan feb maa apr mei jun jul aug sep okt nov dec
2015: jan feb maa apr mei jun jul aug sep okt nov dec
2014: jan feb maa apr mei jun jul aug sep okt nov dec
2013: jan feb maa apr mei jun jul aug sep okt nov dec
2012: jan feb maa apr mei jun jul aug sep okt nov dec
2011: jan feb maa apr mei jun jul aug sep okt nov dec
2010: jan feb maa apr mei jun jul aug sep okt nov dec
Rapport voor 2011 maart
Daily noaa report MONTHLY CLIMATOLOGICAL SUMMARY for MAR. 2011 NAME: Ekeren CITY: Antwerp STATE: ELEV: 40 LAT: 051:16:50 LONG: -004:25:14 TEMPERATURE ( °C), RAIN (mm), WIND SPEED (kmh) HEAT COOL AVG MEAN DEG DEG WIND DOM DAY TEMP HIGH TIME LOW TIME DAYS DAYS RAIN SPEED HIGH TIME DIR ---------------------------------------------------------------------------------------------------------------------------------------------------------- 01 04.0 06.4 12:50 02.9 00:00 14.3 00.0 00.2 07.7 29.6 19:29 NE 02 03.9 09.7 15:04 -00.3 08:03 14.4 00.0 00.0 07.6 29.6 17:02 NE 03 02.5 08.2 16:03 -01.4 07:29 15.8 00.0 00.0 06.5 24.1 16:55 NE 04 02.5 08.3 14:48 -01.7 07:52 15.8 00.0 00.0 04.5 20.4 00:38 NE 05 03.1 07.4 15:14 -01.2 02:02 15.2 00.0 00.0 05.1 20.4 15:56 NE 06 03.6 08.4 15:40 -00.4 07:03 14.7 00.0 00.0 05.0 24.1 11:39 NE 07 03.8 09.4 15:28 -00.7 05:17 14.5 00.0 00.0 04.1 24.1 16:25 E 08 05.5 11.7 16:32 -02.4 07:04 12.8 00.0 00.0 05.5 29.6 15:52 SSW 09 08.2 09.9 12:45 06.6 00:00 10.1 00.0 00.0 07.6 35.1 11:24 SW 10 08.1 10.3 21:33 05.2 05:45 10.2 00.0 00.2 12.2 44.4 20:06 SW 11 09.8 12.2 16:07 07.3 08:16 08.5 00.0 00.0 07.1 33.3 03:44 SW 12 09.8 14.9 16:16 04.0 06:47 08.5 00.0 00.0 06.6 29.6 22:02 S 13 11.2 13.5 14:48 09.3 07:45 07.1 00.0 00.0 07.5 35.1 02:02 S 14 11.9 14.9 12:17 09.7 00:00 06.4 00.0 00.0 01.9 12.9 10:49 S 15 11.9 17.0 14:43 07.1 06:25 06.4 00.0 00.2 04.2 20.4 20:55 ENE 16 09.0 11.6 17:06 06.2 00:00 09.3 00.0 00.0 07.3 29.6 10:11 ENE 17 05.6 06.9 12:32 05.0 04:58 12.7 00.0 00.0 05.6 20.4 23:32 N 18 06.9 09.1 14:03 05.2 00:00 11.4 00.0 10.8 05.1 24.1 22:05 SSW 19 06.8 11.5 16:17 02.4 00:00 11.5 00.0 00.0 05.1 29.6 00:18 NE 20 05.5 12.4 15:29 -00.7 06:24 12.8 00.0 00.0 01.4 16.6 15:01 ENE 21 07.2 15.1 15:31 -00.5 05:07 11.1 00.0 00.0 01.7 16.6 12:22 NW 22 09.1 16.2 14:57 01.3 05:47 09.2 00.0 00.0 02.2 18.5 15:27 NNE 23 10.5 17.4 14:32 03.8 06:43 07.8 00.0 00.0 02.9 18.5 16:22 NE 24 11.5 18.1 16:27 04.6 07:14 06.8 00.0 00.0 02.9 20.4 14:21 ENE 25 11.4 17.5 14:38 06.0 06:30 06.9 00.0 00.0 02.5 18.5 14:38 NNE 26 07.5 11.1 11:58 04.2 07:10 10.8 00.0 00.0 03.4 20.4 18:01 ENE 27 09.5 15.6 16:31 05.1 07:48 08.8 00.0 00.0 03.4 16.6 17:12 ENE 28 08.3 13.3 15:59 03.7 07:26 10.0 00.0 00.0 03.6 20.4 13:18 NNE 29 08.8 16.3 17:09 01.3 07:53 09.5 00.0 00.0 01.8 20.4 15:28 NNW 30 10.3 14.0 11:52 05.0 04:32 08.0 00.0 03.0 05.7 31.4 13:39 SSW 31 12.4 14.9 18:11 10.6 00:44 05.9 00.0 03.8 11.6 44.4 12:27 SSW ---------------------------------------------------------------------------------------------------------------------------------------------------------- 07.7 (7.9) 18.1 day 24 -02.4 day 08 327.3 000.0 018.2 05.1 44.4 day 10 ENE Min < 30: 31 Max Rain: 10.8 ON 18-03-11 Days of Rain: 60 (> .2mm) 57 (> 2mm) 0 (> 20mm)