NOAA-Style Climate Reports
Select a Year or Month report
2024: jan feb maa apr mei jun jul aug sep okt nov dec
2023: jan feb maa apr mei jun jul aug sep okt nov dec
2022: jan feb maa apr mei jun jul aug sep okt nov dec
2021: jan feb maa apr mei jun jul aug sep okt nov dec
2020: jan feb maa apr mei jun jul aug sep okt nov dec
2019: jan feb maa apr mei jun jul aug sep okt nov dec
2018: jan feb maa apr mei jun jul aug sep okt nov dec
2017: jan feb maa apr mei jun jul aug sep okt nov dec
2016: jan feb maa apr mei jun jul aug sep okt nov dec
2015: jan feb maa apr mei jun jul aug sep okt nov dec
2014: jan feb maa apr mei jun jul aug sep okt nov dec
2013: jan feb maa apr mei jun jul aug sep okt nov dec
2012: jan feb maa apr mei jun jul aug sep okt nov dec
2011: jan feb maa apr mei jun jul aug sep okt nov dec
2010: jan feb maa apr mei jun jul aug sep okt nov dec
2024: jan feb maa apr mei jun jul aug sep okt nov dec
2023: jan feb maa apr mei jun jul aug sep okt nov dec
2022: jan feb maa apr mei jun jul aug sep okt nov dec
2021: jan feb maa apr mei jun jul aug sep okt nov dec
2020: jan feb maa apr mei jun jul aug sep okt nov dec
2019: jan feb maa apr mei jun jul aug sep okt nov dec
2018: jan feb maa apr mei jun jul aug sep okt nov dec
2017: jan feb maa apr mei jun jul aug sep okt nov dec
2016: jan feb maa apr mei jun jul aug sep okt nov dec
2015: jan feb maa apr mei jun jul aug sep okt nov dec
2014: jan feb maa apr mei jun jul aug sep okt nov dec
2013: jan feb maa apr mei jun jul aug sep okt nov dec
2012: jan feb maa apr mei jun jul aug sep okt nov dec
2011: jan feb maa apr mei jun jul aug sep okt nov dec
2010: jan feb maa apr mei jun jul aug sep okt nov dec
Rapport voor 2010 juni
MONTHLY CLIMATOLOGICAL SUMMARY for JUN. 2010 NAME: Weather in Ekeren CITY: Antwerp, Ekeren STATE: Belgium ELEV: 14 LAT: 051:28:11 LONG: -004:42:00 TEMPERATURE (F), RAIN (in.), WIND SPEED (mph) HEAT COOL AVG MEAN DEG DEG WIND DOM DAY TEMP HIGH TIME LOW TIME DAYS DAYS RAIN SPEED HIGH TIME DIR ---------------------------------------------------------------------------------------------------------------------------------------------------------- 1 15.0 17.0 00:00 13.0 00:00 50.0 0.0 0.00 4.6 8.1 00:00 WSW 2 18.5 22.0 00:00 15.0 00:00 46.5 0.0 0.00 8 15.0 00:00 WNW 3 19.5 23.0 00:00 16.0 00:00 45.5 0.0 0.00 7.2 13.4 00:00 NE 4 21.5 25.0 00:00 18.0 00:00 43.5 0.0 0.00 4 6.9 00:00 ENE 5 24.5 28.0 00:00 21.0 00:00 40.5 0.0 0.00 5 8.9 00:00 ENE 6 19.5 23.0 00:00 16.0 00:00 45.5 0.0 4.40 7.4 13.8 00:00 SW 7 17.5 20.0 00:00 15.0 00:00 47.5 0.0 0.80 7.4 13.8 00:00 SW 8 19.5 23.0 00:00 16.0 00:00 45.5 0.0 4.20 14.9 28.8 00:00 S 9 17.5 19.0 00:00 16.0 00:00 47.5 0.0 6.20 4 6.9 00:00 ESE 10 19.5 21.0 00:00 18.0 00:00 45.5 0.0 1.50 4 6.9 00:00 E 11 17.5 21.0 00:00 14.0 00:00 47.5 0.0 0.00 11.5 21.9 00:00 SW 12 15.5 19.0 00:00 12.0 00:00 49.5 0.0 0.00 9.7 18.4 00:00 WNW 14 19.5 23.0 00:00 16.0 00:00 45.5 0.0 0.00 7.4 13.8 00:00 NE 15 15.5 19.0 00:00 12.0 00:00 49.5 0.0 0.00 13.2 25.3 00:00 NNE 14 19.5 23.0 00:00 16.0 00:00 45.5 0.0 0.00 7.4 13.8 00:00 NE 16 19.5 23.0 00:00 16.0 00:00 45.5 0.0 0.00 13.2 25.3 00:00 NE 17 20.0 24.0 00:00 16.0 00:00 45.0 0.0 0.00 12.6 24.2 00:00 NE 18 14.5 17.0 00:00 12.0 00:00 50.5 0.0 0.00 8.6 16.1 00:00 SSW 19 13.0 15.0 00:00 11.0 00:00 52.0 0.0 1.30 14.9 28.8 00:00 NNW 20 13.0 14.0 00:00 12.0 00:00 52.0 0.0 0.30 10.9 20.7 00:00 NNW 21 15.5 18.0 00:00 13.0 00:00 49.5 0.0 0.00 8 15.0 00:00 NNW 22 19.0 21.0 00:00 17.0 00:00 46.0 0.0 0.00 4.6 8.1 00:00 ESE 23 22.5 26.0 00:00 19.0 00:00 42.5 0.0 0.00 7.9 14.8 00:00 S 24 22.0 26.0 00:00 18.0 00:00 43.0 0.0 0.00 13.5 25.9 00:00 WNW 25 21.5 24.0 00:00 19.0 00:00 43.5 0.0 0.00 7.9 14.8 00:00 ESE 26 23.5 27.0 00:00 20.0 00:00 41.5 0.0 0.00 7 13.0 00:00 ENE 23 22.5 26.0 00:00 19.0 00:00 42.5 0.0 0.00 5.1 9.2 00:00 S 24 22.0 26.0 00:00 18.0 00:00 43.0 0.0 0.00 8.6 16.1 00:00 WNW 25 21.5 24.0 00:00 19.0 00:00 43.5 0.0 0.00 5.1 9.2 00:00 ESE 26 23.5 27.0 00:00 20.0 00:00 41.5 0.0 0.00 4.6 8.1 00:00 ENE 27 25.5 29.0 00:00 22.0 00:00 39.5 0.0 0.00 5.1 9.2 00:00 ENE 28 25.0 29.0 00:00 21.0 00:00 40.0 0.0 0.00 7.4 13.8 00:00 WNW 29 23.0 26.0 00:00 20.0 00:00 42.0 0.0 0.00 8.6 16.1 00:00 WNW 30 22.5 27.0 00:00 18.0 00:00 42.5 0.0 0.00 6.1 11.2 00:00 WSW