NOAA-Style Climate Reports
Select a Year or Month report
2024: jan feb maa apr mei jun jul aug sep okt nov dec
2023: jan feb maa apr mei jun jul aug sep okt nov dec
2022: jan feb maa apr mei jun jul aug sep okt nov dec
2021: jan feb maa apr mei jun jul aug sep okt nov dec
2020: jan feb maa apr mei jun jul aug sep okt nov dec
2019: jan feb maa apr mei jun jul aug sep okt nov dec
2018: jan feb maa apr mei jun jul aug sep okt nov dec
2017: jan feb maa apr mei jun jul aug sep okt nov dec
2016: jan feb maa apr mei jun jul aug sep okt nov dec
2015: jan feb maa apr mei jun jul aug sep okt nov dec
2014: jan feb maa apr mei jun jul aug sep okt nov dec
2013: jan feb maa apr mei jun jul aug sep okt nov dec
2012: jan feb maa apr mei jun jul aug sep okt nov dec
2011: jan feb maa apr mei jun jul aug sep okt nov dec
2010: jan feb maa apr mei jun jul aug sep okt nov dec
2024: jan feb maa apr mei jun jul aug sep okt nov dec
2023: jan feb maa apr mei jun jul aug sep okt nov dec
2022: jan feb maa apr mei jun jul aug sep okt nov dec
2021: jan feb maa apr mei jun jul aug sep okt nov dec
2020: jan feb maa apr mei jun jul aug sep okt nov dec
2019: jan feb maa apr mei jun jul aug sep okt nov dec
2018: jan feb maa apr mei jun jul aug sep okt nov dec
2017: jan feb maa apr mei jun jul aug sep okt nov dec
2016: jan feb maa apr mei jun jul aug sep okt nov dec
2015: jan feb maa apr mei jun jul aug sep okt nov dec
2014: jan feb maa apr mei jun jul aug sep okt nov dec
2013: jan feb maa apr mei jun jul aug sep okt nov dec
2012: jan feb maa apr mei jun jul aug sep okt nov dec
2011: jan feb maa apr mei jun jul aug sep okt nov dec
2010: jan feb maa apr mei jun jul aug sep okt nov dec
Rapport voor 2010 february
Daily noaa report MONTHLY CLIMATOLOGICAL SUMMARY for FEB. 2010 NAME: Ekeren CITY: Antwerp STATE: ELEV: 40 LAT: 051:16:50 LONG: -004:25:14 TEMPERATURE ( °C), RAIN (mm), WIND SPEED (kmh) HEAT COOL AVG MEAN DEG DEG WIND DOM DAY TEMP HIGH TIME LOW TIME DAYS DAYS RAIN SPEED HIGH TIME DIR ---------------------------------------------------------------------------------------------------------------------------------------------------------- 01 01.9 04.0 15:41 00.8 08:09 16.4 00.0 03.2 07.0 29.6 05:37 WSW 02 03.4 07.6 22:27 00.2 03:35 14.9 00.0 11.3 13.9 50.0 14:21 SW 03 03.5 05.1 11:59 01.5 08:41 14.8 00.0 01.6 03.4 16.7 21:23 SSW 04 07.0 08.9 17:01 04.4 00:15 11.3 00.0 00.8 07.5 31.5 01:59 S 05 05.4 08.1 16:19 03.3 22:03 12.9 00.0 02.4 05.6 18.5 15:45 SE 06 03.3 04.9 15:57 00.9 06:29 15.0 00.0 00.0 02.9 16.7 23:11 E 07 02.6 03.7 15:47 01.9 08:59 15.7 00.0 00.8 03.8 16.7 03:01 ENE 08 00.5 02.5 04:43 -02.7 00:00 17.8 00.0 00.8 09.5 33.3 17:21 ENE 09 -02.4 -00.9 16:47 -03.8 09:57 20.7 00.0 00.0 09.1 35.2 03:17 ENE 10 -02.0 00.5 12:41 -04.3 02:37 20.3 00.0 00.8 05.9 44.4 21:05 NE 11 -01.9 00.3 14:36 -04.5 00:00 20.2 00.0 00.0 11.9 42.6 17:23 NE 12 -03.0 01.3 15:45 -08.1 06:56 21.3 00.0 00.0 07.1 35.2 15:05 NE 13 -01.5 00.1 16:03 -02.8 03:15 19.8 00.0 00.0 04.0 29.6 07:05 NE 14 -02.2 02.3 13:43 -06.6 05:29 20.5 00.0 00.8 02.3 24.1 16:25 NNE 15 -02.0 00.3 14:51 -04.1 02:27 20.3 00.0 00.0 01.8 14.8 22:09 ESE 16 00.6 04.1 15:30 -01.7 00:00 17.7 00.0 00.8 07.7 35.2 11:11 SSE 17 00.2 04.9 15:41 -04.9 08:37 18.1 00.0 00.9 03.9 14.8 16:21 ESE 18 04.4 07.1 17:26 02.0 01:16 13.9 00.0 00.0 07.1 38.9 22:04 SSW 19 04.6 07.1 01:10 01.9 00:00 13.7 00.0 00.0 11.7 38.9 13:34 SW 20 02.2 05.7 16:18 -00.9 22:30 16.1 00.0 00.0 06.9 31.5 00:12 SW 21 03.2 06.9 15:22 -00.5 01:02 15.1 00.0 00.8 07.3 40.7 15:34 SSW 22 06.5 10.4 15:42 02.1 02:24 11.8 00.0 10.4 09.1 51.8 15:40 S 23 03.5 06.0 00:13 02.6 08:04 14.8 00.0 01.7 08.7 38.9 13:48 ENE 24 07.5 10.6 15:53 02.8 05:11 10.8 00.0 00.8 07.0 37.0 13:27 SSE 25 09.5 12.0 12:40 08.3 06:02 08.8 00.0 07.2 13.2 46.3 06:44 SSW 26 08.3 09.9 10:42 06.4 00:00 10.0 00.0 00.8 13.4 55.5 21:20 SW 27 08.2 12.3 15:48 04.8 05:28 10.1 00.0 00.8 10.4 46.3 02:20 SSW 28 07.1 10.9 10:45 04.4 17:05 11.2 00.0 21.8 12.2 53.7 18:22 S ---------------------------------------------------------------------------------------------------------------------------------------------------------- 02.8 (2.9) 12.3 day 27 -08.1 day 12 433.9 000.0 068.5 07.7 55.5 day 25 SSE Max < 0: 1 Min < 30: 28 Min < -5: 2 Max Rain: 21.8 ON 28-02-10 Days of Rain: 19 (> .2mm) 6 (> 2mm) 1 (> 20mm) 28 8.5 12.0 00:00 5.0 00:00 56.5 0.0 0.00 27.6 54.1 00:00 SSE 28 8.5 12.0 00:00 5.0 00:00 56.5 0.0 0.00 27.6 54.1 00:00 SSE