NOAA-Style Climate Reports
Select a Year or Month report
2024: jan feb maa apr mei jun jul aug sep okt nov dec
2023: jan feb maa apr mei jun jul aug sep okt nov dec
2022: jan feb maa apr mei jun jul aug sep okt nov dec
2021: jan feb maa apr mei jun jul aug sep okt nov dec
2020: jan feb maa apr mei jun jul aug sep okt nov dec
2019: jan feb maa apr mei jun jul aug sep okt nov dec
2018: jan feb maa apr mei jun jul aug sep okt nov dec
2017: jan feb maa apr mei jun jul aug sep okt nov dec
2016: jan feb maa apr mei jun jul aug sep okt nov dec
2015: jan feb maa apr mei jun jul aug sep okt nov dec
2014: jan feb maa apr mei jun jul aug sep okt nov dec
2013: jan feb maa apr mei jun jul aug sep okt nov dec
2012: jan feb maa apr mei jun jul aug sep okt nov dec
2011: jan feb maa apr mei jun jul aug sep okt nov dec
2010: jan feb maa apr mei jun jul aug sep okt nov dec
2024: jan feb maa apr mei jun jul aug sep okt nov dec
2023: jan feb maa apr mei jun jul aug sep okt nov dec
2022: jan feb maa apr mei jun jul aug sep okt nov dec
2021: jan feb maa apr mei jun jul aug sep okt nov dec
2020: jan feb maa apr mei jun jul aug sep okt nov dec
2019: jan feb maa apr mei jun jul aug sep okt nov dec
2018: jan feb maa apr mei jun jul aug sep okt nov dec
2017: jan feb maa apr mei jun jul aug sep okt nov dec
2016: jan feb maa apr mei jun jul aug sep okt nov dec
2015: jan feb maa apr mei jun jul aug sep okt nov dec
2014: jan feb maa apr mei jun jul aug sep okt nov dec
2013: jan feb maa apr mei jun jul aug sep okt nov dec
2012: jan feb maa apr mei jun jul aug sep okt nov dec
2011: jan feb maa apr mei jun jul aug sep okt nov dec
2010: jan feb maa apr mei jun jul aug sep okt nov dec
Rapport voor 2012 juli
Daily noaa report MONTHLY CLIMATOLOGICAL SUMMARY for JUL. 2012 NAME: Ekeren CITY: Antwerp STATE: ELEV: 40 LAT: 051:16:50 LONG: -004:25:14 TEMPERATURE ( °C), RAIN (mm), WIND SPEED (kmh) HEAT COOL AVG MEAN DEG DEG WIND DOM DAY TEMP HIGH TIME LOW TIME DAYS DAYS RAIN SPEED HIGH TIME DIR ---------------------------------------------------------------------------------------------------------------------------------------------------------- 01 17.0 19.9 18:01 14.5 07:28 01.3 00.0 00.2 08.9 38.9 16:52 SW 02 17.9 23.6 15:59 11.6 06:06 00.4 00.0 00.0 04.6 22.2 00:11 SSW 03 19.7 24.3 16:36 15.3 01:51 00.0 01.4 00.0 04.0 24.1 11:59 SSW 04 22.0 28.6 18:47 17.6 05:35 00.0 03.7 04.4 03.1 22.2 20:09 SSE 05 20.9 27.6 15:44 17.8 05:40 00.0 02.6 04.8 01.7 22.2 21:56 WSW 06 19.0 24.1 18:20 15.7 09:25 00.0 00.7 01.4 06.2 33.3 17:08 SSW 07 18.3 24.0 15:12 14.0 04:29 00.0 00.0 04.2 04.5 31.5 12:10 SSW 08 17.3 21.5 14:21 15.8 08:42 01.0 00.0 12.4 06.8 38.9 17:32 SSW 09 16.8 19.3 13:27 15.1 06:14 01.5 00.0 05.0 06.5 29.6 11:26 SW 10 16.8 18.7 19:24 15.5 13:19 01.5 00.0 00.4 06.8 27.8 22:50 SSW 12 16.2 20.4 17:17 13.0 15:02 02.1 00.0 14.6 08.1 33.3 08:57 SSW 13 16.1 20.6 16:27 13.8 07:38 02.2 00.0 05.6 08.8 31.5 17:22 SSW 14 15.2 17.4 18:13 13.6 00:00 03.1 00.0 21.4 06.9 33.3 14:29 SW 15 15.2 18.4 17:06 12.8 07:00 03.1 00.0 02.0 02.6 24.1 17:38 WNW 16 14.8 16.7 16:09 13.3 06:59 03.5 00.0 03.8 09.8 40.7 22:33 SSW 17 17.3 19.9 19:41 15.4 08:21 01.0 00.0 06.2 07.3 33.3 02:57 WSW 18 18.2 21.4 15:14 16.0 23:11 00.1 00.0 00.0 10.3 40.7 16:11 SW 19 17.1 20.7 16:42 14.2 00:00 01.2 00.0 06.8 08.0 38.9 12:47 WSW 20 14.8 19.5 15:00 11.8 00:00 03.5 00.0 13.6 00.7 16.7 15:41 NNE 21 14.7 19.5 16:58 11.4 04:22 03.6 00.0 00.0 02.2 25.9 17:48 NNW 22 16.2 22.8 18:35 09.7 06:33 02.1 00.0 00.0 01.5 16.7 12:56 S 23 20.0 27.3 17:28 12.0 05:31 00.0 01.7 00.0 02.4 20.4 13:20 SSE 24 22.0 29.8 16:24 13.1 06:15 00.0 03.7 00.0 01.2 16.7 15:38 ESE 25 22.8 29.4 14:21 15.2 06:21 00.0 04.5 00.0 02.7 22.2 16:20 NNW 26 22.9 29.8 16:34 16.2 06:36 00.0 04.6 00.0 01.2 14.8 12:14 NNE 27 22.5 29.2 14:26 18.4 06:16 00.0 04.2 01.2 02.7 20.4 16:00 N 28 19.7 23.2 16:29 16.8 00:00 00.0 01.4 00.2 02.4 22.2 20:09 NNW 29 17.5 21.8 17:30 14.0 06:38 00.8 00.0 00.2 07.2 35.2 14:58 SW 30 16.6 20.7 18:23 12.5 06:43 01.7 00.0 00.4 07.9 35.2 11:17 SW 31 16.6 20.2 17:34 13.5 07:00 01.7 00.0 00.0 06.0 29.6 14:46 SSW ---------------------------------------------------------------------------------------------------------------------------------------------------------- 18.1 (18.5) 29.8 day 26 09.7 day 22 035.6 028.8 108.8 05.1 40.7 day 08 SW Min < 30: 30 Max Rain: 21.4 ON 14-07-13 Days of Rain: 20 (> .2mm) 12 (> 2mm) 1 (> 20mm)