NOAA-Style Climate Reports
Select a Year or Month report
2024: jan feb maa apr mei jun jul aug sep okt nov dec
2023: jan feb maa apr mei jun jul aug sep okt nov dec
2022: jan feb maa apr mei jun jul aug sep okt nov dec
2021: jan feb maa apr mei jun jul aug sep okt nov dec
2020: jan feb maa apr mei jun jul aug sep okt nov dec
2019: jan feb maa apr mei jun jul aug sep okt nov dec
2018: jan feb maa apr mei jun jul aug sep okt nov dec
2017: jan feb maa apr mei jun jul aug sep okt nov dec
2016: jan feb maa apr mei jun jul aug sep okt nov dec
2015: jan feb maa apr mei jun jul aug sep okt nov dec
2014: jan feb maa apr mei jun jul aug sep okt nov dec
2013: jan feb maa apr mei jun jul aug sep okt nov dec
2012: jan feb maa apr mei jun jul aug sep okt nov dec
2011: jan feb maa apr mei jun jul aug sep okt nov dec
2010: jan feb maa apr mei jun jul aug sep okt nov dec
2024: jan feb maa apr mei jun jul aug sep okt nov dec
2023: jan feb maa apr mei jun jul aug sep okt nov dec
2022: jan feb maa apr mei jun jul aug sep okt nov dec
2021: jan feb maa apr mei jun jul aug sep okt nov dec
2020: jan feb maa apr mei jun jul aug sep okt nov dec
2019: jan feb maa apr mei jun jul aug sep okt nov dec
2018: jan feb maa apr mei jun jul aug sep okt nov dec
2017: jan feb maa apr mei jun jul aug sep okt nov dec
2016: jan feb maa apr mei jun jul aug sep okt nov dec
2015: jan feb maa apr mei jun jul aug sep okt nov dec
2014: jan feb maa apr mei jun jul aug sep okt nov dec
2013: jan feb maa apr mei jun jul aug sep okt nov dec
2012: jan feb maa apr mei jun jul aug sep okt nov dec
2011: jan feb maa apr mei jun jul aug sep okt nov dec
2010: jan feb maa apr mei jun jul aug sep okt nov dec
Rapport voor 2012 juni
Daily noaa report MONTHLY CLIMATOLOGICAL SUMMARY for JUN. 2012 NAME: Ekeren CITY: Antwerp STATE: ELEV: 40 LAT: 051:16:50 LONG: -004:25:14 TEMPERATURE ( °C), RAIN (mm), WIND SPEED (kmh) HEAT COOL AVG MEAN DEG DEG WIND DOM DAY TEMP HIGH TIME LOW TIME DAYS DAYS RAIN SPEED HIGH TIME DIR ---------------------------------------------------------------------------------------------------------------------------------------------------------- 01 15.6 19.1 15:33 13.2 07:33 02.7 00.0 00.0 04.5 31.5 03:09 NNW 02 14.5 19.7 17:52 09.7 05:55 03.8 00.0 00.0 01.8 16.7 23:31 NNE 03 10.0 13.8 00:15 08.7 08:07 08.3 00.0 11.4 01.9 27.8 05:33 ENE 04 10.4 13.6 10:57 08.5 14:57 07.9 00.0 12.8 04.5 37.0 15:21 N 05 11.9 17.3 17:54 05.0 05:44 06.4 00.0 00.0 02.9 22.2 17:54 SSW 06 14.8 19.9 16:51 11.0 05:29 03.5 00.0 09.2 05.5 35.2 23:36 SSW 07 17.0 22.0 13:59 14.0 04:12 01.3 00.0 10.2 05.3 33.3 01:35 S 08 16.2 19.7 16:52 13.3 06:13 02.1 00.0 00.0 13.1 53.7 12:59 SSW 09 14.4 18.3 17:39 11.1 06:01 03.9 00.0 00.0 12.5 46.3 13:06 SSW 10 15.6 20.0 16:56 10.7 05:31 02.7 00.0 00.0 04.8 27.8 12:37 SSW 11 15.2 19.6 14:51 13.4 06:07 03.1 00.0 10.6 01.6 29.6 15:15 SSE 12 15.4 19.6 13:53 12.5 06:33 02.9 00.0 00.8 03.1 24.1 23:08 N 13 13.2 16.8 14:42 10.8 23:50 05.1 00.0 00.0 04.1 22.2 15:01 NNW 16 15.4 20.2 17:53 06.4 05:50 02.9 00.0 00.6 05.4 42.6 14:39 SSW 17 17.1 20.8 19:49 14.1 06:41 01.2 00.0 00.0 08.2 38.9 09:09 SSW 18 16.0 18.8 15:29 13.2 08:29 02.3 00.0 08.8 03.4 27.8 16:58 WNW 19 15.6 20.9 17:27 09.5 05:41 02.7 00.0 00.0 01.6 18.5 20:21 NNW 20 18.2 24.0 16:52 15.8 13:11 00.1 00.0 00.0 01.0 16.7 15:28 NNE 21 19.1 24.1 18:34 14.7 03:59 00.0 00.8 03.2 03.9 35.2 19:11 SSE 22 16.2 19.4 17:53 13.7 07:07 02.1 00.0 00.8 13.4 51.8 19:16 SSW 23 16.7 20.9 17:51 12.8 05:46 01.6 00.0 00.0 09.3 40.7 06:24 SSW 24 15.3 17.2 18:50 12.8 11:37 03.0 00.0 04.6 09.4 46.3 09:58 SSW 25 16.1 19.8 16:08 12.3 00:00 02.2 00.0 00.0 06.8 33.3 11:18 W 26 17.6 23.9 16:47 09.6 06:08 00.7 00.0 00.0 02.7 18.5 22:45 SW 27 19.9 23.5 17:56 17.1 05:44 00.0 01.6 00.0 04.4 22.2 06:46 WSW 28 24.2 31.7 17:44 17.4 05:54 00.0 05.9 00.0 04.0 31.5 20:36 SSE 29 20.2 24.0 00:08 17.2 08:26 00.0 01.9 00.2 07.3 37.0 16:12 SSW 30 19.9 25.0 16:04 16.5 23:56 00.0 01.6 07.4 08.9 33.3 15:46 SSW ---------------------------------------------------------------------------------------------------------------------------------------------------------- 16.1 (16.4) 31.7 day 28 05.0 day 05 072.5 011.8 080.6 05.5 53.7 day 08 SSW Max > 30: 1 Min < 30: 28 Max Rain: 12.8 ON 4-06-13 Days of Rain: 19 (> .2mm) 15 (> 2mm) 0 (> 20mm)