NOAA-Style Climate Reports
Select a Year or Month report
2024: jan feb maa apr mei jun jul aug sep okt nov dec
2023: jan feb maa apr mei jun jul aug sep okt nov dec
2022: jan feb maa apr mei jun jul aug sep okt nov dec
2021: jan feb maa apr mei jun jul aug sep okt nov dec
2020: jan feb maa apr mei jun jul aug sep okt nov dec
2019: jan feb maa apr mei jun jul aug sep okt nov dec
2018: jan feb maa apr mei jun jul aug sep okt nov dec
2017: jan feb maa apr mei jun jul aug sep okt nov dec
2016: jan feb maa apr mei jun jul aug sep okt nov dec
2015: jan feb maa apr mei jun jul aug sep okt nov dec
2014: jan feb maa apr mei jun jul aug sep okt nov dec
2013: jan feb maa apr mei jun jul aug sep okt nov dec
2012: jan feb maa apr mei jun jul aug sep okt nov dec
2011: jan feb maa apr mei jun jul aug sep okt nov dec
2010: jan feb maa apr mei jun jul aug sep okt nov dec
2024: jan feb maa apr mei jun jul aug sep okt nov dec
2023: jan feb maa apr mei jun jul aug sep okt nov dec
2022: jan feb maa apr mei jun jul aug sep okt nov dec
2021: jan feb maa apr mei jun jul aug sep okt nov dec
2020: jan feb maa apr mei jun jul aug sep okt nov dec
2019: jan feb maa apr mei jun jul aug sep okt nov dec
2018: jan feb maa apr mei jun jul aug sep okt nov dec
2017: jan feb maa apr mei jun jul aug sep okt nov dec
2016: jan feb maa apr mei jun jul aug sep okt nov dec
2015: jan feb maa apr mei jun jul aug sep okt nov dec
2014: jan feb maa apr mei jun jul aug sep okt nov dec
2013: jan feb maa apr mei jun jul aug sep okt nov dec
2012: jan feb maa apr mei jun jul aug sep okt nov dec
2011: jan feb maa apr mei jun jul aug sep okt nov dec
2010: jan feb maa apr mei jun jul aug sep okt nov dec
Rapport voor 2012 april
Daily noaa report MONTHLY CLIMATOLOGICAL SUMMARY for APR. 2012 NAME: Ekeren CITY: Antwerp STATE: ELEV: 40 LAT: 051:16:50 LONG: -004:25:14 TEMPERATURE ( °C), RAIN (mm), WIND SPEED (kmh) HEAT COOL AVG MEAN DEG DEG WIND DOM DAY TEMP HIGH TIME LOW TIME DAYS DAYS RAIN SPEED HIGH TIME DIR ---------------------------------------------------------------------------------------------------------------------------------------------------------- 01 05.7 11.3 15:39 -00.1 07:36 12.6 00.0 00.0 02.5 24.1 17:27 NNW 02 08.3 14.8 17:10 01.6 06:53 10.0 00.0 00.0 01.6 16.7 18:41 WNW 03 10.5 16.6 15:33 04.5 07:56 07.8 00.0 00.0 02.0 18.5 15:36 NNE 04 09.4 14.4 15:36 07.3 07:28 08.9 00.0 12.4 01.4 16.7 17:57 N 05 07.6 09.9 16:54 06.0 08:03 10.7 00.0 00.0 04.2 22.2 16:37 NE 06 06.5 11.3 15:59 01.7 06:38 11.8 00.0 00.0 02.8 20.4 16:29 NNW 07 06.9 09.3 11:27 04.5 00:00 11.4 00.0 02.4 04.8 37.0 15:03 N 08 06.8 10.9 18:17 02.7 03:37 11.5 00.0 00.6 05.8 37.0 22:26 SSW 09 09.6 11.6 13:38 06.7 00:31 08.7 00.0 04.4 12.1 44.4 15:17 SSW 10 09.7 10.5 01:01 08.5 20:58 08.6 00.0 06.2 09.9 38.9 05:36 SSW 12 08.6 12.7 14:01 05.8 10:12 09.7 00.0 09.2 05.0 29.6 13:33 SSW 13 06.7 12.2 16:18 01.9 07:12 11.6 00.0 00.6 00.9 13.0 16:25 NNE 14 08.0 12.8 16:03 03.3 07:50 10.3 00.0 00.2 04.3 27.8 17:43 NNE 15 06.9 10.1 14:46 04.1 05:42 11.4 00.0 00.0 06.8 35.2 12:37 NNE 16 05.6 10.4 15:43 01.2 06:40 12.7 00.0 00.4 04.5 31.5 16:20 N 17 05.0 09.7 14:19 -00.6 04:36 13.3 00.0 02.4 12.2 53.7 16:08 SSW 18 08.3 12.0 15:01 05.9 07:23 10.0 00.0 04.2 11.6 46.3 13:05 S 19 09.5 13.1 18:48 07.4 03:07 08.8 00.0 01.6 12.6 38.9 12:28 S 20 08.4 13.5 15:04 06.0 23:11 09.9 00.0 05.8 06.6 46.3 15:14 SSW 21 07.8 11.8 13:04 06.1 22:20 10.5 00.0 08.6 06.2 38.9 10:09 SSW 22 09.2 12.6 14:36 07.1 07:47 09.1 00.0 02.8 08.3 42.6 14:48 SSW 23 09.1 13.6 15:51 07.0 07:52 09.2 00.0 04.2 10.6 42.6 16:25 S 24 09.2 13.0 14:57 06.8 07:17 09.1 00.0 02.4 02.2 22.2 16:42 WSW 25 09.6 12.5 23:58 05.7 07:01 08.7 00.0 01.6 10.5 40.7 19:36 S 26 12.0 15.2 14:56 10.8 17:40 06.3 00.0 08.0 17.7 59.2 15:08 SSW 27 12.9 15.3 18:59 11.1 06:41 05.4 00.0 00.0 10.3 38.9 11:29 SSW 28 12.5 17.3 14:24 10.1 07:17 05.8 00.0 02.0 03.3 24.1 23:35 NE 29 13.7 19.8 16:54 10.0 06:57 04.6 00.0 00.8 04.5 37.0 17:04 S 30 16.0 22.9 16:30 07.7 07:10 02.3 00.0 00.0 02.7 24.1 22:42 SE ---------------------------------------------------------------------------------------------------------------------------------------------------------- 09.0 (9.3) 22.9 day 30 -00.6 day 17 271.0 000.0 081.4 06.5 59.2 day 26 SSW Min < 30: 29 Max Rain: 12.4 ON 4-04-13 Days of Rain: 25 (> .2mm) 13 (> 2mm) 0 (> 20mm)