NOAA-Style Climate Reports
Select a Year or Month report
2024: jan feb maa apr mei jun jul aug sep okt nov dec
2023: jan feb maa apr mei jun jul aug sep okt nov dec
2022: jan feb maa apr mei jun jul aug sep okt nov dec
2021: jan feb maa apr mei jun jul aug sep okt nov dec
2020: jan feb maa apr mei jun jul aug sep okt nov dec
2019: jan feb maa apr mei jun jul aug sep okt nov dec
2018: jan feb maa apr mei jun jul aug sep okt nov dec
2017: jan feb maa apr mei jun jul aug sep okt nov dec
2016: jan feb maa apr mei jun jul aug sep okt nov dec
2015: jan feb maa apr mei jun jul aug sep okt nov dec
2014: jan feb maa apr mei jun jul aug sep okt nov dec
2013: jan feb maa apr mei jun jul aug sep okt nov dec
2012: jan feb maa apr mei jun jul aug sep okt nov dec
2011: jan feb maa apr mei jun jul aug sep okt nov dec
2010: jan feb maa apr mei jun jul aug sep okt nov dec
2024: jan feb maa apr mei jun jul aug sep okt nov dec
2023: jan feb maa apr mei jun jul aug sep okt nov dec
2022: jan feb maa apr mei jun jul aug sep okt nov dec
2021: jan feb maa apr mei jun jul aug sep okt nov dec
2020: jan feb maa apr mei jun jul aug sep okt nov dec
2019: jan feb maa apr mei jun jul aug sep okt nov dec
2018: jan feb maa apr mei jun jul aug sep okt nov dec
2017: jan feb maa apr mei jun jul aug sep okt nov dec
2016: jan feb maa apr mei jun jul aug sep okt nov dec
2015: jan feb maa apr mei jun jul aug sep okt nov dec
2014: jan feb maa apr mei jun jul aug sep okt nov dec
2013: jan feb maa apr mei jun jul aug sep okt nov dec
2012: jan feb maa apr mei jun jul aug sep okt nov dec
2011: jan feb maa apr mei jun jul aug sep okt nov dec
2010: jan feb maa apr mei jun jul aug sep okt nov dec
Rapport voor 2012 maart
MONTHLY CLIMATOLOGICAL SUMMARY for MAR. 2012 NAME: weerstation davis CITY: Ekeren STATE: Antwerp ELEV: 14 m LAT: 51° 28' 03" N LONG: 4° 42' 07" E TEMPERATURE (°C), RAIN (mm), WIND SPEED (km/hr) HEAT COOL AVG MEAN DEG DEG WIND DOM DAY TEMP HIGH TIME LOW TIME DAYS DAYS RAIN SPEED HIGH TIME DIR ------------------------------------------------------------------------------------ 1 8.3 9.3 14:50 7.6 8:40 10.0 0.0 0.0 0.6 11.3 21:55 NE 2 8.8 10.2 15:35 7.6 1:00 9.5 0.0 0.0 1.4 12.9 10:25 ENE 3 10.6 13.8 14:20 9.1 6:10 7.7 0.0 0.0 4.5 32.2 17:10 SSW 4 8.9 11.9 14:00 6.5 5:15 9.4 0.0 6.0 3.2 17.7 23:15 SSW 5 3.8 8.7 0:05 2.2 12:10 14.5 0.0 5.2 4.2 30.6 5:40 SSW 6 5.2 8.4 17:10 2.3 23:40 13.1 0.0 0.2 1.8 20.9 10:30 ESE 7 4.9 7.1 20:45 2.7 0:05 13.4 0.0 10.4 8.4 41.8 15:45 SSW 8 5.9 9.0 13:40 3.2 23:15 12.3 0.0 0.0 3.1 20.9 10:55 WNW 9 8.1 11.4 12:45 3.8 0:05 10.3 0.0 0.0 4.7 25.7 17:25 SSW 10 9.4 11.3 15:30 8.5 5:20 8.9 0.0 0.2 2.4 17.7 1:05 SSW 11 10.1 14.6 14:00 6.3 00:00 8.2 0.0 0.0 1.6 16.1 14:40 NNW 12 9.2 15.4 14:50 3.6 7:00 9.1 0.0 0.0 1.4 14.5 17:05 N 13 8.6 10.0 15:05 7.1 0:05 9.8 0.0 0.0 1.1 12.9 15:45 ENE 14 8.1 11.3 16:05 4.4 23:50 10.2 0.0 0.0 1.0 12.9 14:25 ENE 15 9.6 19.6 16:10 1.3 6:30 8.9 0.1 0.0 1.6 16.1 15:45 SSW 16 9.8 15.8 17:15 5.2 3:15 8.5 0.0 0.0 2.7 19.3 13:35 SSW 17 10.1 12.6 11:40 7.6 4:40 8.2 0.0 0.0 4.8 24.1 16:35 SSW 18 8.7 12.3 13:55 5.9 23:00 9.6 0.0 0.6 4.2 25.7 11:20 SSW 19 7.0 12.9 15:00 1.9 7:15 11.3 0.0 0.0 1.6 20.9 16:10 N 20 8.7 14.2 14:10 3.2 1:05 9.6 0.0 0.0 2.1 20.9 13:45 SSW 21 10.6 16.9 14:40 3.8 6:40 7.7 0.0 0.0 1.1 17.7 13:55 ENE 22 13.4 20.9 15:10 6.1 5:50 5.3 0.4 0.0 2.4 22.5 13:55 ENE 23 14.1 21.3 14:45 7.6 6:05 4.7 0.5 0.0 1.1 14.5 16:20 NNE 24 13.3 20.0 15:35 7.2 6:45 5.2 0.2 0.0 2.6 19.3 12:25 NE 25 11.5 19.2 16:15 5.2 9:00 6.6 0.0 0.0 2.7 16.1 15:05 NE 26 12.2 19.0 16:30 5.3 7:45 6.1 0.0 0.0 3.2 22.5 15:20 NE 27 12.1 20.8 15:45 4.2 7:35 6.4 0.2 0.0 1.6 16.1 17:55 NE 28 12.1 19.1 15:40 5.6 7:45 6.3 0.1 0.0 1.6 19.3 15:45 N 29 9.7 13.9 13:55 5.9 7:45 8.6 0.0 0.0 2.9 27.4 16:55 N 30 8.7 9.6 14:15 7.3 3:55 9.6 0.0 0.0 3.4 24.1 12:15 NNW 31 8.1 10.1 12:45 3.4 00:00 10.2 0.0 0.0 4.3 29.0 18:05 N ------------------------------------------------------------------------------------- 9.3 21.3 23 1.3 15 279.1 1.6 22.6 2.7 41.8 7 SSW Max > 32.0: 0 Max < 0.0: 0 Min < 0.0: 0 Min < -18.0: 0 Max Rain: 10.39 ON 07/03/12 Days of Rain: 6 (> .2 mm) 3 (> 2 mm) 0 (> 20 mm) Heat Base: 18.3 Cool Base: 18.3 Method: Integration