NOAA-Style Climate Reports
Select a Year or Month report
2024: jan feb maa apr mei jun jul aug sep okt nov dec
2023: jan feb maa apr mei jun jul aug sep okt nov dec
2022: jan feb maa apr mei jun jul aug sep okt nov dec
2021: jan feb maa apr mei jun jul aug sep okt nov dec
2020: jan feb maa apr mei jun jul aug sep okt nov dec
2019: jan feb maa apr mei jun jul aug sep okt nov dec
2018: jan feb maa apr mei jun jul aug sep okt nov dec
2017: jan feb maa apr mei jun jul aug sep okt nov dec
2016: jan feb maa apr mei jun jul aug sep okt nov dec
2015: jan feb maa apr mei jun jul aug sep okt nov dec
2014: jan feb maa apr mei jun jul aug sep okt nov dec
2013: jan feb maa apr mei jun jul aug sep okt nov dec
2012: jan feb maa apr mei jun jul aug sep okt nov dec
2011: jan feb maa apr mei jun jul aug sep okt nov dec
2010: jan feb maa apr mei jun jul aug sep okt nov dec
2024: jan feb maa apr mei jun jul aug sep okt nov dec
2023: jan feb maa apr mei jun jul aug sep okt nov dec
2022: jan feb maa apr mei jun jul aug sep okt nov dec
2021: jan feb maa apr mei jun jul aug sep okt nov dec
2020: jan feb maa apr mei jun jul aug sep okt nov dec
2019: jan feb maa apr mei jun jul aug sep okt nov dec
2018: jan feb maa apr mei jun jul aug sep okt nov dec
2017: jan feb maa apr mei jun jul aug sep okt nov dec
2016: jan feb maa apr mei jun jul aug sep okt nov dec
2015: jan feb maa apr mei jun jul aug sep okt nov dec
2014: jan feb maa apr mei jun jul aug sep okt nov dec
2013: jan feb maa apr mei jun jul aug sep okt nov dec
2012: jan feb maa apr mei jun jul aug sep okt nov dec
2011: jan feb maa apr mei jun jul aug sep okt nov dec
2010: jan feb maa apr mei jun jul aug sep okt nov dec
Rapport voor 2012 february
Daily noaa report MONTHLY CLIMATOLOGICAL SUMMARY for FEB. 2012 NAME: Ekeren CITY: Antwerp STATE: ELEV: 40 LAT: 051:16:50 LONG: -004:25:14 TEMPERATURE ( °C), RAIN (mm), WIND SPEED (kmh) HEAT COOL AVG MEAN DEG DEG WIND DOM DAY TEMP HIGH TIME LOW TIME DAYS DAYS RAIN SPEED HIGH TIME DIR ---------------------------------------------------------------------------------------------------------------------------------------------------------- 01 -04.5 -00.7 14:52 -07.2 08:22 22.8 00.0 00.0 08.3 33.3 11:34 NE 02 -05.8 -02.6 14:12 -07.9 08:31 24.1 00.0 00.0 07.1 31.5 14:29 NE 03 -07.0 -03.3 13:48 -09.6 07:12 25.3 00.0 00.0 03.1 29.6 16:46 SE 04 -09.0 -04.4 15:00 -12.4 08:57 27.3 00.0 00.8 00.8 14.8 23:38 ESE 05 -06.7 -04.3 15:31 -10.9 01:18 25.0 00.0 00.0 03.2 20.4 09:43 SE 06 -04.5 -00.6 15:07 -08.0 00:00 22.8 00.0 00.4 00.8 11.1 11:38 ESE 07 -07.8 -04.8 21:27 -11.7 08:26 26.1 00.0 00.0 05.3 27.8 15:30 NE 08 -03.3 -00.3 14:19 -05.8 00:00 21.6 00.0 00.2 04.9 27.8 11:37 NE 09 -04.2 -00.2 15:02 -08.3 08:06 22.5 00.0 00.0 01.2 18.5 15:18 NNE 10 -04.8 -01.0 15:04 -07.3 08:29 23.1 00.0 00.0 02.6 16.7 17:09 NE 11 -06.9 -05.2 00:00 -10.8 08:19 25.2 00.0 00.0 04.0 16.7 10:33 NE 12 -03.2 -00.6 23:20 -06.1 09:27 21.5 00.0 00.0 04.4 13.0 18:45 SE 13 02.3 04.7 13:50 -00.6 00:03 16.0 00.0 02.8 01.9 22.2 14:53 WSW 14 04.6 06.2 13:19 03.1 07:11 13.7 00.0 02.2 04.8 31.5 23:41 NNW 15 06.0 07.0 12:09 04.6 09:13 12.3 00.0 08.2 11.1 46.3 15:26 NNW 16 06.3 08.3 13:05 05.2 07:06 12.0 00.0 00.8 03.3 22.2 17:44 WNW 17 07.4 10.9 15:27 05.6 05:13 10.9 00.0 02.2 04.0 20.4 14:22 SW 18 08.0 09.6 12:12 04.1 00:00 10.3 00.0 05.8 10.6 40.7 21:50 SSW 19 03.5 06.0 12:14 01.3 22:02 14.8 00.0 01.2 05.8 37.0 16:11 WNW 20 03.2 06.5 14:03 00.1 08:36 15.1 00.0 00.2 05.8 27.8 22:24 SSW 21 05.4 09.5 15:52 02.2 02:21 12.9 00.0 00.0 10.0 33.3 03:21 SSW 22 06.6 09.3 14:16 03.8 08:13 11.7 00.0 00.4 11.9 42.6 22:26 SSW 23 09.3 12.5 16:52 06.1 03:13 09.0 00.0 00.2 08.0 31.5 01:23 SSW 24 10.5 12.0 15:58 09.0 00:00 07.8 00.0 00.8 05.0 29.6 20:11 WSW 25 07.1 09.9 14:53 04.2 07:08 11.2 00.0 00.0 02.9 24.1 11:37 NW 26 06.0 08.2 13:09 02.6 23:59 12.3 00.0 00.0 01.7 16.7 16:36 NW 27 05.8 09.0 12:11 01.5 02:42 12.5 00.0 00.8 03.9 24.1 15:41 SW 28 09.4 10.6 22:26 07.9 00:10 08.9 00.0 00.0 03.2 20.4 10:34 SW 29 09.5 10.3 00:07 09.0 11:44 08.8 00.0 00.0 02.7 16.7 10:46 SSW ---------------------------------------------------------------------------------------------------------------------------------------------------------- 01.5 (1.5) 12.5 day 23 -12.4 day 04 487.5 000.0 027.0 04.9 46.3 day 22 SW Max < 0: 12 Min < 30: 29 Max < -5: 1 Min < -5: 12 Min < -10: 4 Max Rain: 8.2 ON 15-02-12 Days of Rain: 12 (> .2mm) 5 (> 2mm) 0 (> 20mm)