NOAA-Style Climate Reports
Select a Year or Month report
2024: jan feb maa apr mei jun jul aug sep okt nov dec
2023: jan feb maa apr mei jun jul aug sep okt nov dec
2022: jan feb maa apr mei jun jul aug sep okt nov dec
2021: jan feb maa apr mei jun jul aug sep okt nov dec
2020: jan feb maa apr mei jun jul aug sep okt nov dec
2019: jan feb maa apr mei jun jul aug sep okt nov dec
2018: jan feb maa apr mei jun jul aug sep okt nov dec
2017: jan feb maa apr mei jun jul aug sep okt nov dec
2016: jan feb maa apr mei jun jul aug sep okt nov dec
2015: jan feb maa apr mei jun jul aug sep okt nov dec
2014: jan feb maa apr mei jun jul aug sep okt nov dec
2013: jan feb maa apr mei jun jul aug sep okt nov dec
2012: jan feb maa apr mei jun jul aug sep okt nov dec
2011: jan feb maa apr mei jun jul aug sep okt nov dec
2010: jan feb maa apr mei jun jul aug sep okt nov dec
2024: jan feb maa apr mei jun jul aug sep okt nov dec
2023: jan feb maa apr mei jun jul aug sep okt nov dec
2022: jan feb maa apr mei jun jul aug sep okt nov dec
2021: jan feb maa apr mei jun jul aug sep okt nov dec
2020: jan feb maa apr mei jun jul aug sep okt nov dec
2019: jan feb maa apr mei jun jul aug sep okt nov dec
2018: jan feb maa apr mei jun jul aug sep okt nov dec
2017: jan feb maa apr mei jun jul aug sep okt nov dec
2016: jan feb maa apr mei jun jul aug sep okt nov dec
2015: jan feb maa apr mei jun jul aug sep okt nov dec
2014: jan feb maa apr mei jun jul aug sep okt nov dec
2013: jan feb maa apr mei jun jul aug sep okt nov dec
2012: jan feb maa apr mei jun jul aug sep okt nov dec
2011: jan feb maa apr mei jun jul aug sep okt nov dec
2010: jan feb maa apr mei jun jul aug sep okt nov dec
Rapport voor 2011 november
Daily noaa report MONTHLY CLIMATOLOGICAL SUMMARY for NOV. 2011 NAME: Ekeren CITY: Antwerp STATE: ELEV: 40 LAT: 051:16:50 LONG: -004:25:14 TEMPERATURE ( °C), RAIN (mm), WIND SPEED (kmh) HEAT COOL AVG MEAN DEG DEG WIND DOM DAY TEMP HIGH TIME LOW TIME DAYS DAYS RAIN SPEED HIGH TIME DIR ---------------------------------------------------------------------------------------------------------------------------------------------------------- 01 12.8 17.6 14:29 09.1 06:32 05.5 00.0 06.6 03.9 24.1 13:10 N 02 12.7 15.7 15:34 10.1 07:14 05.6 00.0 00.2 02.8 20.4 22:33 N 03 15.0 17.7 15:36 12.6 05:26 03.3 00.0 00.0 03.4 25.9 22:13 N 04 16.1 19.1 14:44 13.9 18:16 02.2 00.0 00.0 07.0 38.9 03:33 N 05 14.3 17.9 13:48 11.9 23:49 04.0 00.0 00.0 00.1 09.3 13:07 N 06 12.3 13.0 12:53 11.4 00:00 06.0 00.0 00.0 03.9 27.8 10:01 N 07 10.1 11.4 00:01 08.9 23:59 08.2 00.0 00.0 03.3 22.2 01:21 N 08 09.8 12.4 18:06 07.1 02:47 08.5 00.0 00.0 00.8 14.8 08:32 N 12 11.0 16.2 13:44 05.4 08:28 07.3 00.0 00.0 01.3 20.4 12:06 N 13 06.2 07.3 15:14 04.8 05:27 12.1 00.0 00.0 01.4 18.5 23:13 ESE 14 05.5 08.9 16:07 02.7 23:55 12.8 00.0 00.2 00.7 12.9 13:54 ESE 15 03.4 09.2 14:59 -00.2 08:27 14.9 00.0 00.2 00.9 14.8 14:06 ESE 16 02.5 08.3 14:51 -00.9 08:06 15.8 00.0 00.2 00.8 12.9 14:32 SSE 17 06.0 09.5 00:00 01.1 01:15 12.3 00.0 00.0 04.5 20.4 02:11 SSW 18 08.6 11.4 15:34 04.8 00:00 09.7 00.0 00.0 03.0 18.5 14:08 SSW 19 05.9 10.8 14:59 02.4 23:59 12.4 00.0 00.2 00.3 09.3 14:06 S 20 04.3 12.7 14:35 00.2 07:58 14.0 00.0 00.2 00.2 07.4 19:58 ESE 21 02.0 04.5 15:14 00.3 08:55 16.3 00.0 00.0 00.2 09.3 08:47 ESE 22 06.6 13.1 14:29 01.3 00:17 11.7 00.0 00.2 00.1 05.5 14:47 SE 23 10.1 12.3 15:04 07.0 00:42 08.2 00.0 00.0 00.5 12.9 23:41 SW 24 08.4 10.4 17:16 06.1 06:40 09.9 00.0 00.2 06.1 25.9 15:30 SSW 25 08.2 09.4 16:27 07.2 07:09 10.1 00.0 00.0 08.6 37.0 12:43 SSW 26 08.5 11.6 15:18 06.0 07:00 09.8 00.0 00.0 09.0 38.9 20:40 SSW 27 09.7 12.9 14:49 06.9 00:00 08.6 00.0 00.4 09.7 42.5 05:32 SW 28 05.4 10.2 14:19 00.9 09:02 12.9 00.0 00.0 02.4 25.9 19:19 SSW 29 07.9 10.8 00:00 05.3 00:01 10.4 00.0 00.2 10.7 42.5 14:31 SSW 30 08.3 11.3 14:59 05.8 23:54 10.0 00.0 00.0 06.3 29.6 00:27 SSW ---------------------------------------------------------------------------------------------------------------------------------------------------------- 08.6 (8.8) 19.1 day 04 -00.9 day 16 262.6 000.0 008.8 03.4 42.6 day 29 SSW Min < 30: 27 Max Rain: 6.6 ON 1-11-11 Days of Rain: 11 (> .2mm) 1 (> 2mm) 0 (> 20mm)