MONTHLY CLIMATOLOGICAL SUMMARY for SEP. 2023 NAME: Ekeren CITY: Antwerp STATE: Belgium ELEV: 14 LAT: 51:17:80 LONG: -4:25:20 TEMPERATURE ( °C), RAIN (mm), WIND SPEED (kmh) HEAT COOL AVG MEAN DEG DEG WIND DOM DAY TEMP HIGH TIME LOW TIME DAYS DAYS RAIN SPEED HIGH TIME DIR -------------------------------------------------------------------------------------------------------- 01 17.7 22.3 16:30 14.8 06:10 00.6 00.0 09.8 00.2 18.5 16:48 S 02 19.1 23.8 16:57 15.2 07:10 00.0 00.8 00.4 00.1 18.5 16:07 SSE 03 19.1 25.7 17:10 13.6 07:17 00.0 00.8 00.0 00.1 14.8 16:35 NE 04 19.3 27.5 16:03 12.7 07:22 00.0 01.0 00.0 00.1 11.1 15:21 E 05 22.4 31.1 17:42 14.7 07:08 00.0 04.1 00.0 00.1 16.6 13:54 ESE 06 23.4 31.8 16:01 16.4 07:24 00.0 05.1 00.0 00.1 12.9 13:19 ESE 07 22.8 31.4 15:44 14.9 07:41 00.0 04.5 00.0 00.2 20.4 15:57 E 08 23.6 31.3 16:29 17.2 06:28 00.0 05.3 00.0 00.2 16.6 16:51 ESE 09 23.4 31.2 16:31 16.1 07:35 00.0 05.1 00.0 00.0 07.4 13:10 E 10 25.2 32.8 15:23 19.1 07:14 00.0 06.9 00.0 00.1 14.8 17:14 SSE 11 22.9 27.6 14:02 19.2 00:00 00.0 04.6 03.6 00.1 18.5 14:33 WNW 12 20.6 25.1 14:57 18.1 08:10 00.0 02.3 01.0 00.0 11.1 17:24 NW 13 18.5 22.3 13:51 13.7 00:00 00.0 00.2 00.0 00.7 24.1 12:16 NNW 14 16.1 23.3 14:54 10.8 07:12 02.2 00.0 00.2 00.0 07.4 14:56 NNE 15 16.5 24.4 15:30 10.8 07:40 01.8 00.0 00.0 00.0 09.3 14:16 ENE 16 23.3 26.8 14:33 18.9 10:01 00.0 05.0 00.4 00.1 14.8 16:39 ESE 22 16.4 19.8 00:00 11.7 23:52 01.9 00.0 00.2 00.0 07.4 02:47 NNE 23 14.0 20.9 16:45 11.0 00:00 04.3 00.0 00.0 00.0 00.0 00:00 ESE 24 13.6 22.2 15:36 08.2 07:25 04.7 00.0 00.0 00.0 03.7 15:22 ESE -------------------------------------------------------------------------------------------------------- 19.9 (20.5) 32.8 day 10 08.2 day 24 015.4 045.6 038.0 00.1 24.1 day 13 E Max >= 30: 6 Min <= 30: 19 Max Rain: 9.8 ON 1-09-23 Days of Rain: 7 (> .2mm) 2 (> 2mm) 0 (> 20mm)